| Back to Multiple platform build/check report for BioC 3.19: simplified long |
|
This page was generated on 2024-10-18 20:42 -0400 (Fri, 18 Oct 2024).
| Hostname | OS | Arch (*) | R version | Installed pkgs |
|---|---|---|---|---|
| nebbiolo1 | Linux (Ubuntu 22.04.3 LTS) | x86_64 | 4.4.1 (2024-06-14) -- "Race for Your Life" | 4763 |
| palomino7 | Windows Server 2022 Datacenter | x64 | 4.4.1 (2024-06-14 ucrt) -- "Race for Your Life" | 4500 |
| merida1 | macOS 12.7.5 Monterey | x86_64 | 4.4.1 (2024-06-14) -- "Race for Your Life" | 4530 |
| kjohnson1 | macOS 13.6.6 Ventura | arm64 | 4.4.1 (2024-06-14) -- "Race for Your Life" | 4480 |
| Click on any hostname to see more info about the system (e.g. compilers) (*) as reported by 'uname -p', except on Windows and Mac OS X | ||||
| Package 527/2300 | Hostname | OS / Arch | INSTALL | BUILD | CHECK | BUILD BIN | ||||||||
| decoupleR 2.10.0 (landing page) Pau Badia-i-Mompel
| nebbiolo1 | Linux (Ubuntu 22.04.3 LTS) / x86_64 | OK | OK | WARNINGS | |||||||||
| palomino7 | Windows Server 2022 Datacenter / x64 | OK | OK | TIMEOUT | OK | |||||||||
| merida1 | macOS 12.7.5 Monterey / x86_64 | OK | ERROR | skipped | skipped | |||||||||
| kjohnson1 | macOS 13.6.6 Ventura / arm64 | OK | OK | ERROR | OK | |||||||||
|
To the developers/maintainers of the decoupleR package: - Allow up to 24 hours (and sometimes 48 hours) for your latest push to git@git.bioconductor.org:packages/decoupleR.git to reflect on this report. See Troubleshooting Build Report for more information. - Use the following Renviron settings to reproduce errors and warnings. - If 'R CMD check' started to fail recently on the Linux builder(s) over a missing dependency, add the missing dependency to 'Suggests:' in your DESCRIPTION file. See Renviron.bioc for more information. |
| Package: decoupleR |
| Version: 2.10.0 |
| Command: /Library/Frameworks/R.framework/Resources/bin/R CMD check --install=check:decoupleR.install-out.txt --library=/Library/Frameworks/R.framework/Resources/library --no-vignettes --timings decoupleR_2.10.0.tar.gz |
| StartedAt: 2024-10-17 18:56:01 -0400 (Thu, 17 Oct 2024) |
| EndedAt: 2024-10-17 19:27:52 -0400 (Thu, 17 Oct 2024) |
| EllapsedTime: 1910.8 seconds |
| RetCode: 1 |
| Status: ERROR |
| CheckDir: decoupleR.Rcheck |
| Warnings: NA |
##############################################################################
##############################################################################
###
### Running command:
###
### /Library/Frameworks/R.framework/Resources/bin/R CMD check --install=check:decoupleR.install-out.txt --library=/Library/Frameworks/R.framework/Resources/library --no-vignettes --timings decoupleR_2.10.0.tar.gz
###
##############################################################################
##############################################################################
* using log directory ‘/Users/biocbuild/bbs-3.19-bioc/meat/decoupleR.Rcheck’
* using R version 4.4.1 (2024-06-14)
* using platform: aarch64-apple-darwin20
* R was compiled by
Apple clang version 14.0.0 (clang-1400.0.29.202)
GNU Fortran (GCC) 12.2.0
* running under: macOS Ventura 13.6.6
* using session charset: UTF-8
* using option ‘--no-vignettes’
* checking for file ‘decoupleR/DESCRIPTION’ ... OK
* checking extension type ... Package
* this is package ‘decoupleR’ version ‘2.10.0’
* package encoding: UTF-8
* checking package namespace information ... OK
* checking package dependencies ... OK
* checking if this is a source package ... OK
* checking if there is a namespace ... OK
* checking for hidden files and directories ... OK
* checking for portable file names ... OK
* checking for sufficient/correct file permissions ... OK
* checking whether package ‘decoupleR’ can be installed ... OK
* checking installed package size ... OK
* checking package directory ... OK
* checking ‘build’ directory ... OK
* checking DESCRIPTION meta-information ... OK
* checking top-level files ... OK
* checking for left-over files ... OK
* checking index information ... OK
* checking package subdirectories ... OK
* checking code files for non-ASCII characters ... OK
* checking R files for syntax errors ... OK
* checking whether the package can be loaded ... OK
* checking whether the package can be loaded with stated dependencies ... OK
* checking whether the package can be unloaded cleanly ... OK
* checking whether the namespace can be loaded with stated dependencies ... OK
* checking whether the namespace can be unloaded cleanly ... OK
* checking dependencies in R code ... NOTE
[2024-10-17 18:56:43] [TRACE] [OmnipathR] Reading JSON from `/Users/biocbuild/Library/Caches/OmnipathR/cache.json` (encoding: UTF-8).
[2024-10-17 18:56:43] [TRACE] [OmnipathR] JSON validation successful: TRUE
[2024-10-17 18:56:43] [INFO] [OmnipathR] Initialized cache: `/Users/biocbuild/Library/Caches/OmnipathR`.
[2024-10-17 18:56:43] [TRACE] [OmnipathR] Running on a build server, wiping cache.
[2024-10-17 18:56:43] [TRACE] [OmnipathR] Cache is at `/Users/biocbuild/Library/Caches/OmnipathR`.
[2024-10-17 18:56:43] [TRACE] [OmnipathR] Contains 8 files.
[2024-10-17 18:56:43] [TRACE] [OmnipathR] Cache is locked: FALSE.
[2024-10-17 18:56:43] [TRACE] [OmnipathR] Reading JSON from `/Users/biocbuild/Library/Caches/OmnipathR/cache.json` (encoding: UTF-8).
[2024-10-17 18:56:43] [TRACE] [OmnipathR] JSON validation successful: TRUE
[2024-10-17 18:56:43] [SUCCESS] [OmnipathR] Removing all cache contents from `/Users/biocbuild/Library/Caches/OmnipathR`.
[2024-10-17 18:56:43] [TRACE] [OmnipathR] Pandoc version: `3.1.2`.
[2024-10-17 18:56:43] [TRACE] [OmnipathR] Reading JSON from `/Library/Frameworks/R.framework/Versions/4.4-arm64/Resources/library/OmnipathR/db/db_def.json` (encoding: UTF-8).
[2024-10-17 18:56:43] [TRACE] [OmnipathR] JSON validation successful: TRUE
[2024-10-17 18:56:43] [TRACE] [OmnipathR] Reading JSON from `/Library/Frameworks/R.framework/Versions/4.4-arm64/Resources/library/OmnipathR/internal/magic_bytes.json` (encoding: UTF-8).
[2024-10-17 18:56:43] [TRACE] [OmnipathR] JSON validation successful: TRUE
[2024-10-17 18:56:43] [TRACE] [OmnipathR] Reading JSON from `/Library/Frameworks/R.framework/Versions/4.4-arm64/Resources/library/OmnipathR/internal/urls.json` (encoding: UTF-8).
[2024-10-17 18:56:43] [TRACE] [OmnipathR] JSON validation successful: TRUE
[2024-10-17 18:56:43] [TRACE] [OmnipathR] Reading JSON from `/Library/Frameworks/R.framework/Versions/4.4-arm64/Resources/library/OmnipathR/internal/id_types.json` (encoding: UTF-8).
[2024-10-17 18:56:43] [TRACE] [OmnipathR] JSON validation successful: TRUE
[2024-10-17 18:56:43] [TRACE] [OmnipathR] Cache locked: FALSE
* checking S3 generic/method consistency ... OK
* checking replacement functions ... OK
* checking foreign function calls ... OK
* checking R code for possible problems ... OK
* checking Rd files ... OK
* checking Rd metadata ... OK
* checking Rd cross-references ... WARNING
Missing link or links in Rd file 'run_gsva.Rd':
‘GSVA::gsva’ ‘GeneSetCollection’
See section 'Cross-references' in the 'Writing R Extensions' manual.
* checking for missing documentation entries ... OK
* checking for code/documentation mismatches ... OK
* checking Rd \usage sections ... OK
* checking Rd contents ... OK
* checking for unstated dependencies in examples ... OK
* checking files in ‘vignettes’ ... OK
* checking examples ... OK
Examples with CPU (user + system) or elapsed time > 5s
user system elapsed
get_dorothea 426.832 3.669 437.165
get_collectri 109.044 1.286 126.836
run_fgsea 28.177 0.202 28.551
run_aucell 11.658 0.940 12.673
get_progeny 7.654 0.395 8.336
* checking for unstated dependencies in ‘tests’ ... OK
* checking tests ...
Running ‘testthat.R’
ERROR
Running the tests in ‘tests/testthat.R’ failed.
Last 13 lines of output:
[97] 0.29 - 0.49 [97]
... ... ... and 4 more ...
`actual$p_value[104:113]`: 0.98 0.20 0.20 0.22 0.22 0.87 0.87 0.19 0.19 0.18
`expected$p_value[104:113]`: 0.98 0.20 0.20 0.21 0.21 0.94 0.94 0.19 0.19 0.18
`actual$p_value[118:127]`: 0.13 0.11 0.11 0.99 0.99 0.12 0.12 0.16 0.16 0.59
`expected$p_value[118:127]`: 0.13 0.11 0.11 1.00 1.00 0.13 0.13 0.16 0.16 0.59
`actual$p_value[132:139]`: 0.12 0.59 0.59 0.17 0.17 0.20 0.20 0.59
`expected$p_value[132:139]`: 0.12 0.59 0.59 0.18 0.18 0.20 0.20 0.59
[ FAIL 1 | WARN 0 | SKIP 0 | PASS 34 ]
Error: Test failures
Execution halted
* checking for unstated dependencies in vignettes ... OK
* checking package vignettes ... OK
* checking running R code from vignettes ... SKIPPED
* checking re-building of vignette outputs ... SKIPPED
* checking PDF version of manual ... OK
* DONE
Status: 1 ERROR, 1 WARNING, 1 NOTE
See
‘/Users/biocbuild/bbs-3.19-bioc/meat/decoupleR.Rcheck/00check.log’
for details.
decoupleR.Rcheck/00install.out
############################################################################## ############################################################################## ### ### Running command: ### ### /Library/Frameworks/R.framework/Resources/bin/R CMD INSTALL decoupleR ### ############################################################################## ############################################################################## * installing to library ‘/Library/Frameworks/R.framework/Versions/4.4-arm64/Resources/library’ * installing *source* package ‘decoupleR’ ... ** using staged installation ** R ** inst ** byte-compile and prepare package for lazy loading ** help *** installing help indices *** copying figures ** building package indices ** installing vignettes ** testing if installed package can be loaded from temporary location ** testing if installed package can be loaded from final location ** testing if installed package keeps a record of temporary installation path * DONE (decoupleR)
decoupleR.Rcheck/tests/testthat.Rout.fail
R version 4.4.1 (2024-06-14) -- "Race for Your Life"
Copyright (C) 2024 The R Foundation for Statistical Computing
Platform: aarch64-apple-darwin20
R is free software and comes with ABSOLUTELY NO WARRANTY.
You are welcome to redistribute it under certain conditions.
Type 'license()' or 'licence()' for distribution details.
R is a collaborative project with many contributors.
Type 'contributors()' for more information and
'citation()' on how to cite R or R packages in publications.
Type 'demo()' for some demos, 'help()' for on-line help, or
'help.start()' for an HTML browser interface to help.
Type 'q()' to quit R.
> library(testthat)
> library(decoupleR)
>
> test_check("decoupleR")
|
| | 0%
|
|======================================================================| 100%
|
| | 0%
|
|======================================================================| 100%
|
| | 0%
|
|======================================================================| 100%
|
| | 0%
|
|======================================================================| 100%
|
| | 0%
|
|======================================================================| 100%
|
| | 0%
|
|======================================================================| 100%
|
| | 0%
|
|======================================================================| 100%
|
| | 0%
|
|======================================================================| 100%
|
| | 0%
|
|======================================================================| 100%
|
| | 0%
|
|======================================================================| 100%
|
| | 0%
|
|======================================================================| 100%
|
| | 0%
|
|======================================================================| 100%
|
| | 0%
|
|=================================== | 50%
|
|======================================================================| 100%
|
| | 0%
|
|=================================== | 50%
|
|======================================================================| 100%
|
| | 0%
|
|=================================== | 50%
|
|======================================================================| 100%
|
| | 0%
|
|=================================== | 50%
|
|======================================================================| 100%
|
| | 0%
|
|=================================== | 50%
|
|======================================================================| 100%
|
| | 0%
|
|=================================== | 50%
|
|======================================================================| 100%
|
| | 0%
|
|=================================== | 50%
|
|======================================================================| 100%
|
| | 0%
|
|=================================== | 50%
|
|======================================================================| 100%
|
| | 0%
|
|=================================== | 50%
|
|======================================================================| 100%
|
| | 0%
|
|=================================== | 50%
|
|======================================================================| 100%
|
| | 0%
|
|=================================== | 50%
|
|======================================================================| 100%
|
| | 0%
|
|=================================== | 50%
|
|======================================================================| 100%
[2024-10-17 19:08:51] [TRACE] [OmnipathR] Reading JSON from `/Users/biocbuild/Library/Caches/OmnipathR/cache.json` (encoding: UTF-8).
[2024-10-17 19:08:51] [TRACE] [OmnipathR] JSON validation successful: TRUE
[2024-10-17 19:08:51] [INFO] [OmnipathR] Initialized cache: `/Users/biocbuild/Library/Caches/OmnipathR`.
[2024-10-17 19:08:51] [TRACE] [OmnipathR] Running on a build server, wiping cache.
[2024-10-17 19:08:51] [TRACE] [OmnipathR] Cache is at `/Users/biocbuild/Library/Caches/OmnipathR`.
[2024-10-17 19:08:51] [TRACE] [OmnipathR] Contains 8 files.
[2024-10-17 19:08:51] [TRACE] [OmnipathR] Cache is locked: FALSE.
[2024-10-17 19:08:51] [TRACE] [OmnipathR] Reading JSON from `/Users/biocbuild/Library/Caches/OmnipathR/cache.json` (encoding: UTF-8).
[2024-10-17 19:08:51] [TRACE] [OmnipathR] JSON validation successful: TRUE
[2024-10-17 19:08:51] [SUCCESS] [OmnipathR] Removing all cache contents from `/Users/biocbuild/Library/Caches/OmnipathR`.
[2024-10-17 19:08:52] [TRACE] [OmnipathR] Pandoc version: `3.1.2`.
[2024-10-17 19:08:52] [TRACE] [OmnipathR] Reading JSON from `/Library/Frameworks/R.framework/Versions/4.4-arm64/Resources/library/OmnipathR/db/db_def.json` (encoding: UTF-8).
[2024-10-17 19:08:52] [TRACE] [OmnipathR] JSON validation successful: TRUE
[2024-10-17 19:08:52] [TRACE] [OmnipathR] Reading JSON from `/Library/Frameworks/R.framework/Versions/4.4-arm64/Resources/library/OmnipathR/internal/magic_bytes.json` (encoding: UTF-8).
[2024-10-17 19:08:52] [TRACE] [OmnipathR] JSON validation successful: TRUE
[2024-10-17 19:08:52] [TRACE] [OmnipathR] Reading JSON from `/Library/Frameworks/R.framework/Versions/4.4-arm64/Resources/library/OmnipathR/internal/urls.json` (encoding: UTF-8).
[2024-10-17 19:08:52] [TRACE] [OmnipathR] JSON validation successful: TRUE
[2024-10-17 19:08:52] [TRACE] [OmnipathR] Reading JSON from `/Library/Frameworks/R.framework/Versions/4.4-arm64/Resources/library/OmnipathR/internal/id_types.json` (encoding: UTF-8).
[2024-10-17 19:08:52] [TRACE] [OmnipathR] JSON validation successful: TRUE
[2024-10-17 19:08:52] [TRACE] [OmnipathR] Cache locked: FALSE
[2024-10-17 19:08:52] [TRACE] [OmnipathR] Reading JSON from `https://omnipathdb.org/resources` (encoding: UTF-8).
[2024-10-17 19:08:52] [TRACE] [OmnipathR] JSON validation successful: TRUE
[2024-10-17 19:08:52] [TRACE] [OmnipathR] Reading JSON from `https://omnipathdb.org/resources` (encoding: UTF-8).
[2024-10-17 19:08:52] [TRACE] [OmnipathR] JSON validation successful: TRUE
[2024-10-17 19:08:52] [INFO] [OmnipathR] Loading database `Ensembl and OMA organism names`.
[2024-10-17 19:08:52] [TRACE] [OmnipathR] Reading JSON from `/Users/biocbuild/Library/Caches/OmnipathR/cache.json` (encoding: UTF-8).
[2024-10-17 19:08:52] [TRACE] [OmnipathR] JSON validation successful: TRUE
[2024-10-17 19:08:52] [INFO] [OmnipathR] Looking up in cache `https://www.ensembl.org/info/about/species.html`: key=7332486db7400730697234bad76ca0c8e4d00799, no version available.
[2024-10-17 19:08:52] [TRACE] [OmnipathR] Reading JSON from `/Users/biocbuild/Library/Caches/OmnipathR/cache.json` (encoding: UTF-8).
[2024-10-17 19:08:52] [TRACE] [OmnipathR] JSON validation successful: TRUE
[2024-10-17 19:08:52] [INFO] [OmnipathR] Created new version for cache record 7332486db7400730697234bad76ca0c8e4d00799: version 1.
[2024-10-17 19:08:52] [TRACE] [OmnipathR] Cache file path: /Users/biocbuild/Library/Caches/OmnipathR/7332486db7400730697234bad76ca0c8e4d00799-1.html
[2024-10-17 19:08:52] [INFO] [OmnipathR] Retrieving URL: `https://www.ensembl.org/info/about/species.html`
[2024-10-17 19:08:52] [TRACE] [OmnipathR] Attempt 1/3: `https://www.ensembl.org/info/about/species.html`
[2024-10-17 19:08:53] [TRACE] [OmnipathR] HTTP 200
[2024-10-17 19:08:53] [INFO] [OmnipathR] Download ready [key=7332486db7400730697234bad76ca0c8e4d00799, version=1]
[2024-10-17 19:08:53] [TRACE] [OmnipathR] Reading JSON from `/Users/biocbuild/Library/Caches/OmnipathR/cache.json` (encoding: UTF-8).
[2024-10-17 19:08:53] [TRACE] [OmnipathR] JSON validation successful: TRUE
[2024-10-17 19:08:53] [INFO] [OmnipathR] Cache item `7332486db7400730697234bad76ca0c8e4d00799` version 1: status changed from `unknown` to `ready`.
[2024-10-17 19:08:53] [TRACE] [OmnipathR] Looking up in cache: `https://omabrowser.org/All/oma-species.txt`.
[2024-10-17 19:08:53] [INFO] [OmnipathR] Cache record does not exist: `https://omabrowser.org/All/oma-species.txt`
[2024-10-17 19:08:53] [TRACE] [OmnipathR] Could not find in cache, initiating download: `https://omabrowser.org/All/oma-species.txt`.
[2024-10-17 19:08:53] [TRACE] [OmnipathR] Reading JSON from `/Users/biocbuild/Library/Caches/OmnipathR/cache.json` (encoding: UTF-8).
[2024-10-17 19:08:53] [TRACE] [OmnipathR] JSON validation successful: TRUE
[2024-10-17 19:08:53] [TRACE] [OmnipathR] Reading JSON from `/Users/biocbuild/Library/Caches/OmnipathR/cache.json` (encoding: UTF-8).
[2024-10-17 19:08:53] [TRACE] [OmnipathR] JSON validation successful: TRUE
[2024-10-17 19:08:53] [INFO] [OmnipathR] Cache item `30e690cbb55dfc63b5903ab337f34ffc2f4be397` version 1: status changed from `unknown` to `started`.
[2024-10-17 19:08:53] [TRACE] [OmnipathR] Exporting object to RDS: `/Users/biocbuild/Library/Caches/OmnipathR/30e690cbb55dfc63b5903ab337f34ffc2f4be397-1.rds`.
[2024-10-17 19:08:53] [INFO] [OmnipathR] Retrieving URL: `https://omabrowser.org/All/oma-species.txt`
[2024-10-17 19:08:53] [TRACE] [OmnipathR] Attempt 1/3: `https://omabrowser.org/All/oma-species.txt`
[2024-10-17 19:08:54] [TRACE] [OmnipathR] Exported RDS to `/Users/biocbuild/Library/Caches/OmnipathR/30e690cbb55dfc63b5903ab337f34ffc2f4be397-1.rds`.
[2024-10-17 19:08:54] [INFO] [OmnipathR] Download ready [key=30e690cbb55dfc63b5903ab337f34ffc2f4be397, version=1]
[2024-10-17 19:08:54] [TRACE] [OmnipathR] Reading JSON from `/Users/biocbuild/Library/Caches/OmnipathR/cache.json` (encoding: UTF-8).
[2024-10-17 19:08:54] [TRACE] [OmnipathR] JSON validation successful: TRUE
[2024-10-17 19:08:54] [INFO] [OmnipathR] Cache item `30e690cbb55dfc63b5903ab337f34ffc2f4be397` version 1: status changed from `started` to `ready`.
[2024-10-17 19:08:54] [INFO] [OmnipathR] Loaded database `Ensembl and OMA organism names`.
[2024-10-17 19:08:54] [TRACE] [OmnipathR] Reading JSON from `https://omnipathdb.org/resources` (encoding: UTF-8).
[2024-10-17 19:08:54] [TRACE] [OmnipathR] JSON validation successful: TRUE
[2024-10-17 19:08:54] [TRACE] [OmnipathR] Looking up in cache: `https://omnipathdb.org/annotations?resources=TFcensus&license=academic`
[2024-10-17 19:08:54] [INFO] [OmnipathR] Cache record does not exist: `https://omnipathdb.org/annotations?resources=TFcensus&license=academic`
[2024-10-17 19:08:54] [TRACE] [OmnipathR] Looking up in cache: `http://no-tls.omnipathdb.org/annotations?resources=TFcensus&license=academic`
[2024-10-17 19:08:54] [INFO] [OmnipathR] Cache record does not exist: `http://no-tls.omnipathdb.org/annotations?resources=TFcensus&license=academic`
[2024-10-17 19:08:54] [TRACE] [OmnipathR] Attempting `https://omnipathdb.org/annotations?resources=TFcensus&license=academic`
[2024-10-17 19:08:54] [INFO] [OmnipathR] Retrieving URL: `https://omnipathdb.org/annotations?resources=TFcensus&license=academic`
[2024-10-17 19:08:54] [TRACE] [OmnipathR] Attempt 1/3: `https://omnipathdb.org/annotations?resources=TFcensus&license=academic`
[2024-10-17 19:08:54] [INFO] [OmnipathR] Successfully retrieved: `https://omnipathdb.org/annotations?resources=TFcensus&license=academic`
[2024-10-17 19:08:54] [TRACE] [OmnipathR] Reading JSON from `/Users/biocbuild/Library/Caches/OmnipathR/cache.json` (encoding: UTF-8).
[2024-10-17 19:08:54] [TRACE] [OmnipathR] JSON validation successful: TRUE
[2024-10-17 19:08:54] [TRACE] [OmnipathR] Reading JSON from `/Users/biocbuild/Library/Caches/OmnipathR/cache.json` (encoding: UTF-8).
[2024-10-17 19:08:54] [TRACE] [OmnipathR] JSON validation successful: TRUE
[2024-10-17 19:08:54] [INFO] [OmnipathR] Cache item `6f000d9b5edd9832b1c28754d1c3d9449c1c7490` version 1: status changed from `unknown` to `started`.
[2024-10-17 19:08:54] [TRACE] [OmnipathR] Exporting object to RDS: `/Users/biocbuild/Library/Caches/OmnipathR/6f000d9b5edd9832b1c28754d1c3d9449c1c7490-1.rds`.
[2024-10-17 19:08:54] [TRACE] [OmnipathR] Exported RDS to `/Users/biocbuild/Library/Caches/OmnipathR/6f000d9b5edd9832b1c28754d1c3d9449c1c7490-1.rds`.
[2024-10-17 19:08:54] [INFO] [OmnipathR] Download ready [key=6f000d9b5edd9832b1c28754d1c3d9449c1c7490, version=1]
[2024-10-17 19:08:54] [TRACE] [OmnipathR] Reading JSON from `/Users/biocbuild/Library/Caches/OmnipathR/cache.json` (encoding: UTF-8).
[2024-10-17 19:08:54] [TRACE] [OmnipathR] JSON validation successful: TRUE
[2024-10-17 19:08:54] [INFO] [OmnipathR] Cache item `6f000d9b5edd9832b1c28754d1c3d9449c1c7490` version 1: status changed from `started` to `ready`.
[2024-10-17 19:08:54] [SUCCESS] [OmnipathR] Downloaded 3099 annotation records.
[2024-10-17 19:08:54] [TRACE] [OmnipathR] Reading JSON from `https://omnipathdb.org/resources` (encoding: UTF-8).
[2024-10-17 19:08:54] [TRACE] [OmnipathR] JSON validation successful: TRUE
[2024-10-17 19:08:54] [TRACE] [OmnipathR] Reading JSON from `https://omnipathdb.org/resources` (encoding: UTF-8).
[2024-10-17 19:08:54] [TRACE] [OmnipathR] JSON validation successful: TRUE
[2024-10-17 19:08:55] [TRACE] [OmnipathR] Looking up in cache: `https://omnipathdb.org/annotations?resources=PROGENy&license=academic`
[2024-10-17 19:08:55] [INFO] [OmnipathR] Cache record does not exist: `https://omnipathdb.org/annotations?resources=PROGENy&license=academic`
[2024-10-17 19:08:55] [TRACE] [OmnipathR] Looking up in cache: `http://no-tls.omnipathdb.org/annotations?resources=PROGENy&license=academic`
[2024-10-17 19:08:55] [INFO] [OmnipathR] Cache record does not exist: `http://no-tls.omnipathdb.org/annotations?resources=PROGENy&license=academic`
[2024-10-17 19:08:55] [TRACE] [OmnipathR] Attempting `https://omnipathdb.org/annotations?resources=PROGENy&license=academic`
[2024-10-17 19:08:55] [INFO] [OmnipathR] Retrieving URL: `https://omnipathdb.org/annotations?resources=PROGENy&license=academic`
[2024-10-17 19:08:55] [TRACE] [OmnipathR] Attempt 1/3: `https://omnipathdb.org/annotations?resources=PROGENy&license=academic`
[2024-10-17 19:08:57] [INFO] [OmnipathR] Successfully retrieved: `https://omnipathdb.org/annotations?resources=PROGENy&license=academic`
[2024-10-17 19:08:57] [TRACE] [OmnipathR] Reading JSON from `/Users/biocbuild/Library/Caches/OmnipathR/cache.json` (encoding: UTF-8).
[2024-10-17 19:08:57] [TRACE] [OmnipathR] JSON validation successful: TRUE
[2024-10-17 19:08:57] [TRACE] [OmnipathR] Reading JSON from `/Users/biocbuild/Library/Caches/OmnipathR/cache.json` (encoding: UTF-8).
[2024-10-17 19:08:57] [TRACE] [OmnipathR] JSON validation successful: TRUE
[2024-10-17 19:08:57] [INFO] [OmnipathR] Cache item `3492392585ba05414edfae46801492076437d7e7` version 1: status changed from `unknown` to `started`.
[2024-10-17 19:08:57] [TRACE] [OmnipathR] Exporting object to RDS: `/Users/biocbuild/Library/Caches/OmnipathR/3492392585ba05414edfae46801492076437d7e7-1.rds`.
[2024-10-17 19:09:01] [TRACE] [OmnipathR] Exported RDS to `/Users/biocbuild/Library/Caches/OmnipathR/3492392585ba05414edfae46801492076437d7e7-1.rds`.
[2024-10-17 19:09:01] [INFO] [OmnipathR] Download ready [key=3492392585ba05414edfae46801492076437d7e7, version=1]
[2024-10-17 19:09:01] [TRACE] [OmnipathR] Reading JSON from `/Users/biocbuild/Library/Caches/OmnipathR/cache.json` (encoding: UTF-8).
[2024-10-17 19:09:01] [TRACE] [OmnipathR] JSON validation successful: TRUE
[2024-10-17 19:09:01] [INFO] [OmnipathR] Cache item `3492392585ba05414edfae46801492076437d7e7` version 1: status changed from `started` to `ready`.
[2024-10-17 19:09:01] [SUCCESS] [OmnipathR] Downloaded 700239 annotation records.
[2024-10-17 19:09:05] [TRACE] [OmnipathR] Reading JSON from `https://omnipathdb.org/resources` (encoding: UTF-8).
[2024-10-17 19:09:05] [TRACE] [OmnipathR] JSON validation successful: TRUE
[2024-10-17 19:09:05] [TRACE] [OmnipathR] Reading JSON from `https://omnipathdb.org/resources` (encoding: UTF-8).
[2024-10-17 19:09:05] [TRACE] [OmnipathR] JSON validation successful: TRUE
[2024-10-17 19:09:05] [TRACE] [OmnipathR] Looking up in cache: `https://omnipathdb.org/annotations?resources=PROGENy&license=academic`
[2024-10-17 19:09:07] [TRACE] [OmnipathR] Loaded data from RDS `/Users/biocbuild/Library/Caches/OmnipathR/3492392585ba05414edfae46801492076437d7e7-1.rds`.
[2024-10-17 19:09:07] [INFO] [OmnipathR] Loaded from cache: `https://omnipathdb.org/annotations?resources=PROGENy&license=academic`
[2024-10-17 19:09:07] [SUCCESS] [OmnipathR] Loaded 700239 annotation records from cache.
[2024-10-17 19:09:10] [INFO] [OmnipathR] Loading database `Orthologous Matrix (OMA) gene pairs`.
[2024-10-17 19:09:10] [TRACE] [OmnipathR] Looking up in cache: `https://omabrowser.org/All/oma-species.txt`.
[2024-10-17 19:09:10] [TRACE] [OmnipathR] Loaded data from RDS `/Users/biocbuild/Library/Caches/OmnipathR/30e690cbb55dfc63b5903ab337f34ffc2f4be397-1.rds`.
[2024-10-17 19:09:10] [TRACE] [OmnipathR] Looking up in cache: `https://omabrowser.org/All/oma-species.txt`.
[2024-10-17 19:09:10] [TRACE] [OmnipathR] Loaded data from RDS `/Users/biocbuild/Library/Caches/OmnipathR/30e690cbb55dfc63b5903ab337f34ffc2f4be397-1.rds`.
[2024-10-17 19:09:10] [TRACE] [OmnipathR] Looking up in cache: `https://omabrowser.org/api/pairs/HUMAN/MOUSE/?format=tsv&xrefs=UniProtKB%2FSwissProt&per_page=2000000`.
[2024-10-17 19:09:10] [INFO] [OmnipathR] Cache record does not exist: `https://omabrowser.org/api/pairs/HUMAN/MOUSE/?format=tsv&xrefs=UniProtKB%2FSwissProt&per_page=2000000`
[2024-10-17 19:09:10] [TRACE] [OmnipathR] Could not find in cache, initiating download: `https://omabrowser.org/api/pairs/HUMAN/MOUSE/?format=tsv&xrefs=UniProtKB%2FSwissProt&per_page=2000000`.
[2024-10-17 19:09:10] [TRACE] [OmnipathR] Reading JSON from `/Users/biocbuild/Library/Caches/OmnipathR/cache.json` (encoding: UTF-8).
[2024-10-17 19:09:10] [TRACE] [OmnipathR] JSON validation successful: TRUE
[2024-10-17 19:09:10] [TRACE] [OmnipathR] Reading JSON from `/Users/biocbuild/Library/Caches/OmnipathR/cache.json` (encoding: UTF-8).
[2024-10-17 19:09:10] [TRACE] [OmnipathR] JSON validation successful: TRUE
[2024-10-17 19:09:10] [INFO] [OmnipathR] Cache item `8f45b25c384d814c7de210e7ca40b7e35894e4f1` version 1: status changed from `unknown` to `started`.
[2024-10-17 19:09:10] [TRACE] [OmnipathR] Exporting object to RDS: `/Users/biocbuild/Library/Caches/OmnipathR/8f45b25c384d814c7de210e7ca40b7e35894e4f1-1.rds`.
[2024-10-17 19:09:10] [INFO] [OmnipathR] Retrieving URL: `https://omabrowser.org/api/pairs/HUMAN/MOUSE/?format=tsv&xrefs=UniProtKB%2FSwissProt&per_page=2000000`
[2024-10-17 19:09:10] [TRACE] [OmnipathR] Attempt 1/3: `https://omabrowser.org/api/pairs/HUMAN/MOUSE/?format=tsv&xrefs=UniProtKB%2FSwissProt&per_page=2000000`
[2024-10-17 19:09:37] [TRACE] [OmnipathR] Exported RDS to `/Users/biocbuild/Library/Caches/OmnipathR/8f45b25c384d814c7de210e7ca40b7e35894e4f1-1.rds`.
[2024-10-17 19:09:37] [INFO] [OmnipathR] Download ready [key=8f45b25c384d814c7de210e7ca40b7e35894e4f1, version=1]
[2024-10-17 19:09:37] [TRACE] [OmnipathR] Reading JSON from `/Users/biocbuild/Library/Caches/OmnipathR/cache.json` (encoding: UTF-8).
[2024-10-17 19:09:37] [TRACE] [OmnipathR] JSON validation successful: TRUE
[2024-10-17 19:09:37] [INFO] [OmnipathR] Cache item `8f45b25c384d814c7de210e7ca40b7e35894e4f1` version 1: status changed from `started` to `ready`.
[2024-10-17 19:09:37] [TRACE] [OmnipathR] ID translation table: from `uniprot_entry` to `uniprot`, using `uniprot`.
[2024-10-17 19:09:38] [TRACE] [OmnipathR] Creating ID mapping table from `id` to `accession`, for organism 9606 (only reviewed: TRUE)
[2024-10-17 19:09:38] [TRACE] [OmnipathR] Loading all UniProt records for organism 9606 (only reviewed: TRUE); fields: id,accession
[2024-10-17 19:09:38] [TRACE] [OmnipathR] Looking up in cache: `https://rest.uniprot.org/uniprotkb/stream?format=tsv&fields=id,accession&query=organism_id:9606%20AND%20reviewed:true`.
[2024-10-17 19:09:38] [INFO] [OmnipathR] Cache record does not exist: `https://rest.uniprot.org/uniprotkb/stream?format=tsv&fields=id,accession&query=organism_id:9606%20AND%20reviewed:true`
[2024-10-17 19:09:38] [TRACE] [OmnipathR] Could not find in cache, initiating download: `https://rest.uniprot.org/uniprotkb/stream?format=tsv&fields=id,accession&query=organism_id:9606%20AND%20reviewed:true`.
[2024-10-17 19:09:38] [TRACE] [OmnipathR] Reading JSON from `/Users/biocbuild/Library/Caches/OmnipathR/cache.json` (encoding: UTF-8).
[2024-10-17 19:09:38] [TRACE] [OmnipathR] JSON validation successful: TRUE
[2024-10-17 19:09:38] [TRACE] [OmnipathR] Reading JSON from `/Users/biocbuild/Library/Caches/OmnipathR/cache.json` (encoding: UTF-8).
[2024-10-17 19:09:38] [TRACE] [OmnipathR] JSON validation successful: TRUE
[2024-10-17 19:09:38] [INFO] [OmnipathR] Cache item `6558a1824894a625b8e3f80538cd3aa6e8a44379` version 1: status changed from `unknown` to `started`.
[2024-10-17 19:09:38] [TRACE] [OmnipathR] Exporting object to RDS: `/Users/biocbuild/Library/Caches/OmnipathR/6558a1824894a625b8e3f80538cd3aa6e8a44379-1.rds`.
[2024-10-17 19:09:38] [INFO] [OmnipathR] Retrieving URL: `https://rest.uniprot.org/uniprotkb/stream?format=tsv&fields=id,accession&query=organism_id:9606%20AND%20reviewed:true`
[2024-10-17 19:09:38] [TRACE] [OmnipathR] Attempt 1/3: `https://rest.uniprot.org/uniprotkb/stream?format=tsv&fields=id,accession&query=organism_id:9606%20AND%20reviewed:true`
[2024-10-17 19:09:54] [TRACE] [OmnipathR] Exported RDS to `/Users/biocbuild/Library/Caches/OmnipathR/6558a1824894a625b8e3f80538cd3aa6e8a44379-1.rds`.
[2024-10-17 19:09:54] [INFO] [OmnipathR] Download ready [key=6558a1824894a625b8e3f80538cd3aa6e8a44379, version=1]
[2024-10-17 19:09:54] [TRACE] [OmnipathR] Reading JSON from `/Users/biocbuild/Library/Caches/OmnipathR/cache.json` (encoding: UTF-8).
[2024-10-17 19:09:54] [TRACE] [OmnipathR] JSON validation successful: TRUE
[2024-10-17 19:09:54] [INFO] [OmnipathR] Cache item `6558a1824894a625b8e3f80538cd3aa6e8a44379` version 1: status changed from `started` to `ready`.
[2024-10-17 19:09:54] [SUCCESS] [OmnipathR] UniProt (rest.uniprot.org): downloaded 20428 records
[2024-10-17 19:09:55] [TRACE] [OmnipathR] ID translation table: from `uniprot_entry` to `uniprot`, using `uniprot`.
[2024-10-17 19:09:55] [TRACE] [OmnipathR] Creating ID mapping table from `id` to `accession`, for organism 10090 (only reviewed: TRUE)
[2024-10-17 19:09:55] [TRACE] [OmnipathR] Loading all UniProt records for organism 10090 (only reviewed: TRUE); fields: id,accession
[2024-10-17 19:09:55] [TRACE] [OmnipathR] Looking up in cache: `https://rest.uniprot.org/uniprotkb/stream?format=tsv&fields=id,accession&query=organism_id:10090%20AND%20reviewed:true`.
[2024-10-17 19:09:55] [INFO] [OmnipathR] Cache record does not exist: `https://rest.uniprot.org/uniprotkb/stream?format=tsv&fields=id,accession&query=organism_id:10090%20AND%20reviewed:true`
[2024-10-17 19:09:55] [TRACE] [OmnipathR] Could not find in cache, initiating download: `https://rest.uniprot.org/uniprotkb/stream?format=tsv&fields=id,accession&query=organism_id:10090%20AND%20reviewed:true`.
[2024-10-17 19:09:55] [TRACE] [OmnipathR] Reading JSON from `/Users/biocbuild/Library/Caches/OmnipathR/cache.json` (encoding: UTF-8).
[2024-10-17 19:09:55] [TRACE] [OmnipathR] JSON validation successful: TRUE
[2024-10-17 19:09:55] [TRACE] [OmnipathR] Reading JSON from `/Users/biocbuild/Library/Caches/OmnipathR/cache.json` (encoding: UTF-8).
[2024-10-17 19:09:55] [TRACE] [OmnipathR] JSON validation successful: TRUE
[2024-10-17 19:09:55] [INFO] [OmnipathR] Cache item `43ea5f2cdaa9ac7e0e114371af97235cdddd776f` version 1: status changed from `unknown` to `started`.
[2024-10-17 19:09:55] [TRACE] [OmnipathR] Exporting object to RDS: `/Users/biocbuild/Library/Caches/OmnipathR/43ea5f2cdaa9ac7e0e114371af97235cdddd776f-1.rds`.
[2024-10-17 19:09:55] [INFO] [OmnipathR] Retrieving URL: `https://rest.uniprot.org/uniprotkb/stream?format=tsv&fields=id,accession&query=organism_id:10090%20AND%20reviewed:true`
[2024-10-17 19:09:55] [TRACE] [OmnipathR] Attempt 1/3: `https://rest.uniprot.org/uniprotkb/stream?format=tsv&fields=id,accession&query=organism_id:10090%20AND%20reviewed:true`
[2024-10-17 19:10:05] [TRACE] [OmnipathR] Exported RDS to `/Users/biocbuild/Library/Caches/OmnipathR/43ea5f2cdaa9ac7e0e114371af97235cdddd776f-1.rds`.
[2024-10-17 19:10:05] [INFO] [OmnipathR] Download ready [key=43ea5f2cdaa9ac7e0e114371af97235cdddd776f, version=1]
[2024-10-17 19:10:05] [TRACE] [OmnipathR] Reading JSON from `/Users/biocbuild/Library/Caches/OmnipathR/cache.json` (encoding: UTF-8).
[2024-10-17 19:10:05] [TRACE] [OmnipathR] JSON validation successful: TRUE
[2024-10-17 19:10:05] [INFO] [OmnipathR] Cache item `43ea5f2cdaa9ac7e0e114371af97235cdddd776f` version 1: status changed from `started` to `ready`.
[2024-10-17 19:10:05] [SUCCESS] [OmnipathR] UniProt (rest.uniprot.org): downloaded 17221 records
[2024-10-17 19:10:06] [INFO] [OmnipathR] Loaded database `Orthologous Matrix (OMA) gene pairs`.
[2024-10-17 19:10:06] [TRACE] [OmnipathR] ID translation table: from `uniprot` to `genesymbol`, using `uniprot`.
[2024-10-17 19:10:06] [TRACE] [OmnipathR] Creating ID mapping table from `accession` to `gene_primary`, for organism 10090 (only reviewed: TRUE)
[2024-10-17 19:10:06] [TRACE] [OmnipathR] Loading all UniProt records for organism 10090 (only reviewed: TRUE); fields: accession,gene_primary
[2024-10-17 19:10:06] [TRACE] [OmnipathR] Looking up in cache: `https://rest.uniprot.org/uniprotkb/stream?format=tsv&fields=accession,gene_primary&query=organism_id:10090%20AND%20reviewed:true`.
[2024-10-17 19:10:06] [INFO] [OmnipathR] Cache record does not exist: `https://rest.uniprot.org/uniprotkb/stream?format=tsv&fields=accession,gene_primary&query=organism_id:10090%20AND%20reviewed:true`
[2024-10-17 19:10:06] [TRACE] [OmnipathR] Could not find in cache, initiating download: `https://rest.uniprot.org/uniprotkb/stream?format=tsv&fields=accession,gene_primary&query=organism_id:10090%20AND%20reviewed:true`.
[2024-10-17 19:10:06] [TRACE] [OmnipathR] Reading JSON from `/Users/biocbuild/Library/Caches/OmnipathR/cache.json` (encoding: UTF-8).
[2024-10-17 19:10:06] [TRACE] [OmnipathR] JSON validation successful: TRUE
[2024-10-17 19:10:06] [TRACE] [OmnipathR] Reading JSON from `/Users/biocbuild/Library/Caches/OmnipathR/cache.json` (encoding: UTF-8).
[2024-10-17 19:10:06] [TRACE] [OmnipathR] JSON validation successful: TRUE
[2024-10-17 19:10:06] [INFO] [OmnipathR] Cache item `3ec84ba713c02573704adb50f1a94dab684df34b` version 1: status changed from `unknown` to `started`.
[2024-10-17 19:10:06] [TRACE] [OmnipathR] Exporting object to RDS: `/Users/biocbuild/Library/Caches/OmnipathR/3ec84ba713c02573704adb50f1a94dab684df34b-1.rds`.
[2024-10-17 19:10:06] [INFO] [OmnipathR] Retrieving URL: `https://rest.uniprot.org/uniprotkb/stream?format=tsv&fields=accession,gene_primary&query=organism_id:10090%20AND%20reviewed:true`
[2024-10-17 19:10:06] [TRACE] [OmnipathR] Attempt 1/3: `https://rest.uniprot.org/uniprotkb/stream?format=tsv&fields=accession,gene_primary&query=organism_id:10090%20AND%20reviewed:true`
[2024-10-17 19:10:17] [TRACE] [OmnipathR] Exported RDS to `/Users/biocbuild/Library/Caches/OmnipathR/3ec84ba713c02573704adb50f1a94dab684df34b-1.rds`.
[2024-10-17 19:10:17] [INFO] [OmnipathR] Download ready [key=3ec84ba713c02573704adb50f1a94dab684df34b, version=1]
[2024-10-17 19:10:17] [TRACE] [OmnipathR] Reading JSON from `/Users/biocbuild/Library/Caches/OmnipathR/cache.json` (encoding: UTF-8).
[2024-10-17 19:10:17] [TRACE] [OmnipathR] JSON validation successful: TRUE
[2024-10-17 19:10:17] [INFO] [OmnipathR] Cache item `3ec84ba713c02573704adb50f1a94dab684df34b` version 1: status changed from `started` to `ready`.
[2024-10-17 19:10:17] [SUCCESS] [OmnipathR] UniProt (rest.uniprot.org): downloaded 17221 records
[2024-10-17 19:10:18] [TRACE] [OmnipathR] Looking up in cache: `https://omnipathdb.org/interactions?genesymbols=yes&datasets=dorothea&organisms=9606&dorothea_levels=A,B,C,D&fields=evidences,sources,references,curation_effort,dorothea_level&license=academic`
[2024-10-17 19:10:18] [INFO] [OmnipathR] Cache record does not exist: `https://omnipathdb.org/interactions?genesymbols=yes&datasets=dorothea&organisms=9606&dorothea_levels=A,B,C,D&fields=evidences,sources,references,curation_effort,dorothea_level&license=academic`
[2024-10-17 19:10:18] [TRACE] [OmnipathR] Looking up in cache: `http://no-tls.omnipathdb.org/interactions?genesymbols=yes&datasets=dorothea&organisms=9606&dorothea_levels=A,B,C,D&fields=evidences,sources,references,curation_effort,dorothea_level&license=academic`
[2024-10-17 19:10:18] [INFO] [OmnipathR] Cache record does not exist: `http://no-tls.omnipathdb.org/interactions?genesymbols=yes&datasets=dorothea&organisms=9606&dorothea_levels=A,B,C,D&fields=evidences,sources,references,curation_effort,dorothea_level&license=academic`
[2024-10-17 19:10:18] [TRACE] [OmnipathR] Attempting `https://omnipathdb.org/interactions?genesymbols=yes&datasets=dorothea&organisms=9606&dorothea_levels=A,B,C,D&fields=evidences,sources,references,curation_effort,dorothea_level&license=academic`
[2024-10-17 19:10:18] [INFO] [OmnipathR] Retrieving URL: `https://omnipathdb.org/interactions?genesymbols=yes&datasets=dorothea&organisms=9606&dorothea_levels=A,B,C,D&fields=evidences,sources,references,curation_effort,dorothea_level&license=academic`
[2024-10-17 19:10:18] [TRACE] [OmnipathR] Attempt 1/3: `https://omnipathdb.org/interactions?genesymbols=yes&datasets=dorothea&organisms=9606&dorothea_levels=A,B,C,D&fields=evidences,sources,references,curation_effort,dorothea_level&license=academic`
[2024-10-17 19:10:26] [INFO] [OmnipathR] Successfully retrieved: `https://omnipathdb.org/interactions?genesymbols=yes&datasets=dorothea&organisms=9606&dorothea_levels=A,B,C,D&fields=evidences,sources,references,curation_effort,dorothea_level&license=academic`
[2024-10-17 19:10:26] [TRACE] [OmnipathR] Reading JSON from `/Users/biocbuild/Library/Caches/OmnipathR/cache.json` (encoding: UTF-8).
[2024-10-17 19:10:26] [TRACE] [OmnipathR] JSON validation successful: TRUE
[2024-10-17 19:10:26] [TRACE] [OmnipathR] Reading JSON from `/Users/biocbuild/Library/Caches/OmnipathR/cache.json` (encoding: UTF-8).
[2024-10-17 19:10:26] [TRACE] [OmnipathR] JSON validation successful: TRUE
[2024-10-17 19:10:26] [INFO] [OmnipathR] Cache item `2acacccd183a8fe4538b649c1e593e2140fcddf6` version 1: status changed from `unknown` to `started`.
[2024-10-17 19:10:26] [TRACE] [OmnipathR] Exporting object to RDS: `/Users/biocbuild/Library/Caches/OmnipathR/2acacccd183a8fe4538b649c1e593e2140fcddf6-1.rds`.
[2024-10-17 19:10:30] [TRACE] [OmnipathR] Exported RDS to `/Users/biocbuild/Library/Caches/OmnipathR/2acacccd183a8fe4538b649c1e593e2140fcddf6-1.rds`.
[2024-10-17 19:10:30] [INFO] [OmnipathR] Download ready [key=2acacccd183a8fe4538b649c1e593e2140fcddf6, version=1]
[2024-10-17 19:10:30] [TRACE] [OmnipathR] Reading JSON from `/Users/biocbuild/Library/Caches/OmnipathR/cache.json` (encoding: UTF-8).
[2024-10-17 19:10:30] [TRACE] [OmnipathR] JSON validation successful: TRUE
[2024-10-17 19:10:30] [INFO] [OmnipathR] Cache item `2acacccd183a8fe4538b649c1e593e2140fcddf6` version 1: status changed from `started` to `ready`.
[2024-10-17 19:10:30] [TRACE] [OmnipathR] Converting JSON column `evidences` to list.
[2024-10-17 19:10:52] [TRACE] [OmnipathR] Restricting interaction records to datasets: dorothea; and resources: any
[2024-10-17 19:11:16] [TRACE] [OmnipathR] Filtering evidence columns: positive, negative, directed, undirected; to datasets: dorothea; and resources: any; excluding resources: none
[2024-10-17 19:17:45] [SUCCESS] [OmnipathR] Downloaded 278830 interactions.
[2024-10-17 19:17:55] [TRACE] [OmnipathR] Looking up in cache: `https://omnipathdb.org/interactions?genesymbols=yes&datasets=dorothea&organisms=10090&dorothea_levels=A,B,C,D&fields=evidences,sources,references,curation_effort,dorothea_level&license=academic`
[2024-10-17 19:17:55] [INFO] [OmnipathR] Cache record does not exist: `https://omnipathdb.org/interactions?genesymbols=yes&datasets=dorothea&organisms=10090&dorothea_levels=A,B,C,D&fields=evidences,sources,references,curation_effort,dorothea_level&license=academic`
[2024-10-17 19:17:55] [TRACE] [OmnipathR] Looking up in cache: `http://no-tls.omnipathdb.org/interactions?genesymbols=yes&datasets=dorothea&organisms=10090&dorothea_levels=A,B,C,D&fields=evidences,sources,references,curation_effort,dorothea_level&license=academic`
[2024-10-17 19:17:55] [INFO] [OmnipathR] Cache record does not exist: `http://no-tls.omnipathdb.org/interactions?genesymbols=yes&datasets=dorothea&organisms=10090&dorothea_levels=A,B,C,D&fields=evidences,sources,references,curation_effort,dorothea_level&license=academic`
[2024-10-17 19:17:55] [TRACE] [OmnipathR] Attempting `https://omnipathdb.org/interactions?genesymbols=yes&datasets=dorothea&organisms=10090&dorothea_levels=A,B,C,D&fields=evidences,sources,references,curation_effort,dorothea_level&license=academic`
[2024-10-17 19:17:55] [INFO] [OmnipathR] Retrieving URL: `https://omnipathdb.org/interactions?genesymbols=yes&datasets=dorothea&organisms=10090&dorothea_levels=A,B,C,D&fields=evidences,sources,references,curation_effort,dorothea_level&license=academic`
[2024-10-17 19:17:55] [TRACE] [OmnipathR] Attempt 1/3: `https://omnipathdb.org/interactions?genesymbols=yes&datasets=dorothea&organisms=10090&dorothea_levels=A,B,C,D&fields=evidences,sources,references,curation_effort,dorothea_level&license=academic`
[2024-10-17 19:18:03] [INFO] [OmnipathR] Successfully retrieved: `https://omnipathdb.org/interactions?genesymbols=yes&datasets=dorothea&organisms=10090&dorothea_levels=A,B,C,D&fields=evidences,sources,references,curation_effort,dorothea_level&license=academic`
[2024-10-17 19:18:03] [TRACE] [OmnipathR] Reading JSON from `/Users/biocbuild/Library/Caches/OmnipathR/cache.json` (encoding: UTF-8).
[2024-10-17 19:18:03] [TRACE] [OmnipathR] JSON validation successful: TRUE
[2024-10-17 19:18:03] [TRACE] [OmnipathR] Reading JSON from `/Users/biocbuild/Library/Caches/OmnipathR/cache.json` (encoding: UTF-8).
[2024-10-17 19:18:03] [TRACE] [OmnipathR] JSON validation successful: TRUE
[2024-10-17 19:18:03] [INFO] [OmnipathR] Cache item `73101f94a89eabbc8c12583d15dce08671d9e187` version 1: status changed from `unknown` to `started`.
[2024-10-17 19:18:03] [TRACE] [OmnipathR] Exporting object to RDS: `/Users/biocbuild/Library/Caches/OmnipathR/73101f94a89eabbc8c12583d15dce08671d9e187-1.rds`.
[2024-10-17 19:18:05] [TRACE] [OmnipathR] Exported RDS to `/Users/biocbuild/Library/Caches/OmnipathR/73101f94a89eabbc8c12583d15dce08671d9e187-1.rds`.
[2024-10-17 19:18:05] [INFO] [OmnipathR] Download ready [key=73101f94a89eabbc8c12583d15dce08671d9e187, version=1]
[2024-10-17 19:18:05] [TRACE] [OmnipathR] Reading JSON from `/Users/biocbuild/Library/Caches/OmnipathR/cache.json` (encoding: UTF-8).
[2024-10-17 19:18:05] [TRACE] [OmnipathR] JSON validation successful: TRUE
[2024-10-17 19:18:05] [INFO] [OmnipathR] Cache item `73101f94a89eabbc8c12583d15dce08671d9e187` version 1: status changed from `started` to `ready`.
[2024-10-17 19:18:05] [TRACE] [OmnipathR] Converting JSON column `evidences` to list.
[2024-10-17 19:18:18] [TRACE] [OmnipathR] Restricting interaction records to datasets: dorothea; and resources: any
[2024-10-17 19:18:31] [TRACE] [OmnipathR] Filtering evidence columns: positive, negative, directed, undirected; to datasets: dorothea; and resources: any; excluding resources: none
[2024-10-17 19:23:13] [SUCCESS] [OmnipathR] Downloaded 5294 interactions.
[2024-10-17 19:23:13] [TRACE] [OmnipathR] Looking up in cache: `https://omnipathdb.org/interactions?genesymbols=yes&datasets=collectri&organisms=9606&dorothea_levels=A,B&fields=evidences,sources,references,curation_effort&loops=yes&license=academic`
[2024-10-17 19:23:13] [INFO] [OmnipathR] Cache record does not exist: `https://omnipathdb.org/interactions?genesymbols=yes&datasets=collectri&organisms=9606&dorothea_levels=A,B&fields=evidences,sources,references,curation_effort&loops=yes&license=academic`
[2024-10-17 19:23:13] [TRACE] [OmnipathR] Looking up in cache: `http://no-tls.omnipathdb.org/interactions?genesymbols=yes&datasets=collectri&organisms=9606&dorothea_levels=A,B&fields=evidences,sources,references,curation_effort&loops=yes&license=academic`
[2024-10-17 19:23:13] [INFO] [OmnipathR] Cache record does not exist: `http://no-tls.omnipathdb.org/interactions?genesymbols=yes&datasets=collectri&organisms=9606&dorothea_levels=A,B&fields=evidences,sources,references,curation_effort&loops=yes&license=academic`
[2024-10-17 19:23:13] [TRACE] [OmnipathR] Attempting `https://omnipathdb.org/interactions?genesymbols=yes&datasets=collectri&organisms=9606&dorothea_levels=A,B&fields=evidences,sources,references,curation_effort&loops=yes&license=academic`
[2024-10-17 19:23:13] [INFO] [OmnipathR] Retrieving URL: `https://omnipathdb.org/interactions?genesymbols=yes&datasets=collectri&organisms=9606&dorothea_levels=A,B&fields=evidences,sources,references,curation_effort&loops=yes&license=academic`
[2024-10-17 19:23:13] [TRACE] [OmnipathR] Attempt 1/3: `https://omnipathdb.org/interactions?genesymbols=yes&datasets=collectri&organisms=9606&dorothea_levels=A,B&fields=evidences,sources,references,curation_effort&loops=yes&license=academic`
[2024-10-17 19:23:15] [INFO] [OmnipathR] Successfully retrieved: `https://omnipathdb.org/interactions?genesymbols=yes&datasets=collectri&organisms=9606&dorothea_levels=A,B&fields=evidences,sources,references,curation_effort&loops=yes&license=academic`
[2024-10-17 19:23:15] [TRACE] [OmnipathR] Reading JSON from `/Users/biocbuild/Library/Caches/OmnipathR/cache.json` (encoding: UTF-8).
[2024-10-17 19:23:15] [TRACE] [OmnipathR] JSON validation successful: TRUE
[2024-10-17 19:23:15] [TRACE] [OmnipathR] Reading JSON from `/Users/biocbuild/Library/Caches/OmnipathR/cache.json` (encoding: UTF-8).
[2024-10-17 19:23:15] [TRACE] [OmnipathR] JSON validation successful: TRUE
[2024-10-17 19:23:15] [INFO] [OmnipathR] Cache item `82abc02990e13a4b0186ba97e7e04cb7c5c780b2` version 1: status changed from `unknown` to `started`.
[2024-10-17 19:23:15] [TRACE] [OmnipathR] Exporting object to RDS: `/Users/biocbuild/Library/Caches/OmnipathR/82abc02990e13a4b0186ba97e7e04cb7c5c780b2-1.rds`.
[2024-10-17 19:23:16] [TRACE] [OmnipathR] Exported RDS to `/Users/biocbuild/Library/Caches/OmnipathR/82abc02990e13a4b0186ba97e7e04cb7c5c780b2-1.rds`.
[2024-10-17 19:23:16] [INFO] [OmnipathR] Download ready [key=82abc02990e13a4b0186ba97e7e04cb7c5c780b2, version=1]
[2024-10-17 19:23:16] [TRACE] [OmnipathR] Reading JSON from `/Users/biocbuild/Library/Caches/OmnipathR/cache.json` (encoding: UTF-8).
[2024-10-17 19:23:16] [TRACE] [OmnipathR] JSON validation successful: TRUE
[2024-10-17 19:23:16] [INFO] [OmnipathR] Cache item `82abc02990e13a4b0186ba97e7e04cb7c5c780b2` version 1: status changed from `started` to `ready`.
[2024-10-17 19:23:16] [TRACE] [OmnipathR] Converting JSON column `evidences` to list.
[2024-10-17 19:23:20] [TRACE] [OmnipathR] Restricting interaction records to datasets: collectri; and resources: any
[2024-10-17 19:23:24] [TRACE] [OmnipathR] Filtering evidence columns: positive, negative, directed, undirected; to datasets: collectri; and resources: any; excluding resources: none
[2024-10-17 19:24:58] [SUCCESS] [OmnipathR] Downloaded 64958 interactions.
[2024-10-17 19:24:59] [TRACE] [OmnipathR] Reading JSON from `https://omnipathdb.org/resources` (encoding: UTF-8).
[2024-10-17 19:24:59] [TRACE] [OmnipathR] JSON validation successful: TRUE
[2024-10-17 19:24:59] [TRACE] [OmnipathR] Looking up in cache: `https://omnipathdb.org/interactions?genesymbols=yes&resources=CollecTRI&datasets=tf_mirna&organisms=9606&fields=evidences,sources,references,curation_effort&license=academic`
[2024-10-17 19:24:59] [INFO] [OmnipathR] Cache record does not exist: `https://omnipathdb.org/interactions?genesymbols=yes&resources=CollecTRI&datasets=tf_mirna&organisms=9606&fields=evidences,sources,references,curation_effort&license=academic`
[2024-10-17 19:24:59] [TRACE] [OmnipathR] Looking up in cache: `http://no-tls.omnipathdb.org/interactions?genesymbols=yes&resources=CollecTRI&datasets=tf_mirna&organisms=9606&fields=evidences,sources,references,curation_effort&license=academic`
[2024-10-17 19:24:59] [INFO] [OmnipathR] Cache record does not exist: `http://no-tls.omnipathdb.org/interactions?genesymbols=yes&resources=CollecTRI&datasets=tf_mirna&organisms=9606&fields=evidences,sources,references,curation_effort&license=academic`
[2024-10-17 19:24:59] [TRACE] [OmnipathR] Attempting `https://omnipathdb.org/interactions?genesymbols=yes&resources=CollecTRI&datasets=tf_mirna&organisms=9606&fields=evidences,sources,references,curation_effort&license=academic`
[2024-10-17 19:24:59] [INFO] [OmnipathR] Retrieving URL: `https://omnipathdb.org/interactions?genesymbols=yes&resources=CollecTRI&datasets=tf_mirna&organisms=9606&fields=evidences,sources,references,curation_effort&license=academic`
[2024-10-17 19:24:59] [TRACE] [OmnipathR] Attempt 1/3: `https://omnipathdb.org/interactions?genesymbols=yes&resources=CollecTRI&datasets=tf_mirna&organisms=9606&fields=evidences,sources,references,curation_effort&license=academic`
[2024-10-17 19:24:59] [INFO] [OmnipathR] Successfully retrieved: `https://omnipathdb.org/interactions?genesymbols=yes&resources=CollecTRI&datasets=tf_mirna&organisms=9606&fields=evidences,sources,references,curation_effort&license=academic`
[2024-10-17 19:24:59] [TRACE] [OmnipathR] Reading JSON from `/Users/biocbuild/Library/Caches/OmnipathR/cache.json` (encoding: UTF-8).
[2024-10-17 19:24:59] [TRACE] [OmnipathR] JSON validation successful: TRUE
[2024-10-17 19:24:59] [TRACE] [OmnipathR] Reading JSON from `/Users/biocbuild/Library/Caches/OmnipathR/cache.json` (encoding: UTF-8).
[2024-10-17 19:24:59] [TRACE] [OmnipathR] JSON validation successful: TRUE
[2024-10-17 19:24:59] [INFO] [OmnipathR] Cache item `f7d34500401ba98803b7d2b26c48f64cee1eea1b` version 1: status changed from `unknown` to `started`.
[2024-10-17 19:24:59] [TRACE] [OmnipathR] Exporting object to RDS: `/Users/biocbuild/Library/Caches/OmnipathR/f7d34500401ba98803b7d2b26c48f64cee1eea1b-1.rds`.
[2024-10-17 19:24:59] [TRACE] [OmnipathR] Exported RDS to `/Users/biocbuild/Library/Caches/OmnipathR/f7d34500401ba98803b7d2b26c48f64cee1eea1b-1.rds`.
[2024-10-17 19:24:59] [INFO] [OmnipathR] Download ready [key=f7d34500401ba98803b7d2b26c48f64cee1eea1b, version=1]
[2024-10-17 19:24:59] [TRACE] [OmnipathR] Reading JSON from `/Users/biocbuild/Library/Caches/OmnipathR/cache.json` (encoding: UTF-8).
[2024-10-17 19:24:59] [TRACE] [OmnipathR] JSON validation successful: TRUE
[2024-10-17 19:24:59] [INFO] [OmnipathR] Cache item `f7d34500401ba98803b7d2b26c48f64cee1eea1b` version 1: status changed from `started` to `ready`.
[2024-10-17 19:24:59] [TRACE] [OmnipathR] Converting JSON column `evidences` to list.
[2024-10-17 19:24:59] [TRACE] [OmnipathR] Restricting interaction records to datasets: tf_mirna; and resources: CollecTRI
[2024-10-17 19:24:59] [TRACE] [OmnipathR] Filtering evidence columns: positive, negative, directed, undirected; to datasets: tf_mirna; and resources: CollecTRI; excluding resources: none
[2024-10-17 19:24:59] [SUCCESS] [OmnipathR] Downloaded 232 interactions.
[2024-10-17 19:24:59] [TRACE] [OmnipathR] Looking up in cache: `https://omnipathdb.org/interactions?genesymbols=yes&datasets=collectri&organisms=9606&dorothea_levels=A,B&fields=evidences,sources,references,curation_effort&loops=yes&license=academic`
[2024-10-17 19:25:00] [TRACE] [OmnipathR] Loaded data from RDS `/Users/biocbuild/Library/Caches/OmnipathR/82abc02990e13a4b0186ba97e7e04cb7c5c780b2-1.rds`.
[2024-10-17 19:25:00] [INFO] [OmnipathR] Loaded from cache: `https://omnipathdb.org/interactions?genesymbols=yes&datasets=collectri&organisms=9606&dorothea_levels=A,B&fields=evidences,sources,references,curation_effort&loops=yes&license=academic`
[2024-10-17 19:25:00] [TRACE] [OmnipathR] Converting JSON column `evidences` to list.
[2024-10-17 19:25:04] [TRACE] [OmnipathR] Restricting interaction records to datasets: collectri; and resources: any
[2024-10-17 19:25:09] [TRACE] [OmnipathR] Filtering evidence columns: positive, negative, directed, undirected; to datasets: collectri; and resources: any; excluding resources: none
[2024-10-17 19:26:55] [SUCCESS] [OmnipathR] Downloaded 64958 interactions.
[2024-10-17 19:26:55] [TRACE] [OmnipathR] Reading JSON from `https://omnipathdb.org/resources` (encoding: UTF-8).
[2024-10-17 19:26:55] [TRACE] [OmnipathR] JSON validation successful: TRUE
[2024-10-17 19:26:55] [TRACE] [OmnipathR] Looking up in cache: `https://omnipathdb.org/interactions?genesymbols=yes&resources=CollecTRI&datasets=tf_mirna&organisms=9606&fields=evidences,sources,references,curation_effort&license=academic`
[2024-10-17 19:26:55] [TRACE] [OmnipathR] Loaded data from RDS `/Users/biocbuild/Library/Caches/OmnipathR/f7d34500401ba98803b7d2b26c48f64cee1eea1b-1.rds`.
[2024-10-17 19:26:55] [INFO] [OmnipathR] Loaded from cache: `https://omnipathdb.org/interactions?genesymbols=yes&resources=CollecTRI&datasets=tf_mirna&organisms=9606&fields=evidences,sources,references,curation_effort&license=academic`
[2024-10-17 19:26:55] [TRACE] [OmnipathR] Converting JSON column `evidences` to list.
[2024-10-17 19:26:55] [TRACE] [OmnipathR] Restricting interaction records to datasets: tf_mirna; and resources: CollecTRI
[2024-10-17 19:26:55] [TRACE] [OmnipathR] Filtering evidence columns: positive, negative, directed, undirected; to datasets: tf_mirna; and resources: CollecTRI; excluding resources: none
[2024-10-17 19:26:56] [SUCCESS] [OmnipathR] Downloaded 232 interactions.
|
| | 0%
|
|======================================================================| 100%
|
| | 0%
|
|======================================================================| 100%
|
| | 0%
|
|======================================================================| 100%
|
| | 0%
|
|======================================================================| 100%
|
| | 0%
|
|======================================================================| 100%
|
| | 0%
|
|======================================================================| 100%
|
| | 0%
|
|======================================================================| 100%
|
| | 0%
|
|======================================================================| 100%
|
| | 0%
|
|======================================================================| 100%
|
| | 0%
|
|======================================================================| 100%
|
| | 0%
|
|======================================================================| 100%
|
| | 0%
|
|======================================================================| 100%
|
| | 0%
|
|=================================== | 50%
|
|======================================================================| 100%
|
| | 0%
|
|=================================== | 50%
|
|======================================================================| 100%
|
| | 0%
|
|=================================== | 50%
|
|======================================================================| 100%
|
| | 0%
|
|=================================== | 50%
|
|======================================================================| 100%
|
| | 0%
|
|=================================== | 50%
|
|======================================================================| 100%
|
| | 0%
|
|=================================== | 50%
|
|======================================================================| 100%
|
| | 0%
|
|=================================== | 50%
|
|======================================================================| 100%
|
| | 0%
|
|=================================== | 50%
|
|======================================================================| 100%
|
| | 0%
|
|=================================== | 50%
|
|======================================================================| 100%
|
| | 0%
|
|=================================== | 50%
|
|======================================================================| 100%
|
| | 0%
|
|=================================== | 50%
|
|======================================================================| 100%
|
| | 0%
|
|=================================== | 50%
|
|======================================================================| 100%
Attaching package: 'dplyr'
The following object is masked from 'package:testthat':
matches
The following objects are masked from 'package:stats':
filter, lag
The following objects are masked from 'package:base':
intersect, setdiff, setequal, union
[ FAIL 1 | WARN 0 | SKIP 0 | PASS 34 ]
══ Failed tests ════════════════════════════════════════════════════════════════
── Failure ('test-statistic-fgsea.R:26:3'): test run_fgsea ─────────────────────
`res_1` (`actual`) not equal to `exp_1` (`expected`).
actual vs expected
p_value
actual[1, ] 0.075479709
actual[2, ] 0.075479709
- actual[3, ] 0.511687342
+ expected[3, ] 0.548454870
- actual[4, ] 0.511687342
+ expected[4, ] 0.548454870
actual[5, ] 0.010000000
actual[6, ] 0.010000000
actual[7, ] 0.076411558
actual vs expected
p_value
actual[12, ] 0.010000000
actual[13, ] 0.114238030
actual[14, ] 0.114238030
- actual[15, ] 0.510665738
+ expected[15, ] 0.522337972
- actual[16, ] 0.510665738
+ expected[16, ] 0.522337972
actual[17, ] 0.010000000
actual[18, ] 0.010000000
actual[19, ] 0.004682543
actual[20, ] 0.004682543
- actual[21, ] 0.219233595
+ expected[21, ] 0.294730294
and 10 more ...
actual vs expected
p_value
actual[34, ] 1.000000000
actual[35, ] 0.010000000
actual[36, ] 0.010000000
- actual[37, ] 0.091542106
+ expected[37, ] 0.103646587
- actual[38, ] 0.091542106
+ expected[38, ] 0.103646587
actual[39, ] 0.592371428
actual[40, ] 0.592371428
actual[41, ] 0.010000000
actual vs expected
p_value
actual[52, ] 0.976649086
actual[53, ] 0.010000000
actual[54, ] 0.010000000
- actual[55, ] 0.066624941
+ expected[55, ] 0.076411558
- actual[56, ] 0.066624941
+ expected[56, ] 0.076411558
actual[57, ] 0.592371428
actual[58, ] 0.592371428
actual[59, ] 0.010000000
actual[60, ] 0.010000000
- actual[61, ] 0.111211902
+ expected[61, ] 0.108185775
and 4 more ...
actual vs expected
p_value
actual[70, ] 1.000000000
actual[71, ] 0.010000000
actual[72, ] 0.010000000
- actual[73, ] 0.256981914
+ expected[73, ] 0.469812943
- actual[74, ] 0.256981914
+ expected[74, ] 0.469812943
- actual[75, ] 0.133907888
+ expected[75, ] 0.132394821
- actual[76, ] 0.133907888
+ expected[76, ] 0.132394821
actual[77, ] 0.123204721
actual[78, ] 0.123204721
- actual[79, ] 0.146641013
+ expected[79, ] 0.207618744
and 4 more ...
actual vs expected
p_value
actual[88, ] 0.177906190
actual[89, ] 0.154281338
actual[90, ] 0.154281338
- actual[91, ] 0.434796297
+ expected[91, ] 0.487321278
- actual[92, ] 0.434796297
+ expected[92, ] 0.487321278
actual[93, ] 0.009411332
actual[94, ] 0.009411332
actual[95, ] 0.005020222
actual[96, ] 0.005020222
- actual[97, ] 0.294730294
+ expected[97, ] 0.493157392
and 16 more ...
actual vs expected
p_value
actual[118, ] 0.126342554
actual[119, ] 0.111593916
actual[120, ] 0.111593916
- actual[121, ] 0.991185346
+ expected[121, ] 1.000000000
- actual[122, ] 0.991185346
+ expected[122, ] 1.000000000
- actual[123, ] 0.123316421
+ expected[123, ] 0.126342554
- actual[124, ] 0.123316421
+ expected[124, ] 0.126342554
actual[125, ] 0.155922629
actual[126, ] 0.155922629
actual[127, ] 0.592371428
actual vs expected
p_value
actual[132, ] 0.124515409
actual[133, ] 0.592371428
actual[134, ] 0.592371428
- actual[135, ] 0.174865133
+ expected[135, ] 0.183988307
- actual[136, ] 0.174865133
+ expected[136, ] 0.183988307
actual[137, ] 0.198360798
actual[138, ] 0.198360798
actual[139, ] 0.592371428
`actual$p_value[1:7]`: 0.08 0.08 0.51 0.51 0.01 0.01 0.08
`expected$p_value[1:7]`: 0.08 0.08 0.55 0.55 0.01 0.01 0.08
actual$p_value | expected$p_value
[12] 0.01 | 0.01 [12]
[13] 0.11 | 0.11 [13]
[14] 0.11 | 0.11 [14]
[15] 0.51 - 0.52 [15]
[16] 0.51 - 0.52 [16]
[17] 0.01 | 0.01 [17]
[18] 0.01 | 0.01 [18]
[19] 0.00 | 0.00 [19]
[20] 0.00 | 0.00 [20]
[21] 0.22 - 0.29 [21]
... ... ... and 10 more ...
`actual$p_value[34:41]`: 1.00 0.01 0.01 0.09 0.09 0.59 0.59 0.01
`expected$p_value[34:41]`: 1.00 0.01 0.01 0.10 0.10 0.59 0.59 0.01
`actual$p_value[52:59]`: 0.98 0.01 0.01 0.07 0.07 0.59 0.59 0.01
`expected$p_value[52:59]`: 0.98 0.01 0.01 0.08 0.08 0.59 0.59 0.01
actual$p_value | expected$p_value
[70] 1.00 | 1.00 [70]
[71] 0.01 | 0.01 [71]
[72] 0.01 | 0.01 [72]
[73] 0.26 - 0.47 [73]
[74] 0.26 - 0.47 [74]
[75] 0.13 | 0.13 [75]
[76] 0.13 | 0.13 [76]
[77] 0.12 | 0.12 [77]
[78] 0.12 | 0.12 [78]
[79] 0.15 - 0.21 [79]
... ... ... and 4 more ...
actual$p_value | expected$p_value
[88] 0.18 | 0.18 [88]
[89] 0.15 | 0.15 [89]
[90] 0.15 | 0.15 [90]
[91] 0.43 - 0.49 [91]
[92] 0.43 - 0.49 [92]
[93] 0.01 | 0.01 [93]
[94] 0.01 | 0.01 [94]
[95] 0.01 | 0.01 [95]
[96] 0.01 | 0.01 [96]
[97] 0.29 - 0.49 [97]
... ... ... and 4 more ...
`actual$p_value[104:113]`: 0.98 0.20 0.20 0.22 0.22 0.87 0.87 0.19 0.19 0.18
`expected$p_value[104:113]`: 0.98 0.20 0.20 0.21 0.21 0.94 0.94 0.19 0.19 0.18
`actual$p_value[118:127]`: 0.13 0.11 0.11 0.99 0.99 0.12 0.12 0.16 0.16 0.59
`expected$p_value[118:127]`: 0.13 0.11 0.11 1.00 1.00 0.13 0.13 0.16 0.16 0.59
`actual$p_value[132:139]`: 0.12 0.59 0.59 0.17 0.17 0.20 0.20 0.59
`expected$p_value[132:139]`: 0.12 0.59 0.59 0.18 0.18 0.20 0.20 0.59
[ FAIL 1 | WARN 0 | SKIP 0 | PASS 34 ]
Error: Test failures
Execution halted
decoupleR.Rcheck/decoupleR-Ex.timings
| name | user | system | elapsed | |
| check_corr | 0.121 | 0.014 | 0.189 | |
| convert_f_defaults | 0.032 | 0.007 | 0.067 | |
| decouple | 0.001 | 0.001 | 0.007 | |
| dot-fit_preprocessing | 0.027 | 0.003 | 0.044 | |
| extract_sets | 0.024 | 0.002 | 0.038 | |
| filt_minsize | 0.050 | 0.002 | 0.068 | |
| get_collectri | 109.044 | 1.286 | 126.836 | |
| get_dorothea | 426.832 | 3.669 | 437.165 | |
| get_profile_of | 0.000 | 0.001 | 0.001 | |
| get_progeny | 7.654 | 0.395 | 8.336 | |
| get_resource | 0.378 | 0.036 | 0.697 | |
| get_toy_data | 0.003 | 0.000 | 0.003 | |
| intersect_regulons | 0.024 | 0.001 | 0.025 | |
| pipe | 0.000 | 0.001 | 0.000 | |
| pivot_wider_profile | 0 | 0 | 0 | |
| randomize_matrix | 0.000 | 0.001 | 0.000 | |
| rename_net | 0.037 | 0.001 | 0.040 | |
| run_aucell | 11.658 | 0.940 | 12.673 | |
| run_consensus | 1.793 | 0.011 | 1.812 | |
| run_fgsea | 28.177 | 0.202 | 28.551 | |
| run_gsva | 1.528 | 0.137 | 1.676 | |
| run_mdt | 0.148 | 0.030 | 0.184 | |
| run_mlm | 0.096 | 0.005 | 0.101 | |
| run_ora | 0.517 | 0.021 | 0.540 | |
| run_udt | 0.280 | 0.018 | 0.299 | |
| run_ulm | 0.074 | 0.006 | 0.080 | |
| run_viper | 0.779 | 0.109 | 0.897 | |
| run_wmean | 0.862 | 0.015 | 0.886 | |
| run_wsum | 0.660 | 0.006 | 0.667 | |
| show_methods | 0.052 | 0.004 | 0.056 | |
| show_resources | 0.060 | 0.007 | 0.115 | |
| tidyeval | 0.000 | 0.001 | 0.000 | |