| Back to Multiple platform build/check report for BioC 3.19: simplified long |
|
This page was generated on 2024-10-11 20:40 -0400 (Fri, 11 Oct 2024).
| Hostname | OS | Arch (*) | R version | Installed pkgs |
|---|---|---|---|---|
| nebbiolo1 | Linux (Ubuntu 22.04.3 LTS) | x86_64 | 4.4.1 (2024-06-14) -- "Race for Your Life" | 4763 |
| palomino7 | Windows Server 2022 Datacenter | x64 | 4.4.1 (2024-06-14 ucrt) -- "Race for Your Life" | 4500 |
| merida1 | macOS 12.7.5 Monterey | x86_64 | 4.4.1 (2024-06-14) -- "Race for Your Life" | 4529 |
| kjohnson1 | macOS 13.6.6 Ventura | arm64 | 4.4.1 (2024-06-14) -- "Race for Your Life" | 4479 |
| Click on any hostname to see more info about the system (e.g. compilers) (*) as reported by 'uname -p', except on Windows and Mac OS X | ||||
| Package 2138/2300 | Hostname | OS / Arch | INSTALL | BUILD | CHECK | BUILD BIN | ||||||||
| TCGAbiolinks 2.32.0 (landing page) Tiago Chedraoui Silva
| nebbiolo1 | Linux (Ubuntu 22.04.3 LTS) / x86_64 | OK | OK | ERROR | |||||||||
| palomino7 | Windows Server 2022 Datacenter / x64 | OK | OK | WARNINGS | OK | |||||||||
| merida1 | macOS 12.7.5 Monterey / x86_64 | OK | OK | WARNINGS | OK | |||||||||
| kjohnson1 | macOS 13.6.6 Ventura / arm64 | OK | ERROR | skipped | skipped | |||||||||
|
To the developers/maintainers of the TCGAbiolinks package: - Allow up to 24 hours (and sometimes 48 hours) for your latest push to git@git.bioconductor.org:packages/TCGAbiolinks.git to reflect on this report. See Troubleshooting Build Report for more information. - Use the following Renviron settings to reproduce errors and warnings. - If 'R CMD check' started to fail recently on the Linux builder(s) over a missing dependency, add the missing dependency to 'Suggests:' in your DESCRIPTION file. See Renviron.bioc for more information. |
| Package: TCGAbiolinks |
| Version: 2.32.0 |
| Command: E:\biocbuild\bbs-3.19-bioc\R\bin\R.exe CMD check --no-multiarch --install=check:TCGAbiolinks.install-out.txt --library=E:\biocbuild\bbs-3.19-bioc\R\library --no-vignettes --timings TCGAbiolinks_2.32.0.tar.gz |
| StartedAt: 2024-10-10 05:57:34 -0400 (Thu, 10 Oct 2024) |
| EndedAt: 2024-10-10 06:07:15 -0400 (Thu, 10 Oct 2024) |
| EllapsedTime: 580.9 seconds |
| RetCode: 0 |
| Status: WARNINGS |
| CheckDir: TCGAbiolinks.Rcheck |
| Warnings: 2 |
##############################################################################
##############################################################################
###
### Running command:
###
### E:\biocbuild\bbs-3.19-bioc\R\bin\R.exe CMD check --no-multiarch --install=check:TCGAbiolinks.install-out.txt --library=E:\biocbuild\bbs-3.19-bioc\R\library --no-vignettes --timings TCGAbiolinks_2.32.0.tar.gz
###
##############################################################################
##############################################################################
* using log directory 'E:/biocbuild/bbs-3.19-bioc/meat/TCGAbiolinks.Rcheck'
* using R version 4.4.1 (2024-06-14 ucrt)
* using platform: x86_64-w64-mingw32
* R was compiled by
gcc.exe (GCC) 13.2.0
GNU Fortran (GCC) 13.2.0
* running under: Windows Server 2022 x64 (build 20348)
* using session charset: UTF-8
* using option '--no-vignettes'
* checking for file 'TCGAbiolinks/DESCRIPTION' ... OK
* checking extension type ... Package
* this is package 'TCGAbiolinks' version '2.32.0'
* package encoding: UTF-8
* checking package namespace information ... OK
* checking package dependencies ... OK
* checking if this is a source package ... OK
* checking if there is a namespace ... OK
* checking for hidden files and directories ... OK
* checking for portable file names ... OK
* checking whether package 'TCGAbiolinks' can be installed ... OK
* checking installed package size ... NOTE
installed size is 6.2Mb
sub-directories of 1Mb or more:
R 1.6Mb
data 4.3Mb
* checking package directory ... OK
* checking 'build' directory ... OK
* checking DESCRIPTION meta-information ... OK
* checking top-level files ... OK
* checking for left-over files ... OK
* checking index information ... OK
* checking package subdirectories ... OK
* checking code files for non-ASCII characters ... OK
* checking R files for syntax errors ... OK
* checking whether the package can be loaded ... OK
* checking whether the package can be loaded with stated dependencies ... OK
* checking whether the package can be unloaded cleanly ... OK
* checking whether the namespace can be loaded with stated dependencies ... OK
* checking whether the namespace can be unloaded cleanly ... OK
* checking whether startup messages can be suppressed ... OK
* checking dependencies in R code ... WARNING
'::' or ':::' import not declared from: 'dnet'
* checking S3 generic/method consistency ... WARNING
print:
function(x, ...)
print.header:
function(text, type)
See section 'Generic functions and methods' in the 'Writing R
Extensions' manual.
* checking replacement functions ... OK
* checking foreign function calls ... OK
* checking R code for possible problems ... NOTE
GDCprepare_clinic: no visible binding for global variable
'bcr_patient_barcode'
GDCprepare_clinic: no visible binding for global variable
'days_to_last_followup'
GDCprepare_clinic: no visible binding for global variable
'vital_status'
GDCquery : <anonymous>: no visible binding for global variable
'submitter_id'
GDCquery : <anonymous>: no visible binding for global variable
'is_ffpe'
GDCquery_clinic : <anonymous>: no visible binding for global variable
'submitter_id'
GDCquery_clinic : <anonymous>: no visible global function definition
for 'across'
GDCquery_clinic : <anonymous>: no visible global function definition
for 'everything'
TCGAanalyze_DEA: no visible binding for global variable 'barcode'
TCGAanalyze_DEA: no visible binding for global variable 'clinical'
TCGAquery_recount2: no visible binding for global variable 'rse_gene'
TCGAtumor_purity: no visible binding for global variable 'Tumor.purity'
TCGAvisualize_oncoprint: no visible binding for global variable 'value'
TCGAvisualize_starburst: no visible binding for global variable
'gene_name'
TCGAvisualize_starburst: no visible binding for global variable
'geFDR2'
TCGAvisualize_starburst: no visible binding for global variable 'logFC'
TCGAvisualize_starburst: no visible binding for global variable
'meFDR2'
TCGAvisualize_starburst: no visible binding for global variable
'threshold.starburst'
TCGAvisualize_starburst: no visible binding for global variable
'starburst.status'
colDataPrepare: no visible binding for global variable
'sample_submitter_id'
colDataPrepare: no visible binding for global variable 'submitter_id'
readExonQuantification: no visible binding for global variable 'exon'
readExonQuantification: no visible binding for global variable
'coordinates'
readSingleCellAnalysis : <anonymous>: no visible global function
definition for 'Read10X'
read_gene_expression_quantification : <anonymous>: no visible binding
for '<<-' assignment to 'assay.list'
read_gene_expression_quantification: no visible binding for global
variable 'assay.list'
Undefined global functions or variables:
Read10X Tumor.purity across assay.list barcode bcr_patient_barcode
clinical coordinates days_to_last_followup everything exon geFDR2
gene_name is_ffpe logFC meFDR2 rse_gene sample_submitter_id
starburst.status submitter_id threshold.starburst value vital_status
* checking Rd files ... OK
* checking Rd metadata ... OK
* checking Rd cross-references ... OK
* checking for missing documentation entries ... OK
* checking for code/documentation mismatches ... OK
* checking Rd \usage sections ... OK
* checking Rd contents ... OK
* checking for unstated dependencies in examples ... OK
* checking contents of 'data' directory ... OK
* checking data for non-ASCII characters ... OK
* checking LazyData ... OK
* checking data for ASCII and uncompressed saves ... OK
* checking R/sysdata.rda ... OK
* checking files in 'vignettes' ... OK
* checking examples ... OK
Examples with CPU (user + system) or elapsed time > 5s
user system elapsed
TCGAanalyze_DEA 12.81 0.64 13.56
getManifest 10.82 0.19 100.67
TCGAanalyze_LevelTab 7.86 0.08 7.93
GDCprepare_clinic 1.23 0.08 32.22
GDCquery 1.11 0.03 9.30
matchedMetExp 0.96 0.00 9.81
getResults 0.58 0.03 6.75
* checking for unstated dependencies in 'tests' ... OK
* checking tests ...
Running 'testthat.R'
OK
* checking for unstated dependencies in vignettes ... OK
* checking package vignettes ... OK
* checking running R code from vignettes ... SKIPPED
* checking re-building of vignette outputs ... SKIPPED
* checking PDF version of manual ... OK
* DONE
Status: 2 WARNINGs, 2 NOTEs
See
'E:/biocbuild/bbs-3.19-bioc/meat/TCGAbiolinks.Rcheck/00check.log'
for details.
TCGAbiolinks.Rcheck/00install.out
############################################################################## ############################################################################## ### ### Running command: ### ### E:\biocbuild\bbs-3.19-bioc\R\bin\R.exe CMD INSTALL TCGAbiolinks ### ############################################################################## ############################################################################## * installing to library 'E:/biocbuild/bbs-3.19-bioc/R/library' * installing *source* package 'TCGAbiolinks' ... ** using staged installation ** R ** data *** moving datasets to lazyload DB ** inst ** byte-compile and prepare package for lazy loading ** help *** installing help indices ** building package indices ** installing vignettes ** testing if installed package can be loaded from temporary location ** testing if installed package can be loaded from final location ** testing if installed package keeps a record of temporary installation path * DONE (TCGAbiolinks)
TCGAbiolinks.Rcheck/tests/testthat.Rout
R version 4.4.1 (2024-06-14 ucrt) -- "Race for Your Life"
Copyright (C) 2024 The R Foundation for Statistical Computing
Platform: x86_64-w64-mingw32/x64
R is free software and comes with ABSOLUTELY NO WARRANTY.
You are welcome to redistribute it under certain conditions.
Type 'license()' or 'licence()' for distribution details.
R is a collaborative project with many contributors.
Type 'contributors()' for more information and
'citation()' on how to cite R or R packages in publications.
Type 'demo()' for some demos, 'help()' for on-line help, or
'help.start()' for an HTML browser interface to help.
Type 'q()' to quit R.
> library(testthat)
> library(TCGAbiolinks)
>
> test_check("TCGAbiolinks")
| | 0%
|========================== | 50% ~0 s remaining
|====================================================|100% ~0 s remaining
|====================================================|100% Completed after 0 s
| | 0%
|========================== | 50% ~0 s remaining
|====================================================|100% ~0 s remaining
|====================================================|100% Completed after 0 s
[1] "I need about 1 minute to finish complete Enrichment analysis GO[BP,MF,CC] and Pathways... "
[1] "GO Enrichment Analysis BP completed....done"
[1] "GO Enrichment Analysis MF completed....done"
[1] "GO Enrichment Analysis CC completed....done"
[1] "Pathway Enrichment Analysis completed....done"
[ FAIL 0 | WARN 0 | SKIP 24 | PASS 32 ]
══ Skipped tests (24) ══════════════════════════════════════════════════════════
• On Bioconductor (24): 'test-prepare-download.R:4:5',
'test-prepare-download.R:49:5', 'test-prepare-download.R:92:5',
'test-prepare-download.R:102:5', 'test-prepare-download.R:124:5',
'test-prepare-download.R:145:5', 'test-prepare-download.R:164:5',
'test-prepare-download.R:183:5', 'test-prepare-download.R:199:5',
'test-prepare-download.R:209:5', 'test-prepare-download.R:221:5',
'test-prepare-download.R:246:5', 'test-prepare-download.R:286:5',
'test-prepare-download.R:316:5', 'test-prepare-download.R:347:5',
'test-prepare-download.R:381:5', 'test-query-clinical.R:13:5',
'test-query-clinical.R:69:5', 'test-query.R:5:5', 'test-query.R:15:5',
'test-query.R:44:5', 'test-query.R:86:5', 'test-query.R:127:5',
'test-query.R:147:5'
[ FAIL 0 | WARN 0 | SKIP 24 | PASS 32 ]
>
> proc.time()
user system elapsed
58.23 2.40 60.64
TCGAbiolinks.Rcheck/TCGAbiolinks-Ex.timings
| name | user | system | elapsed | |
| GDCdownload | 0 | 0 | 0 | |
| GDCprepare | 0 | 0 | 0 | |
| GDCprepare_clinic | 1.23 | 0.08 | 32.22 | |
| GDCquery | 1.11 | 0.03 | 9.30 | |
| GDCquery_ATAC_seq | 1.11 | 0.06 | 2.17 | |
| GDCquery_clinic | 0.72 | 0.02 | 3.31 | |
| PanCancerAtlas_subtypes | 0.01 | 0.00 | 0.02 | |
| TCGAVisualize_volcano | 0.47 | 0.01 | 0.69 | |
| TCGA_MolecularSubtype | 0.38 | 0.00 | 0.37 | |
| TCGAanalyze_DEA | 12.81 | 0.64 | 13.56 | |
| TCGAanalyze_DEA_Affy | 0 | 0 | 0 | |
| TCGAanalyze_DMC | 1.05 | 0.13 | 1.18 | |
| TCGAanalyze_EA | 0 | 0 | 0 | |
| TCGAanalyze_EAcomplete | 3.65 | 0.11 | 3.76 | |
| TCGAanalyze_Filtering | 4.16 | 0.04 | 4.21 | |
| TCGAanalyze_LevelTab | 7.86 | 0.08 | 7.93 | |
| TCGAanalyze_Normalization | 1.47 | 0.02 | 1.49 | |
| TCGAanalyze_Pathview | 0 | 0 | 0 | |
| TCGAanalyze_Stemness | 2.00 | 0.03 | 2.03 | |
| TCGAanalyze_SurvivalKM | 0.14 | 0.00 | 0.14 | |
| TCGAanalyze_survival | 2.76 | 0.06 | 3.03 | |
| TCGAprepare_Affy | 0 | 0 | 0 | |
| TCGAquery_MatchedCoupledSampleTypes | 0 | 0 | 0 | |
| TCGAquery_SampleTypes | 0 | 0 | 0 | |
| TCGAquery_recount2 | 0 | 0 | 0 | |
| TCGAquery_subtype | 0 | 0 | 0 | |
| TCGAtumor_purity | 0.13 | 0.00 | 0.12 | |
| TCGAvisualize_EAbarplot | 3.08 | 0.06 | 3.14 | |
| TCGAvisualize_Heatmap | 2.59 | 0.58 | 2.38 | |
| TCGAvisualize_PCA | 1.80 | 0.05 | 1.84 | |
| TCGAvisualize_meanMethylation | 3.17 | 0.07 | 3.25 | |
| TCGAvisualize_oncoprint | 0 | 0 | 0 | |
| TCGAvisualize_starburst | 0 | 0 | 0 | |
| UseRaw_afterFilter | 0 | 0 | 0 | |
| colDataPrepare | 0.09 | 0.00 | 0.62 | |
| dmc.non.parametric | 0.16 | 0.00 | 0.16 | |
| dmc.non.parametric.se | 0.2 | 0.0 | 0.2 | |
| gaiaCNVplot | 0.03 | 0.00 | 0.03 | |
| geneInfoHT | 0 | 0 | 0 | |
| getAdjacencyBiogrid | 0.02 | 0.00 | 0.02 | |
| getDataCategorySummary | 1.12 | 0.06 | 2.56 | |
| getGDCInfo | 0.02 | 0.00 | 0.17 | |
| getGDCprojects | 0.03 | 0.00 | 0.17 | |
| getLinkedOmicsData | 0 | 0 | 0 | |
| getMC3MAF | 0 | 0 | 0 | |
| getManifest | 10.82 | 0.19 | 100.67 | |
| getNbCases | 0 | 0 | 0 | |
| getNbFiles | 0 | 0 | 0 | |
| getProjectSummary | 0.05 | 0.00 | 0.34 | |
| getResults | 0.58 | 0.03 | 6.75 | |
| getSampleFilesSummary | 0.52 | 0.05 | 1.54 | |
| getTSS | 0 | 0 | 0 | |
| gliomaClassifier | 0 | 0 | 0 | |
| isServeOK | 0.00 | 0.00 | 0.15 | |
| matchedMetExp | 0.96 | 0.00 | 9.81 | |