| Back to Multiple platform build/check report for BioC 3.19: simplified long | 
 | 
This page was generated on 2024-10-15 21:54 -0400 (Tue, 15 Oct 2024).
| Hostname | OS | Arch (*) | R version | Installed pkgs | 
|---|---|---|---|---|
| nebbiolo1 | Linux (Ubuntu 22.04.3 LTS) | x86_64 | 4.4.1 (2024-06-14) -- "Race for Your Life" | 4763 | 
| merida1 | macOS 12.7.5 Monterey | x86_64 | 4.4.1 (2024-06-14) -- "Race for Your Life" | 4529 | 
| kjohnson1 | macOS 13.6.6 Ventura | arm64 | 4.4.1 (2024-06-14) -- "Race for Your Life" | 4479 | 
| Click on any hostname to see more info about the system (e.g. compilers) (*) as reported by 'uname -p', except on Windows and Mac OS X | ||||
| Package 2138/2300 | Hostname | OS / Arch | INSTALL | BUILD | CHECK | BUILD BIN | ||||||||
| TCGAbiolinks 2.32.0  (landing page) Tiago Chedraoui Silva 
 | nebbiolo1 | Linux (Ubuntu 22.04.3 LTS) / x86_64 | OK | OK | WARNINGS |  | ||||||||
| merida1 | macOS 12.7.5 Monterey / x86_64 | OK | OK | WARNINGS | OK |  | ||||||||
| kjohnson1 | macOS 13.6.6 Ventura / arm64 | OK | ERROR | skipped | skipped | |||||||||
| To the developers/maintainers of the TCGAbiolinks package: - Allow up to 24 hours (and sometimes 48 hours) for your latest push to git@git.bioconductor.org:packages/TCGAbiolinks.git to reflect on this report. See Troubleshooting Build Report for more information. - Use the following Renviron settings to reproduce errors and warnings. - If 'R CMD check' started to fail recently on the Linux builder(s) over a missing dependency, add the missing dependency to 'Suggests:' in your DESCRIPTION file. See Renviron.bioc for more information. | 
| Package: TCGAbiolinks | 
| Version: 2.32.0 | 
| Command: /Library/Frameworks/R.framework/Resources/bin/R CMD check --install=check:TCGAbiolinks.install-out.txt --library=/Library/Frameworks/R.framework/Resources/library --no-vignettes --timings TCGAbiolinks_2.32.0.tar.gz | 
| StartedAt: 2024-10-14 14:04:05 -0400 (Mon, 14 Oct 2024) | 
| EndedAt: 2024-10-14 14:24:00 -0400 (Mon, 14 Oct 2024) | 
| EllapsedTime: 1195.1 seconds | 
| RetCode: 0 | 
| Status: WARNINGS | 
| CheckDir: TCGAbiolinks.Rcheck | 
| Warnings: 2 | 
##############################################################################
##############################################################################
###
### Running command:
###
###   /Library/Frameworks/R.framework/Resources/bin/R CMD check --install=check:TCGAbiolinks.install-out.txt --library=/Library/Frameworks/R.framework/Resources/library --no-vignettes --timings TCGAbiolinks_2.32.0.tar.gz
###
##############################################################################
##############################################################################
* using log directory ‘/Users/biocbuild/bbs-3.19-bioc/meat/TCGAbiolinks.Rcheck’
* using R version 4.4.1 (2024-06-14)
* using platform: x86_64-apple-darwin20
* R was compiled by
    Apple clang version 14.0.0 (clang-1400.0.29.202)
    GNU Fortran (GCC) 12.2.0
* running under: macOS Monterey 12.7.6
* using session charset: UTF-8
* using option ‘--no-vignettes’
* checking for file ‘TCGAbiolinks/DESCRIPTION’ ... OK
* checking extension type ... Package
* this is package ‘TCGAbiolinks’ version ‘2.32.0’
* package encoding: UTF-8
* checking package namespace information ... OK
* checking package dependencies ... OK
* checking if this is a source package ... OK
* checking if there is a namespace ... OK
* checking for hidden files and directories ... OK
* checking for portable file names ... OK
* checking for sufficient/correct file permissions ... OK
* checking whether package ‘TCGAbiolinks’ can be installed ... OK
* checking installed package size ... NOTE
  installed size is  6.4Mb
  sub-directories of 1Mb or more:
    R      1.6Mb
    data   4.5Mb
* checking package directory ... OK
* checking ‘build’ directory ... OK
* checking DESCRIPTION meta-information ... OK
* checking top-level files ... OK
* checking for left-over files ... OK
* checking index information ... OK
* checking package subdirectories ... OK
* checking code files for non-ASCII characters ... OK
* checking R files for syntax errors ... OK
* checking whether the package can be loaded ... OK
* checking whether the package can be loaded with stated dependencies ... OK
* checking whether the package can be unloaded cleanly ... OK
* checking whether the namespace can be loaded with stated dependencies ... OK
* checking whether the namespace can be unloaded cleanly ... OK
* checking whether startup messages can be suppressed ... OK
* checking dependencies in R code ... WARNING
'::' or ':::' import not declared from: ‘dnet’
* checking S3 generic/method consistency ... WARNING
print:
  function(x, ...)
print.header:
  function(text, type)
See section ‘Generic functions and methods’ in the ‘Writing R
Extensions’ manual.
* checking replacement functions ... OK
* checking foreign function calls ... OK
* checking R code for possible problems ... NOTE
GDCprepare_clinic: no visible binding for global variable
  ‘bcr_patient_barcode’
GDCprepare_clinic: no visible binding for global variable
  ‘days_to_last_followup’
GDCprepare_clinic: no visible binding for global variable
  ‘vital_status’
GDCquery : <anonymous>: no visible binding for global variable
  ‘submitter_id’
GDCquery : <anonymous>: no visible binding for global variable
  ‘is_ffpe’
GDCquery_clinic : <anonymous>: no visible binding for global variable
  ‘submitter_id’
GDCquery_clinic : <anonymous>: no visible global function definition
  for ‘across’
GDCquery_clinic : <anonymous>: no visible global function definition
  for ‘everything’
TCGAanalyze_DEA: no visible binding for global variable ‘barcode’
TCGAanalyze_DEA: no visible binding for global variable ‘clinical’
TCGAquery_recount2: no visible binding for global variable ‘rse_gene’
TCGAtumor_purity: no visible binding for global variable ‘Tumor.purity’
TCGAvisualize_oncoprint: no visible binding for global variable ‘value’
TCGAvisualize_starburst: no visible binding for global variable
  ‘gene_name’
TCGAvisualize_starburst: no visible binding for global variable
  ‘geFDR2’
TCGAvisualize_starburst: no visible binding for global variable ‘logFC’
TCGAvisualize_starburst: no visible binding for global variable
  ‘meFDR2’
TCGAvisualize_starburst: no visible binding for global variable
  ‘threshold.starburst’
TCGAvisualize_starburst: no visible binding for global variable
  ‘starburst.status’
colDataPrepare: no visible binding for global variable
  ‘sample_submitter_id’
colDataPrepare: no visible binding for global variable ‘submitter_id’
readExonQuantification: no visible binding for global variable ‘exon’
readExonQuantification: no visible binding for global variable
  ‘coordinates’
readSingleCellAnalysis : <anonymous>: no visible global function
  definition for ‘Read10X’
read_gene_expression_quantification : <anonymous>: no visible binding
  for '<<-' assignment to ‘assay.list’
read_gene_expression_quantification: no visible binding for global
  variable ‘assay.list’
Undefined global functions or variables:
  Read10X Tumor.purity across assay.list barcode bcr_patient_barcode
  clinical coordinates days_to_last_followup everything exon geFDR2
  gene_name is_ffpe logFC meFDR2 rse_gene sample_submitter_id
  starburst.status submitter_id threshold.starburst value vital_status
* checking Rd files ... OK
* checking Rd metadata ... OK
* checking Rd cross-references ... OK
* checking for missing documentation entries ... OK
* checking for code/documentation mismatches ... OK
* checking Rd \usage sections ... OK
* checking Rd contents ... OK
* checking for unstated dependencies in examples ... OK
* checking contents of ‘data’ directory ... OK
* checking data for non-ASCII characters ... OK
* checking LazyData ... OK
* checking data for ASCII and uncompressed saves ... OK
* checking R/sysdata.rda ... OK
* checking files in ‘vignettes’ ... OK
* checking examples ... OK
Examples with CPU (user + system) or elapsed time > 5s
                                user system elapsed
getManifest                   20.939  0.570 119.358
TCGAanalyze_DEA               17.991  0.869  26.617
TCGAanalyze_LevelTab           7.480  0.205  10.775
TCGAvisualize_meanMethylation  7.156  0.145  10.645
TCGAanalyze_survival           6.500  0.247   9.686
TCGAanalyze_EAcomplete         5.463  0.170   7.762
TCGAvisualize_EAbarplot        5.350  0.185   7.822
TCGAanalyze_Filtering          5.359  0.136   7.654
TCGAvisualize_Heatmap          5.038  0.172   7.353
TCGAanalyze_Stemness           4.107  0.111   6.109
getDataCategorySummary         2.986  0.050   5.669
GDCquery                       2.909  0.117  12.177
GDCprepare_clinic              2.435  0.260  33.541
matchedMetExp                  2.052  0.063  12.527
GDCquery_clinic                1.805  0.091   5.618
getResults                     1.458  0.041   8.206
* checking for unstated dependencies in ‘tests’ ... OK
* checking tests ...
  Running ‘testthat.R’
 OK
* checking for unstated dependencies in vignettes ... OK
* checking package vignettes ... OK
* checking running R code from vignettes ... SKIPPED
* checking re-building of vignette outputs ... SKIPPED
* checking PDF version of manual ... OK
* DONE
Status: 2 WARNINGs, 2 NOTEs
See
  ‘/Users/biocbuild/bbs-3.19-bioc/meat/TCGAbiolinks.Rcheck/00check.log’
for details.
TCGAbiolinks.Rcheck/00install.out
############################################################################## ############################################################################## ### ### Running command: ### ### /Library/Frameworks/R.framework/Resources/bin/R CMD INSTALL TCGAbiolinks ### ############################################################################## ############################################################################## * installing to library ‘/Library/Frameworks/R.framework/Versions/4.4-x86_64/Resources/library’ * installing *source* package ‘TCGAbiolinks’ ... ** using staged installation ** R ** data *** moving datasets to lazyload DB ** inst ** byte-compile and prepare package for lazy loading ** help *** installing help indices ** building package indices ** installing vignettes ** testing if installed package can be loaded from temporary location ** testing if installed package can be loaded from final location ** testing if installed package keeps a record of temporary installation path * DONE (TCGAbiolinks)
TCGAbiolinks.Rcheck/tests/testthat.Rout
R version 4.4.1 (2024-06-14) -- "Race for Your Life"
Copyright (C) 2024 The R Foundation for Statistical Computing
Platform: x86_64-apple-darwin20
R is free software and comes with ABSOLUTELY NO WARRANTY.
You are welcome to redistribute it under certain conditions.
Type 'license()' or 'licence()' for distribution details.
R is a collaborative project with many contributors.
Type 'contributors()' for more information and
'citation()' on how to cite R or R packages in publications.
Type 'demo()' for some demos, 'help()' for on-line help, or
'help.start()' for an HTML browser interface to help.
Type 'q()' to quit R.
> library(testthat)
> library(TCGAbiolinks)
> 
> test_check("TCGAbiolinks")
|                                                    |  0%                      
|==========================                          | 50% ~0 s remaining       
|====================================================|100% ~0 s remaining       
|====================================================|100%                      Completed after 0 s 
|                                                    |  0%                      
|==========================                          | 50% ~0 s remaining       
|====================================================|100% ~0 s remaining       
|====================================================|100%                      Completed after 0 s 
[1] "I need about  1 minute to finish complete  Enrichment analysis GO[BP,MF,CC] and Pathways... "
[1] "GO Enrichment Analysis BP completed....done"
[1] "GO Enrichment Analysis MF completed....done"
[1] "GO Enrichment Analysis CC completed....done"
[1] "Pathway Enrichment Analysis completed....done"
[ FAIL 0 | WARN 0 | SKIP 24 | PASS 32 ]
══ Skipped tests (24) ══════════════════════════════════════════════════════════
• On Bioconductor (24): 'test-prepare-download.R:4:5',
  'test-prepare-download.R:49:5', 'test-prepare-download.R:92:5',
  'test-prepare-download.R:102:5', 'test-prepare-download.R:124:5',
  'test-prepare-download.R:145:5', 'test-prepare-download.R:164:5',
  'test-prepare-download.R:183:5', 'test-prepare-download.R:199:5',
  'test-prepare-download.R:209:5', 'test-prepare-download.R:221:5',
  'test-prepare-download.R:246:5', 'test-prepare-download.R:286:5',
  'test-prepare-download.R:316:5', 'test-prepare-download.R:347:5',
  'test-prepare-download.R:381:5', 'test-query-clinical.R:13:5',
  'test-query-clinical.R:69:5', 'test-query.R:5:5', 'test-query.R:15:5',
  'test-query.R:44:5', 'test-query.R:86:5', 'test-query.R:127:5',
  'test-query.R:147:5'
[ FAIL 0 | WARN 0 | SKIP 24 | PASS 32 ]
> 
> proc.time()
   user  system elapsed 
 82.455   3.832 124.133 
TCGAbiolinks.Rcheck/TCGAbiolinks-Ex.timings
| name | user | system | elapsed | |
| GDCdownload | 0.001 | 0.002 | 0.007 | |
| GDCprepare | 0.000 | 0.001 | 0.005 | |
| GDCprepare_clinic | 2.435 | 0.260 | 33.541 | |
| GDCquery | 2.909 | 0.117 | 12.177 | |
| GDCquery_ATAC_seq | 0.664 | 0.046 | 2.056 | |
| GDCquery_clinic | 1.805 | 0.091 | 5.618 | |
| PanCancerAtlas_subtypes | 0.022 | 0.002 | 0.035 | |
| TCGAVisualize_volcano | 0.678 | 0.046 | 1.963 | |
| TCGA_MolecularSubtype | 1.026 | 0.026 | 1.511 | |
| TCGAanalyze_DEA | 17.991 | 0.869 | 26.617 | |
| TCGAanalyze_DEA_Affy | 0 | 0 | 0 | |
| TCGAanalyze_DMC | 2.635 | 0.297 | 4.111 | |
| TCGAanalyze_EA | 0 | 0 | 0 | |
| TCGAanalyze_EAcomplete | 5.463 | 0.170 | 7.762 | |
| TCGAanalyze_Filtering | 5.359 | 0.136 | 7.654 | |
| TCGAanalyze_LevelTab | 7.480 | 0.205 | 10.775 | |
| TCGAanalyze_Normalization | 2.621 | 0.048 | 3.768 | |
| TCGAanalyze_Pathview | 0.000 | 0.001 | 0.004 | |
| TCGAanalyze_Stemness | 4.107 | 0.111 | 6.109 | |
| TCGAanalyze_SurvivalKM | 0.336 | 0.016 | 0.516 | |
| TCGAanalyze_survival | 6.500 | 0.247 | 9.686 | |
| TCGAprepare_Affy | 0.000 | 0.001 | 0.001 | |
| TCGAquery_MatchedCoupledSampleTypes | 0.004 | 0.001 | 0.006 | |
| TCGAquery_SampleTypes | 0.002 | 0.001 | 0.003 | |
| TCGAquery_recount2 | 0.000 | 0.000 | 0.001 | |
| TCGAquery_subtype | 0.013 | 0.002 | 0.021 | |
| TCGAtumor_purity | 0.106 | 0.002 | 0.131 | |
| TCGAvisualize_EAbarplot | 5.350 | 0.185 | 7.822 | |
| TCGAvisualize_Heatmap | 5.038 | 0.172 | 7.353 | |
| TCGAvisualize_PCA | 2.985 | 0.054 | 4.323 | |
| TCGAvisualize_meanMethylation | 7.156 | 0.145 | 10.645 | |
| TCGAvisualize_oncoprint | 0.001 | 0.002 | 0.002 | |
| TCGAvisualize_starburst | 0.000 | 0.002 | 0.004 | |
| UseRaw_afterFilter | 0.001 | 0.001 | 0.001 | |
| colDataPrepare | 0.257 | 0.008 | 0.813 | |
| dmc.non.parametric | 0.253 | 0.073 | 0.392 | |
| dmc.non.parametric.se | 0.416 | 0.036 | 0.593 | |
| gaiaCNVplot | 0.076 | 0.005 | 0.111 | |
| geneInfoHT | 0.001 | 0.001 | 0.002 | |
| getAdjacencyBiogrid | 0.003 | 0.001 | 0.005 | |
| getDataCategorySummary | 2.986 | 0.050 | 5.669 | |
| getGDCInfo | 0.032 | 0.003 | 0.200 | |
| getGDCprojects | 0.032 | 0.001 | 0.184 | |
| getLinkedOmicsData | 0.001 | 0.001 | 0.002 | |
| getMC3MAF | 0.000 | 0.000 | 0.001 | |
| getManifest | 20.939 | 0.570 | 119.358 | |
| getNbCases | 0.001 | 0.001 | 0.000 | |
| getNbFiles | 0.000 | 0.000 | 0.001 | |
| getProjectSummary | 0.066 | 0.006 | 0.465 | |
| getResults | 1.458 | 0.041 | 8.206 | |
| getSampleFilesSummary | 0.950 | 0.033 | 2.457 | |
| getTSS | 0.000 | 0.000 | 0.001 | |
| gliomaClassifier | 0.001 | 0.001 | 0.003 | |
| isServeOK | 0.031 | 0.003 | 0.176 | |
| matchedMetExp | 2.052 | 0.063 | 12.527 | |