| Back to Multiple platform build/check report for BioC 3.19: simplified long |
|
This page was generated on 2024-05-09 11:41:12 -0400 (Thu, 09 May 2024).
| Hostname | OS | Arch (*) | R version | Installed pkgs |
|---|---|---|---|---|
| nebbiolo1 | Linux (Ubuntu 22.04.3 LTS) | x86_64 | 4.4.0 (2024-04-24) -- "Puppy Cup" | 4748 |
| palomino3 | Windows Server 2022 Datacenter | x64 | 4.4.0 (2024-04-24 ucrt) -- "Puppy Cup" | 4484 |
| lconway | macOS 12.7.1 Monterey | x86_64 | 4.4.0 (2024-04-24) -- "Puppy Cup" | 4514 |
| kunpeng2 | Linux (openEuler 22.03 LTS-SP1) | aarch64 | 4.4.0 beta (2024-04-15 r86425) -- "Puppy Cup" | 4480 |
| Click on any hostname to see more info about the system (e.g. compilers) (*) as reported by 'uname -p', except on Windows and Mac OS X | ||||
| Package 1467/2300 | Hostname | OS / Arch | INSTALL | BUILD | CHECK | BUILD BIN | ||||||||
| OmnipathR 3.12.0 (landing page) Denes Turei
| nebbiolo1 | Linux (Ubuntu 22.04.3 LTS) / x86_64 | OK | OK | ERROR | |||||||||
| palomino3 | Windows Server 2022 Datacenter / x64 | OK | ERROR | skipped | skipped | |||||||||
| lconway | macOS 12.7.1 Monterey / x86_64 | OK | OK | ERROR | OK | |||||||||
| kunpeng2 | Linux (openEuler 22.03 LTS-SP1) / aarch64 | OK | OK | ERROR | ||||||||||
| kjohnson3 | macOS 13.6.5 Ventura / arm64 | see weekly results here | ||||||||||||
|
To the developers/maintainers of the OmnipathR package: - Allow up to 24 hours (and sometimes 48 hours) for your latest push to git@git.bioconductor.org:packages/OmnipathR.git to reflect on this report. See Troubleshooting Build Report for more information. - Use the following Renviron settings to reproduce errors and warnings. - If 'R CMD check' started to fail recently on the Linux builder(s) over a missing dependency, add the missing dependency to 'Suggests:' in your DESCRIPTION file. See Renviron.bioc for more information. - See Martin Grigorov's blog post for how to debug Linux ARM64 related issues on a x86_64 host. |
| Package: OmnipathR |
| Version: 3.12.0 |
| Command: /home/biocbuild/R/R-beta-2024-04-15_r86425/bin/R CMD check --install=check:OmnipathR.install-out.txt --library=/home/biocbuild/R/R-beta-2024-04-15_r86425/site-library --no-vignettes --timings OmnipathR_3.12.0.tar.gz |
| StartedAt: 2024-05-09 10:12:54 -0000 (Thu, 09 May 2024) |
| EndedAt: 2024-05-09 10:30:44 -0000 (Thu, 09 May 2024) |
| EllapsedTime: 1070.2 seconds |
| RetCode: 1 |
| Status: ERROR |
| CheckDir: OmnipathR.Rcheck |
| Warnings: NA |
##############################################################################
##############################################################################
###
### Running command:
###
### /home/biocbuild/R/R-beta-2024-04-15_r86425/bin/R CMD check --install=check:OmnipathR.install-out.txt --library=/home/biocbuild/R/R-beta-2024-04-15_r86425/site-library --no-vignettes --timings OmnipathR_3.12.0.tar.gz
###
##############################################################################
##############################################################################
* using log directory ‘/home/biocbuild/bbs-3.19-bioc/meat/OmnipathR.Rcheck’
* using R version 4.4.0 beta (2024-04-15 r86425)
* using platform: aarch64-unknown-linux-gnu
* R was compiled by
gcc (GCC) 10.3.1
GNU Fortran (GCC) 10.3.1
* running under: openEuler 22.03 (LTS-SP1)
* using session charset: UTF-8
* using option ‘--no-vignettes’
* checking for file ‘OmnipathR/DESCRIPTION’ ... OK
* checking extension type ... Package
* this is package ‘OmnipathR’ version ‘3.12.0’
* package encoding: UTF-8
* checking package namespace information ... OK
* checking package dependencies ... OK
* checking if this is a source package ... OK
* checking if there is a namespace ... OK
* checking for hidden files and directories ... OK
* checking for portable file names ... OK
* checking for sufficient/correct file permissions ... OK
* checking whether package ‘OmnipathR’ can be installed ... OK
* checking installed package size ... OK
* checking package directory ... OK
* checking DESCRIPTION meta-information ... NOTE
License stub is invalid DCF.
* checking top-level files ... OK
* checking for left-over files ... OK
* checking index information ... OK
* checking package subdirectories ... OK
* checking code files for non-ASCII characters ... OK
* checking R files for syntax errors ... OK
* checking whether the package can be loaded ... OK
* checking whether the package can be loaded with stated dependencies ... OK
* checking whether the package can be unloaded cleanly ... OK
* checking whether the namespace can be loaded with stated dependencies ... OK
* checking whether the namespace can be unloaded cleanly ... OK
* checking loading without being on the library search path ... OK
* checking whether startup messages can be suppressed ... NOTE
[2024-05-09 10:13:21] [TRACE] [OmnipathR] Reading JSON from `/home/biocbuild/.cache/OmnipathR/cache.json` (encoding: UTF-8).
[2024-05-09 10:13:21] [TRACE] [OmnipathR] JSON validation successful: TRUE
[2024-05-09 10:13:21] [INFO] [OmnipathR] Initialized cache: `/home/biocbuild/.cache/OmnipathR`.
[2024-05-09 10:13:21] [TRACE] [OmnipathR] Running on a build server, wiping cache.
[2024-05-09 10:13:21] [TRACE] [OmnipathR] Cache is at `/home/biocbuild/.cache/OmnipathR`.
[2024-05-09 10:13:21] [TRACE] [OmnipathR] Contains 1 files.
[2024-05-09 10:13:21] [TRACE] [OmnipathR] Cache is locked: FALSE.
[2024-05-09 10:13:21] [TRACE] [OmnipathR] Reading JSON from `/home/biocbuild/.cache/OmnipathR/cache.json` (encoding: UTF-8).
[2024-05-09 10:13:21] [TRACE] [OmnipathR] JSON validation successful: TRUE
[2024-05-09 10:13:21] [SUCCESS] [OmnipathR] Removing all cache contents from `/home/biocbuild/.cache/OmnipathR`.
[2024-05-09 10:13:21] [TRACE] [OmnipathR] Pandoc version: `2.12`.
[2024-05-09 10:13:21] [TRACE] [OmnipathR] Reading JSON from `/home/biocbuild/R/R-beta-2024-04-15_r86425/site-library/OmnipathR/db/db_def.json` (encoding: UTF-8).
[2024-05-09 10:13:21] [TRACE] [OmnipathR] JSON validation successful: TRUE
[2024-05-09 10:13:21] [TRACE] [OmnipathR] Reading JSON from `/home/biocbuild/R/R-beta-2024-04-15_r86425/site-library/OmnipathR/internal/magic_bytes.json` (encoding: UTF-8).
[2024-05-09 10:13:21] [TRACE] [OmnipathR] JSON validation successful: TRUE
[2024-05-09 10:13:21] [TRACE] [OmnipathR] Reading JSON from `/home/biocbuild/R/R-beta-2024-04-15_r86425/site-library/OmnipathR/internal/urls.json` (encoding: UTF-8).
[2024-05-09 10:13:21] [TRACE] [OmnipathR] JSON validation successful: TRUE
[2024-05-09 10:13:21] [TRACE] [OmnipathR] Reading JSON from `/home/biocbuild/R/R-beta-2024-04-15_r86425/site-library/OmnipathR/internal/id_types.json` (encoding: UTF-8).
[2024-05-09 10:13:21] [TRACE] [OmnipathR] JSON validation successful: TRUE
[2024-05-09 10:13:21] [TRACE] [OmnipathR] Cache locked: FALSE
It looks like this package (or a package it requires) has a startup
message which cannot be suppressed: see ?packageStartupMessage.
* checking dependencies in R code ... OK
* checking S3 generic/method consistency ... OK
* checking replacement functions ... OK
* checking foreign function calls ... OK
* checking R code for possible problems ... NOTE
[2024-05-09 10:13:34] [TRACE] [OmnipathR] Reading JSON from `/home/biocbuild/.cache/OmnipathR/cache.json` (encoding: UTF-8).
[2024-05-09 10:13:34] [TRACE] [OmnipathR] JSON validation successful: TRUE
[2024-05-09 10:13:34] [INFO] [OmnipathR] Initialized cache: `/home/biocbuild/.cache/OmnipathR`.
[2024-05-09 10:13:34] [TRACE] [OmnipathR] Running on a build server, wiping cache.
[2024-05-09 10:13:34] [TRACE] [OmnipathR] Cache is at `/home/biocbuild/.cache/OmnipathR`.
[2024-05-09 10:13:34] [TRACE] [OmnipathR] Contains 1 files.
[2024-05-09 10:13:34] [TRACE] [OmnipathR] Cache is locked: FALSE.
[2024-05-09 10:13:34] [TRACE] [OmnipathR] Reading JSON from `/home/biocbuild/.cache/OmnipathR/cache.json` (encoding: UTF-8).
[2024-05-09 10:13:34] [TRACE] [OmnipathR] JSON validation successful: TRUE
[2024-05-09 10:13:34] [SUCCESS] [OmnipathR] Removing all cache contents from `/home/biocbuild/.cache/OmnipathR`.
[2024-05-09 10:13:34] [TRACE] [OmnipathR] Pandoc version: `2.12`.
[2024-05-09 10:13:34] [TRACE] [OmnipathR] Reading JSON from `/home/biocbuild/R/R-beta-2024-04-15_r86425/site-library/OmnipathR/db/db_def.json` (encoding: UTF-8).
[2024-05-09 10:13:34] [TRACE] [OmnipathR] JSON validation successful: TRUE
[2024-05-09 10:13:34] [TRACE] [OmnipathR] Reading JSON from `/home/biocbuild/R/R-beta-2024-04-15_r86425/site-library/OmnipathR/internal/magic_bytes.json` (encoding: UTF-8).
[2024-05-09 10:13:34] [TRACE] [OmnipathR] JSON validation successful: TRUE
[2024-05-09 10:13:34] [TRACE] [OmnipathR] Reading JSON from `/home/biocbuild/R/R-beta-2024-04-15_r86425/site-library/OmnipathR/internal/urls.json` (encoding: UTF-8).
[2024-05-09 10:13:34] [TRACE] [OmnipathR] JSON validation successful: TRUE
[2024-05-09 10:13:34] [TRACE] [OmnipathR] Reading JSON from `/home/biocbuild/R/R-beta-2024-04-15_r86425/site-library/OmnipathR/internal/id_types.json` (encoding: UTF-8).
[2024-05-09 10:13:34] [TRACE] [OmnipathR] JSON validation successful: TRUE
[2024-05-09 10:13:34] [TRACE] [OmnipathR] Cache locked: FALSE
* checking Rd files ... OK
* checking Rd metadata ... OK
* checking Rd cross-references ... OK
* checking for missing documentation entries ... WARNING
Undocumented code objects:
‘oma_pairwise_translated’
All user-level objects in a package should have documentation entries.
See chapter ‘Writing R documentation files’ in the ‘Writing R
Extensions’ manual.
* checking for code/documentation mismatches ... OK
* checking Rd \usage sections ... OK
* checking Rd contents ... OK
* checking for unstated dependencies in examples ... OK
* checking R/sysdata.rda ... OK
* checking files in ‘vignettes’ ... OK
* checking examples ... ERROR
Running examples in ‘OmnipathR-Ex.R’ failed
The error most likely occurred in:
> base::assign(".ptime", proc.time(), pos = "CheckExEnv")
> ### Name: organism_for
> ### Title: Make sure the resource supports the organism and it has the ID
> ### Aliases: organism_for
>
> ### ** Examples
>
> organism_for(10116, 'chalmers-gem')
[1] "Rat"
> # [1] "Rat"
> organism_for(6239, 'chalmers-gem')
Error in organism_for(6239, "chalmers-gem") :
Organism `6239` (common_name: `Caenorhabditis elegans (Nematode, N2)`; common_name: `Caenorhabditis elegans (Nematode, N2)`) is not supported by resource `chalmers-gem`. Supported organisms: Human, Mouse, Rat, Zebrafish, Drosophila melanogaster (Fruit fly), Caenorhabditis elegans (PRJNA13758).
Execution halted
* checking for unstated dependencies in ‘tests’ ... OK
* checking tests ...
Running ‘testthat.R’
OK
* checking for unstated dependencies in vignettes ... OK
* checking package vignettes ... OK
* checking running R code from vignettes ... SKIPPED
* checking re-building of vignette outputs ... SKIPPED
* checking PDF version of manual ... WARNING
LaTeX errors when creating PDF version.
This typically indicates Rd problems.
LaTeX errors found:
! Package textcomp Error: Symbol \textrightarrow not provided by
(textcomp) font family ptm in TS1 encoding.
(textcomp) Default family used instead.
See the textcomp package documentation for explanation.
* checking PDF version of manual without index ... ERROR
* DONE
Status: 2 ERRORs, 2 WARNINGs, 3 NOTEs
See
‘/home/biocbuild/bbs-3.19-bioc/meat/OmnipathR.Rcheck/00check.log’
for details.
OmnipathR.Rcheck/00install.out
############################################################################## ############################################################################## ### ### Running command: ### ### /home/biocbuild/R/R-beta-2024-04-15_r86425/bin/R CMD INSTALL OmnipathR ### ############################################################################## ############################################################################## * installing to library ‘/home/biocbuild/R/R-beta-2024-04-15_r86425/site-library’ * installing *source* package ‘OmnipathR’ ... ** using staged installation ** R ** inst ** byte-compile and prepare package for lazy loading ** help *** installing help indices *** copying figures ** building package indices ** installing vignettes ** testing if installed package can be loaded from temporary location [2024-05-08 20:39:33] [TRACE] [OmnipathR] Reading JSON from `/home/biocbuild/.cache/OmnipathR/cache.json` (encoding: UTF-8). [2024-05-08 20:39:33] [TRACE] [OmnipathR] JSON validation successful: TRUE [2024-05-08 20:39:33] [INFO] [OmnipathR] Initialized cache: `/home/biocbuild/.cache/OmnipathR`. [2024-05-08 20:39:33] [TRACE] [OmnipathR] Running on a build server, wiping cache. [2024-05-08 20:39:33] [TRACE] [OmnipathR] Cache is at `/home/biocbuild/.cache/OmnipathR`. [2024-05-08 20:39:33] [TRACE] [OmnipathR] Contains 6 files. [2024-05-08 20:39:33] [TRACE] [OmnipathR] Cache is locked: FALSE. [2024-05-08 20:39:33] [TRACE] [OmnipathR] Reading JSON from `/home/biocbuild/.cache/OmnipathR/cache.json` (encoding: UTF-8). [2024-05-08 20:39:33] [TRACE] [OmnipathR] JSON validation successful: TRUE [2024-05-08 20:39:33] [SUCCESS] [OmnipathR] Removing all cache contents from `/home/biocbuild/.cache/OmnipathR`. [2024-05-08 20:39:33] [TRACE] [OmnipathR] Pandoc version: `2.12`. [2024-05-08 20:39:33] [TRACE] [OmnipathR] Reading JSON from `/home/biocbuild/R/R-beta-2024-04-15_r86425/site-library/00LOCK-OmnipathR/00new/OmnipathR/db/db_def.json` (encoding: UTF-8). [2024-05-08 20:39:33] [TRACE] [OmnipathR] JSON validation successful: TRUE [2024-05-08 20:39:33] [TRACE] [OmnipathR] Reading JSON from `/home/biocbuild/R/R-beta-2024-04-15_r86425/site-library/00LOCK-OmnipathR/00new/OmnipathR/internal/magic_bytes.json` (encoding: UTF-8). [2024-05-08 20:39:33] [TRACE] [OmnipathR] JSON validation successful: TRUE [2024-05-08 20:39:33] [TRACE] [OmnipathR] Reading JSON from `/home/biocbuild/R/R-beta-2024-04-15_r86425/site-library/00LOCK-OmnipathR/00new/OmnipathR/internal/urls.json` (encoding: UTF-8). [2024-05-08 20:39:33] [TRACE] [OmnipathR] JSON validation successful: TRUE [2024-05-08 20:39:33] [TRACE] [OmnipathR] Reading JSON from `/home/biocbuild/R/R-beta-2024-04-15_r86425/site-library/00LOCK-OmnipathR/00new/OmnipathR/internal/id_types.json` (encoding: UTF-8). [2024-05-08 20:39:33] [TRACE] [OmnipathR] JSON validation successful: TRUE [2024-05-08 20:39:33] [TRACE] [OmnipathR] Cache locked: FALSE ** testing if installed package can be loaded from final location [2024-05-08 20:39:35] [TRACE] [OmnipathR] Reading JSON from `/home/biocbuild/.cache/OmnipathR/cache.json` (encoding: UTF-8). [2024-05-08 20:39:35] [TRACE] [OmnipathR] JSON validation successful: TRUE [2024-05-08 20:39:35] [INFO] [OmnipathR] Initialized cache: `/home/biocbuild/.cache/OmnipathR`. [2024-05-08 20:39:35] [TRACE] [OmnipathR] Running on a build server, wiping cache. [2024-05-08 20:39:35] [TRACE] [OmnipathR] Cache is at `/home/biocbuild/.cache/OmnipathR`. [2024-05-08 20:39:35] [TRACE] [OmnipathR] Contains 1 files. [2024-05-08 20:39:35] [TRACE] [OmnipathR] Cache is locked: FALSE. [2024-05-08 20:39:35] [TRACE] [OmnipathR] Reading JSON from `/home/biocbuild/.cache/OmnipathR/cache.json` (encoding: UTF-8). [2024-05-08 20:39:35] [TRACE] [OmnipathR] JSON validation successful: TRUE [2024-05-08 20:39:35] [SUCCESS] [OmnipathR] Removing all cache contents from `/home/biocbuild/.cache/OmnipathR`. [2024-05-08 20:39:35] [TRACE] [OmnipathR] Pandoc version: `2.12`. [2024-05-08 20:39:36] [TRACE] [OmnipathR] Reading JSON from `/home/biocbuild/R/R-beta-2024-04-15_r86425/site-library/OmnipathR/db/db_def.json` (encoding: UTF-8). [2024-05-08 20:39:36] [TRACE] [OmnipathR] JSON validation successful: TRUE [2024-05-08 20:39:36] [TRACE] [OmnipathR] Reading JSON from `/home/biocbuild/R/R-beta-2024-04-15_r86425/site-library/OmnipathR/internal/magic_bytes.json` (encoding: UTF-8). [2024-05-08 20:39:36] [TRACE] [OmnipathR] JSON validation successful: TRUE [2024-05-08 20:39:36] [TRACE] [OmnipathR] Reading JSON from `/home/biocbuild/R/R-beta-2024-04-15_r86425/site-library/OmnipathR/internal/urls.json` (encoding: UTF-8). [2024-05-08 20:39:36] [TRACE] [OmnipathR] JSON validation successful: TRUE [2024-05-08 20:39:36] [TRACE] [OmnipathR] Reading JSON from `/home/biocbuild/R/R-beta-2024-04-15_r86425/site-library/OmnipathR/internal/id_types.json` (encoding: UTF-8). [2024-05-08 20:39:36] [TRACE] [OmnipathR] JSON validation successful: TRUE [2024-05-08 20:39:36] [TRACE] [OmnipathR] Cache locked: FALSE ** testing if installed package keeps a record of temporary installation path * DONE (OmnipathR)
OmnipathR.Rcheck/tests/testthat.Rout
R version 4.4.0 beta (2024-04-15 r86425) -- "Puppy Cup"
Copyright (C) 2024 The R Foundation for Statistical Computing
Platform: aarch64-unknown-linux-gnu
R is free software and comes with ABSOLUTELY NO WARRANTY.
You are welcome to redistribute it under certain conditions.
Type 'license()' or 'licence()' for distribution details.
R is a collaborative project with many contributors.
Type 'contributors()' for more information and
'citation()' on how to cite R or R packages in publications.
Type 'demo()' for some demos, 'help()' for on-line help, or
'help.start()' for an HTML browser interface to help.
Type 'q()' to quit R.
> #!/usr/bin/env Rscript
>
> #
> # This file is part of the `OmnipathR` R package
> #
> # Copyright
> # 2018-2024
> # Saez Lab, Uniklinik RWTH Aachen, Heidelberg University
> #
> # File author(s): Alberto Valdeolivas
> # Dénes Türei (turei.denes@gmail.com)
> # Attila Gábor
> #
> # Distributed under the MIT (Expat) License.
> # See accompanying file `LICENSE` or find a copy at
> # https://directory.fsf.org/wiki/License:Expat
> #
> # Website: https://r.omnipathdb.org/
> # Git repo: https://github.com/saezlab/OmnipathR
> #
>
>
> library(testthat)
> library(OmnipathR)
[2024-05-09 10:29:32] [TRACE] [OmnipathR] Reading JSON from `/home/biocbuild/.cache/OmnipathR/cache.json` (encoding: UTF-8).
[2024-05-09 10:29:32] [TRACE] [OmnipathR] JSON validation successful: TRUE
[2024-05-09 10:29:32] [INFO] [OmnipathR] Initialized cache: `/home/biocbuild/.cache/OmnipathR`.
[2024-05-09 10:29:32] [TRACE] [OmnipathR] Running on a build server, wiping cache.
[2024-05-09 10:29:32] [TRACE] [OmnipathR] Cache is at `/home/biocbuild/.cache/OmnipathR`.
[2024-05-09 10:29:32] [TRACE] [OmnipathR] Contains 1 files.
[2024-05-09 10:29:32] [TRACE] [OmnipathR] Cache is locked: FALSE.
[2024-05-09 10:29:32] [TRACE] [OmnipathR] Reading JSON from `/home/biocbuild/.cache/OmnipathR/cache.json` (encoding: UTF-8).
[2024-05-09 10:29:32] [TRACE] [OmnipathR] JSON validation successful: TRUE
[2024-05-09 10:29:32] [SUCCESS] [OmnipathR] Removing all cache contents from `/home/biocbuild/.cache/OmnipathR`.
[2024-05-09 10:29:32] [TRACE] [OmnipathR] Pandoc version: `2.12`.
[2024-05-09 10:29:32] [TRACE] [OmnipathR] Reading JSON from `/home/biocbuild/R/R-beta-2024-04-15_r86425/site-library/OmnipathR/db/db_def.json` (encoding: UTF-8).
[2024-05-09 10:29:32] [TRACE] [OmnipathR] JSON validation successful: TRUE
[2024-05-09 10:29:32] [TRACE] [OmnipathR] Reading JSON from `/home/biocbuild/R/R-beta-2024-04-15_r86425/site-library/OmnipathR/internal/magic_bytes.json` (encoding: UTF-8).
[2024-05-09 10:29:32] [TRACE] [OmnipathR] JSON validation successful: TRUE
[2024-05-09 10:29:32] [TRACE] [OmnipathR] Reading JSON from `/home/biocbuild/R/R-beta-2024-04-15_r86425/site-library/OmnipathR/internal/urls.json` (encoding: UTF-8).
[2024-05-09 10:29:32] [TRACE] [OmnipathR] JSON validation successful: TRUE
[2024-05-09 10:29:32] [TRACE] [OmnipathR] Reading JSON from `/home/biocbuild/R/R-beta-2024-04-15_r86425/site-library/OmnipathR/internal/id_types.json` (encoding: UTF-8).
[2024-05-09 10:29:32] [TRACE] [OmnipathR] JSON validation successful: TRUE
[2024-05-09 10:29:32] [TRACE] [OmnipathR] Cache locked: FALSE
>
> test_check('OmnipathR')
[ FAIL 0 | WARN 1 | SKIP 0 | PASS 34 ]
[ FAIL 0 | WARN 1 | SKIP 0 | PASS 34 ]
>
> proc.time()
user system elapsed
12.248 0.683 57.428
OmnipathR.Rcheck/OmnipathR-Ex.timings
| name | user | system | elapsed | |
| OmnipathR | 0.000 | 0.001 | 0.001 | |
| all_uniprot_acs | 0.033 | 0.000 | 0.032 | |
| all_uniprots | 0.016 | 0.000 | 0.015 | |
| ancestors | 0.016 | 0.000 | 0.015 | |
| annotated_network | 1.928 | 0.186 | 10.216 | |
| annotation_categories | 108.419 | 0.060 | 110.315 | |
| biomart_query | 0.805 | 0.036 | 6.919 | |
| bioplex1 | 0.016 | 0.000 | 0.016 | |
| bioplex2 | 0.016 | 0.000 | 0.016 | |
| bioplex3 | 0.016 | 0.000 | 0.016 | |
| bioplex_all | 0.016 | 0.000 | 0.016 | |
| bioplex_hct116_1 | 0.017 | 0.000 | 0.016 | |
| bma_motif_es | 0.395 | 0.028 | 2.408 | |
| bma_motif_vs | 0.209 | 0.000 | 1.367 | |
| collectri | 164.587 | 2.149 | 168.843 | |
| common_name | 0.031 | 0.000 | 0.031 | |
| consensuspathdb_download | 0.001 | 0.000 | 0.000 | |
| consensuspathdb_raw_table | 0.017 | 0.000 | 0.017 | |
| curated_ligand_receptor_interactions | 5.318 | 0.890 | 23.049 | |
| curated_ligrec_stats | 32.071 | 3.510 | 170.515 | |
| database_summary | 1.742 | 0.068 | 4.933 | |
| descendants | 0.019 | 0.000 | 0.020 | |
| dorothea | 89.149 | 0.909 | 130.989 | |
| ensembl_dataset | 0.010 | 0.000 | 0.009 | |
| ensembl_id_mapping_table | 0.975 | 0.024 | 12.774 | |
| ensembl_id_type | 0.002 | 0.000 | 0.002 | |
| ensembl_name | 0.057 | 0.000 | 0.057 | |
| ensembl_organisms | 0.151 | 0.004 | 0.158 | |
| ensembl_organisms_raw | 0.147 | 0.000 | 0.147 | |
| ensembl_orthology | 0 | 0 | 0 | |
| enzsub_graph | 2.194 | 0.040 | 4.998 | |
| evex_download | 0.017 | 0.000 | 0.016 | |
| evidences | 0 | 0 | 0 | |
| extra_attr_values | 15.102 | 0.510 | 17.387 | |
| extra_attrs | 7.244 | 0.036 | 7.295 | |
| extra_attrs_to_cols | 12.779 | 0.131 | 12.936 | |
| filter_by_resource | 7.093 | 0.079 | 9.009 | |
| filter_extra_attrs | 26.629 | 0.115 | 27.986 | |
| filter_intercell | 6.760 | 0.187 | 11.575 | |
| filter_intercell_network | 0.033 | 0.000 | 0.033 | |
| find_all_paths | 6.485 | 0.040 | 6.540 | |
| from_evidences | 0 | 0 | 0 | |
| get_annotation_resources | 0.083 | 0.000 | 1.264 | |
| get_complex_genes | 1.177 | 0.032 | 2.994 | |
| get_complex_resources | 0.079 | 0.004 | 1.334 | |
| get_db | 0 | 0 | 0 | |
| get_enzsub_resources | 0.076 | 0.008 | 1.367 | |
| get_interaction_resources | 0.134 | 0.000 | 1.302 | |
| get_intercell_categories | 0.360 | 0.020 | 1.009 | |
| get_intercell_generic_categories | 0.100 | 0.004 | 0.104 | |
| get_intercell_resources | 0.085 | 0.000 | 1.219 | |
| get_ontology_db | 0.017 | 0.000 | 0.017 | |
| get_resources | 0.083 | 0.000 | 1.227 | |
| get_signed_ptms | 6.090 | 0.044 | 7.280 | |
| giant_component | 12.890 | 0.242 | 15.276 | |
| go_annot_download | 10.238 | 0.377 | 16.762 | |
| go_annot_slim | 0 | 0 | 0 | |
| go_ontology_download | 0.017 | 0.000 | 0.016 | |
| guide2pharma_download | 0.017 | 0.000 | 0.017 | |
| harmonizome_download | 0.017 | 0.000 | 0.017 | |
| has_extra_attrs | 7.721 | 0.060 | 7.797 | |
| homologene_download | 0.012 | 0.004 | 0.016 | |
| homologene_raw | 0.020 | 0.004 | 0.024 | |
| homologene_uniprot_orthology | 0.015 | 0.000 | 0.016 | |
| hpo_download | 2.331 | 0.136 | 21.812 | |
| htridb_download | 0.015 | 0.000 | 0.015 | |
| import_all_interactions | 2.238 | 0.111 | 5.994 | |
| import_intercell_network | 0.016 | 0.000 | 0.016 | |
| import_kinaseextra_interactions | 1.573 | 0.095 | 4.433 | |
| import_ligrecextra_interactions | 0.719 | 0.056 | 3.089 | |
| import_lncrna_mrna_interactions | 0.544 | 0.056 | 2.330 | |
| import_mirnatarget_interactions | 1.090 | 0.104 | 3.622 | |
| import_omnipath_annotations | 0.496 | 0.032 | 2.278 | |
| import_omnipath_complexes | 0.629 | 0.036 | 3.310 | |
| import_omnipath_enzsub | 1.212 | 0.051 | 2.450 | |
| import_omnipath_interactions | 0.305 | 0.004 | 1.418 | |
| import_omnipath_intercell | 0.480 | 0.052 | 1.564 | |
| import_pathwayextra_interactions | 0.884 | 0.056 | 3.564 | |
| import_post_translational_interactions | 0.817 | 0.056 | 3.543 | |
| import_small_molecule_protein_interactions | 0.497 | 0.032 | 1.140 | |
| import_tf_mirna_interactions | 0.769 | 0.016 | 2.993 | |
| import_tf_target_interactions | 1.419 | 0.040 | 4.063 | |
| import_transcriptional_interactions | 2.979 | 0.064 | 5.728 | |
| inbiomap_download | 0 | 0 | 0 | |
| inbiomap_raw | 0 | 0 | 0 | |
| interaction_datasets | 0.05 | 0.00 | 0.05 | |
| interaction_graph | 0.384 | 0.016 | 1.570 | |
| interaction_types | 0.040 | 0.012 | 0.053 | |
| intercell_categories | 0.067 | 0.008 | 0.076 | |
| intercell_consensus_filter | 1.554 | 0.119 | 3.388 | |
| is_ontology_id | 0.001 | 0.000 | 0.000 | |
| is_swissprot | 0.043 | 0.000 | 0.043 | |
| is_trembl | 0.042 | 0.000 | 0.041 | |
| is_uniprot | 0.016 | 0.000 | 0.017 | |
| kegg_info | 0.012 | 0.004 | 0.016 | |
| kegg_open | 0.077 | 0.008 | 0.085 | |
| kegg_pathway_annotations | 0.001 | 0.000 | 0.000 | |
| kegg_pathway_download | 0.016 | 0.000 | 0.016 | |
| kegg_pathway_list | 0.015 | 0.000 | 0.016 | |
| kegg_pathways_download | 0 | 0 | 0 | |
| kegg_picture | 0.104 | 0.000 | 1.347 | |
| kegg_process | 0.029 | 0.004 | 0.033 | |
| latin_name | 0.058 | 0.000 | 0.058 | |
| load_db | 0.108 | 0.000 | 0.109 | |
| ncbi_taxid | 0.056 | 0.000 | 0.057 | |
| nichenet_build_model | 0 | 0 | 0 | |
| nichenet_expression_data | 0.018 | 0.000 | 0.018 | |
| nichenet_gr_network | 0.049 | 0.000 | 0.050 | |
| nichenet_gr_network_evex | 0.018 | 0.000 | 0.018 | |
| nichenet_gr_network_harmonizome | 0.013 | 0.004 | 0.017 | |
| nichenet_gr_network_htridb | 0.016 | 0.000 | 0.015 | |
| nichenet_gr_network_omnipath | 15.784 | 0.278 | 17.906 | |
| nichenet_gr_network_pathwaycommons | 0.016 | 0.000 | 0.016 | |
| nichenet_gr_network_regnetwork | 0.016 | 0.000 | 0.016 | |
| nichenet_gr_network_remap | 0.014 | 0.000 | 0.015 | |
| nichenet_gr_network_trrust | 0.015 | 0.000 | 0.015 | |
| nichenet_ligand_activities | 0.001 | 0.000 | 0.001 | |
| nichenet_ligand_target_links | 0 | 0 | 0 | |
| nichenet_ligand_target_matrix | 0 | 0 | 0 | |
| nichenet_lr_network | 0.042 | 0.004 | 0.046 | |
| nichenet_lr_network_guide2pharma | 0.016 | 0.000 | 0.016 | |
| nichenet_lr_network_omnipath | 0.044 | 0.004 | 0.047 | |
| nichenet_lr_network_ramilowski | 0.016 | 0.000 | 0.016 | |
| nichenet_main | 0 | 0 | 0 | |
| nichenet_networks | 0.070 | 0.004 | 0.074 | |
| nichenet_optimization | 0 | 0 | 0 | |
| nichenet_remove_orphan_ligands | 0.043 | 0.004 | 0.046 | |
| nichenet_results_dir | 0 | 0 | 0 | |
| nichenet_signaling_network | 0.043 | 0.004 | 0.048 | |
| nichenet_signaling_network_cpdb | 0.015 | 0.000 | 0.016 | |
| nichenet_signaling_network_evex | 0.016 | 0.000 | 0.015 | |
| nichenet_signaling_network_harmonizome | 0.017 | 0.000 | 0.016 | |
| nichenet_signaling_network_inbiomap | 0 | 0 | 0 | |
| nichenet_signaling_network_omnipath | 10.561 | 0.123 | 12.651 | |
| nichenet_signaling_network_pathwaycommons | 0.015 | 0.000 | 0.016 | |
| nichenet_signaling_network_vinayagam | 0.016 | 0.000 | 0.016 | |
| nichenet_test | 0.001 | 0.000 | 0.000 | |
| nichenet_workarounds | 0 | 0 | 0 | |
| obo_parser | 0.113 | 0.000 | 0.923 | |
| oma_code | 0.027 | 0.000 | 0.028 | |
| oma_organisms | 0.126 | 0.000 | 0.127 | |
| oma_pairwise | 0.018 | 0.000 | 0.017 | |
| oma_pairwise_genesymbols | 0.017 | 0.000 | 0.016 | |
| omnipath | 4.671 | 0.044 | 4.724 | |
| omnipath_cache_autoclean | 0 | 0 | 0 | |
| omnipath_cache_clean | 0.01 | 0.00 | 0.01 | |
| omnipath_cache_clean_db | 0.117 | 0.008 | 0.126 | |
| omnipath_cache_download_ready | 0.663 | 0.024 | 0.704 | |
| omnipath_cache_filter_versions | 0.149 | 0.004 | 0.157 | |
| omnipath_cache_get | 0.131 | 0.000 | 0.132 | |
| omnipath_cache_key | 0.001 | 0.000 | 0.001 | |
| omnipath_cache_latest_or_new | 0.141 | 0.004 | 0.146 | |
| omnipath_cache_load | 0.547 | 0.023 | 2.701 | |
| omnipath_cache_move_in | 0.274 | 0.000 | 0.279 | |
| omnipath_cache_remove | 0.155 | 0.004 | 0.164 | |
| omnipath_cache_save | 0.203 | 0.016 | 0.239 | |
| omnipath_cache_search | 0.001 | 0.000 | 0.000 | |
| omnipath_cache_set_ext | 0.166 | 0.000 | 0.170 | |
| omnipath_cache_update_status | 0.145 | 0.000 | 0.145 | |
| omnipath_cache_wipe | 0 | 0 | 0 | |
| omnipath_get_config_path | 0.001 | 0.000 | 0.003 | |
| omnipath_load_config | 0 | 0 | 0 | |
| omnipath_log | 0.001 | 0.000 | 0.000 | |
| omnipath_logfile | 0.001 | 0.000 | 0.001 | |
| omnipath_msg | 0.008 | 0.000 | 0.008 | |
| omnipath_reset_config | 0 | 0 | 0 | |
| omnipath_save_config | 0 | 0 | 0 | |
| omnipath_set_cachedir | 0.038 | 0.000 | 0.038 | |
| omnipath_set_console_loglevel | 0.000 | 0.002 | 0.001 | |
| omnipath_set_logfile_loglevel | 0.000 | 0.002 | 0.002 | |
| omnipath_set_loglevel | 0.001 | 0.000 | 0.001 | |
| omnipath_show_db | 0.069 | 0.000 | 0.068 | |
| omnipath_unlock_cache_db | 0.001 | 0.000 | 0.000 | |
| only_from | 0 | 0 | 0 | |
| ontology_ensure_id | 0.000 | 0.000 | 0.001 | |
| ontology_ensure_name | 0.000 | 0.000 | 0.001 | |
| ontology_name_id | 0.001 | 0.000 | 0.001 | |