| Back to Multiple platform build/check report for BioC 3.19: simplified long | 
 | 
This page was generated on 2024-05-30 11:35:46 -0400 (Thu, 30 May 2024).
| Hostname | OS | Arch (*) | R version | Installed pkgs | 
|---|---|---|---|---|
| nebbiolo1 | Linux (Ubuntu 22.04.3 LTS) | x86_64 | 4.4.0 (2024-04-24) -- "Puppy Cup" | 4753 | 
| lconway | macOS 12.7.1 Monterey | x86_64 | 4.4.0 (2024-04-24) -- "Puppy Cup" | 4518 | 
| Click on any hostname to see more info about the system (e.g. compilers) (*) as reported by 'uname -p', except on Windows and Mac OS X | ||||
| Package 1467/2300 | Hostname | OS / Arch | INSTALL | BUILD | CHECK | BUILD BIN | ||||||||
| OmnipathR 3.12.1  (landing page) Denes Turei 
 | nebbiolo1 | Linux (Ubuntu 22.04.3 LTS) / x86_64 | OK | OK | ERROR | |||||||||
| lconway | macOS 12.7.1 Monterey / x86_64 | OK | OK | ERROR | OK | |||||||||
| kjohnson3 | macOS 13.6.5 Ventura / arm64 | see weekly results here | ||||||||||||
| To the developers/maintainers of the OmnipathR package: - Allow up to 24 hours (and sometimes 48 hours) for your latest push to git@git.bioconductor.org:packages/OmnipathR.git to reflect on this report. See Troubleshooting Build Report for more information. - Use the following Renviron settings to reproduce errors and warnings. - If 'R CMD check' started to fail recently on the Linux builder(s) over a missing dependency, add the missing dependency to 'Suggests:' in your DESCRIPTION file. See Renviron.bioc for more information. | 
| Package: OmnipathR | 
| Version: 3.12.1 | 
| Command: /Library/Frameworks/R.framework/Resources/bin/R CMD check --install=check:OmnipathR.install-out.txt --library=/Library/Frameworks/R.framework/Resources/library --no-vignettes --timings OmnipathR_3.12.1.tar.gz | 
| StartedAt: 2024-05-29 22:34:45 -0400 (Wed, 29 May 2024) | 
| EndedAt: 2024-05-29 22:50:27 -0400 (Wed, 29 May 2024) | 
| EllapsedTime: 941.8 seconds | 
| RetCode: 1 | 
| Status: ERROR | 
| CheckDir: OmnipathR.Rcheck | 
| Warnings: NA | 
##############################################################################
##############################################################################
###
### Running command:
###
###   /Library/Frameworks/R.framework/Resources/bin/R CMD check --install=check:OmnipathR.install-out.txt --library=/Library/Frameworks/R.framework/Resources/library --no-vignettes --timings OmnipathR_3.12.1.tar.gz
###
##############################################################################
##############################################################################
* using log directory ‘/Users/biocbuild/bbs-3.19-bioc/meat/OmnipathR.Rcheck’
* using R version 4.4.0 (2024-04-24)
* using platform: x86_64-apple-darwin20
* R was compiled by
    Apple clang version 14.0.0 (clang-1400.0.29.202)
    GNU Fortran (GCC) 12.2.0
* running under: macOS Monterey 12.7.1
* using session charset: UTF-8
* using option ‘--no-vignettes’
* checking for file ‘OmnipathR/DESCRIPTION’ ... OK
* checking extension type ... Package
* this is package ‘OmnipathR’ version ‘3.12.1’
* package encoding: UTF-8
* checking package namespace information ... OK
* checking package dependencies ... OK
* checking if this is a source package ... OK
* checking if there is a namespace ... OK
* checking for hidden files and directories ... OK
* checking for portable file names ... OK
* checking for sufficient/correct file permissions ... OK
* checking whether package ‘OmnipathR’ can be installed ... OK
* checking installed package size ... OK
* checking package directory ... OK
* checking DESCRIPTION meta-information ... NOTE
License stub is invalid DCF.
* checking top-level files ... OK
* checking for left-over files ... OK
* checking index information ... OK
* checking package subdirectories ... OK
* checking code files for non-ASCII characters ... OK
* checking R files for syntax errors ... OK
* checking whether the package can be loaded ... OK
* checking whether the package can be loaded with stated dependencies ... OK
* checking whether the package can be unloaded cleanly ... OK
* checking whether the namespace can be loaded with stated dependencies ... OK
* checking whether the namespace can be unloaded cleanly ... OK
* checking whether startup messages can be suppressed ... NOTE
[2024-05-29 22:35:11] [TRACE]   [OmnipathR] Reading JSON from `/Users/biocbuild/Library/Caches/OmnipathR/cache.json` (encoding: UTF-8).
[2024-05-29 22:35:11] [TRACE]   [OmnipathR] JSON validation successful: TRUE
[2024-05-29 22:35:11] [INFO]    [OmnipathR] Initialized cache: `/Users/biocbuild/Library/Caches/OmnipathR`.
[2024-05-29 22:35:11] [TRACE]   [OmnipathR] Running on a build server, wiping cache.
[2024-05-29 22:35:11] [TRACE]   [OmnipathR] Cache is at `/Users/biocbuild/Library/Caches/OmnipathR`.
[2024-05-29 22:35:11] [TRACE]   [OmnipathR] Contains 1 files.
[2024-05-29 22:35:11] [TRACE]   [OmnipathR] Cache is locked: FALSE.
[2024-05-29 22:35:11] [TRACE]   [OmnipathR] Reading JSON from `/Users/biocbuild/Library/Caches/OmnipathR/cache.json` (encoding: UTF-8).
[2024-05-29 22:35:11] [TRACE]   [OmnipathR] JSON validation successful: TRUE
[2024-05-29 22:35:11] [SUCCESS] [OmnipathR] Removing all cache contents from `/Users/biocbuild/Library/Caches/OmnipathR`.
[2024-05-29 22:35:11] [TRACE]   [OmnipathR] Pandoc version: `2.7.3`.
[2024-05-29 22:35:11] [TRACE]   [OmnipathR] Reading JSON from `/Library/Frameworks/R.framework/Versions/4.4-x86_64/Resources/library/OmnipathR/db/db_def.json` (encoding: UTF-8).
[2024-05-29 22:35:11] [TRACE]   [OmnipathR] JSON validation successful: TRUE
[2024-05-29 22:35:11] [TRACE]   [OmnipathR] Reading JSON from `/Library/Frameworks/R.framework/Versions/4.4-x86_64/Resources/library/OmnipathR/internal/magic_bytes.json` (encoding: UTF-8).
[2024-05-29 22:35:11] [TRACE]   [OmnipathR] JSON validation successful: TRUE
[2024-05-29 22:35:11] [TRACE]   [OmnipathR] Reading JSON from `/Library/Frameworks/R.framework/Versions/4.4-x86_64/Resources/library/OmnipathR/internal/urls.json` (encoding: UTF-8).
[2024-05-29 22:35:11] [TRACE]   [OmnipathR] JSON validation successful: TRUE
[2024-05-29 22:35:11] [TRACE]   [OmnipathR] Reading JSON from `/Library/Frameworks/R.framework/Versions/4.4-x86_64/Resources/library/OmnipathR/internal/id_types.json` (encoding: UTF-8).
[2024-05-29 22:35:11] [TRACE]   [OmnipathR] JSON validation successful: TRUE
[2024-05-29 22:35:11] [TRACE]   [OmnipathR] Cache locked: FALSE
It looks like this package (or a package it requires) has a startup
message which cannot be suppressed: see ?packageStartupMessage.
* checking dependencies in R code ... OK
* checking S3 generic/method consistency ... OK
* checking replacement functions ... OK
* checking foreign function calls ... OK
* checking R code for possible problems ... NOTE
[2024-05-29 22:35:26] [TRACE]   [OmnipathR] Reading JSON from `/Users/biocbuild/Library/Caches/OmnipathR/cache.json` (encoding: UTF-8).
[2024-05-29 22:35:26] [TRACE]   [OmnipathR] JSON validation successful: TRUE
[2024-05-29 22:35:26] [INFO]    [OmnipathR] Initialized cache: `/Users/biocbuild/Library/Caches/OmnipathR`.
[2024-05-29 22:35:26] [TRACE]   [OmnipathR] Running on a build server, wiping cache.
[2024-05-29 22:35:26] [TRACE]   [OmnipathR] Cache is at `/Users/biocbuild/Library/Caches/OmnipathR`.
[2024-05-29 22:35:26] [TRACE]   [OmnipathR] Contains 1 files.
[2024-05-29 22:35:26] [TRACE]   [OmnipathR] Cache is locked: FALSE.
[2024-05-29 22:35:26] [TRACE]   [OmnipathR] Reading JSON from `/Users/biocbuild/Library/Caches/OmnipathR/cache.json` (encoding: UTF-8).
[2024-05-29 22:35:26] [TRACE]   [OmnipathR] JSON validation successful: TRUE
[2024-05-29 22:35:26] [SUCCESS] [OmnipathR] Removing all cache contents from `/Users/biocbuild/Library/Caches/OmnipathR`.
[2024-05-29 22:35:27] [TRACE]   [OmnipathR] Pandoc version: `2.7.3`.
[2024-05-29 22:35:27] [TRACE]   [OmnipathR] Reading JSON from `/Library/Frameworks/R.framework/Versions/4.4-x86_64/Resources/library/OmnipathR/db/db_def.json` (encoding: UTF-8).
[2024-05-29 22:35:27] [TRACE]   [OmnipathR] JSON validation successful: TRUE
[2024-05-29 22:35:27] [TRACE]   [OmnipathR] Reading JSON from `/Library/Frameworks/R.framework/Versions/4.4-x86_64/Resources/library/OmnipathR/internal/magic_bytes.json` (encoding: UTF-8).
[2024-05-29 22:35:27] [TRACE]   [OmnipathR] JSON validation successful: TRUE
[2024-05-29 22:35:27] [TRACE]   [OmnipathR] Reading JSON from `/Library/Frameworks/R.framework/Versions/4.4-x86_64/Resources/library/OmnipathR/internal/urls.json` (encoding: UTF-8).
[2024-05-29 22:35:27] [TRACE]   [OmnipathR] JSON validation successful: TRUE
[2024-05-29 22:35:27] [TRACE]   [OmnipathR] Reading JSON from `/Library/Frameworks/R.framework/Versions/4.4-x86_64/Resources/library/OmnipathR/internal/id_types.json` (encoding: UTF-8).
[2024-05-29 22:35:27] [TRACE]   [OmnipathR] JSON validation successful: TRUE
[2024-05-29 22:35:27] [TRACE]   [OmnipathR] Cache locked: FALSE
* checking Rd files ... OK
* checking Rd metadata ... OK
* checking Rd cross-references ... OK
* checking for missing documentation entries ... WARNING
Undocumented code objects:
  ‘oma_pairwise_translated’
All user-level objects in a package should have documentation entries.
See chapter ‘Writing R documentation files’ in the ‘Writing R
Extensions’ manual.
* checking for code/documentation mismatches ... OK
* checking Rd \usage sections ... OK
* checking Rd contents ... OK
* checking for unstated dependencies in examples ... OK
* checking R/sysdata.rda ... OK
* checking files in ‘vignettes’ ... OK
* checking examples ... ERROR
Running examples in ‘OmnipathR-Ex.R’ failed
The error most likely occurred in:
> base::assign(".ptime", proc.time(), pos = "CheckExEnv")
> ### Name: organism_for
> ### Title: Make sure the resource supports the organism and it has the ID
> ### Aliases: organism_for
> 
> ### ** Examples
> 
> organism_for(10116, 'chalmers-gem')
[1] "Rat"
> # [1] "Rat"
> organism_for(6239, 'chalmers-gem')
Error in organism_for(6239, "chalmers-gem") : 
  Organism `6239` (common_name: `Caenorhabditis elegans (Nematode, N2)`; common_name: `Caenorhabditis elegans (Nematode, N2)`) is not supported by resource `chalmers-gem`. Supported organisms: Human, Mouse, Rat, Zebrafish, Drosophila melanogaster (Fruit fly), Caenorhabditis elegans (PRJNA13758).
Execution halted
* checking for unstated dependencies in ‘tests’ ... OK
* checking tests ...
  Running ‘testthat.R’
 OK
* checking for unstated dependencies in vignettes ... OK
* checking package vignettes ... OK
* checking running R code from vignettes ... SKIPPED
* checking re-building of vignette outputs ... SKIPPED
* checking PDF version of manual ... OK
* DONE
Status: 1 ERROR, 1 WARNING, 3 NOTEs
See
  ‘/Users/biocbuild/bbs-3.19-bioc/meat/OmnipathR.Rcheck/00check.log’
for details.
OmnipathR.Rcheck/00install.out
############################################################################## ############################################################################## ### ### Running command: ### ### /Library/Frameworks/R.framework/Resources/bin/R CMD INSTALL OmnipathR ### ############################################################################## ############################################################################## * installing to library ‘/Library/Frameworks/R.framework/Versions/4.4-x86_64/Resources/library’ * installing *source* package ‘OmnipathR’ ... ** using staged installation ** R ** inst ** byte-compile and prepare package for lazy loading ** help *** installing help indices *** copying figures ** building package indices ** installing vignettes ** testing if installed package can be loaded from temporary location [2024-05-29 15:23:49] [TRACE] [OmnipathR] Reading JSON from `/Users/biocbuild/Library/Caches/OmnipathR/cache.json` (encoding: UTF-8). [2024-05-29 15:23:49] [TRACE] [OmnipathR] JSON validation successful: TRUE [2024-05-29 15:23:49] [INFO] [OmnipathR] Initialized cache: `/Users/biocbuild/Library/Caches/OmnipathR`. [2024-05-29 15:23:49] [TRACE] [OmnipathR] Running on a build server, wiping cache. [2024-05-29 15:23:49] [TRACE] [OmnipathR] Cache is at `/Users/biocbuild/Library/Caches/OmnipathR`. [2024-05-29 15:23:50] [TRACE] [OmnipathR] Contains 1 files. [2024-05-29 15:23:50] [TRACE] [OmnipathR] Cache is locked: FALSE. [2024-05-29 15:23:50] [TRACE] [OmnipathR] Reading JSON from `/Users/biocbuild/Library/Caches/OmnipathR/cache.json` (encoding: UTF-8). [2024-05-29 15:23:50] [TRACE] [OmnipathR] JSON validation successful: TRUE [2024-05-29 15:23:50] [SUCCESS] [OmnipathR] Removing all cache contents from `/Users/biocbuild/Library/Caches/OmnipathR`. [2024-05-29 15:23:51] [TRACE] [OmnipathR] Pandoc version: `2.7.3`. [2024-05-29 15:23:51] [TRACE] [OmnipathR] Reading JSON from `/Library/Frameworks/R.framework/Versions/4.4-x86_64/Resources/library/00LOCK-OmnipathR/00new/OmnipathR/db/db_def.json` (encoding: UTF-8). [2024-05-29 15:23:51] [TRACE] [OmnipathR] JSON validation successful: TRUE [2024-05-29 15:23:51] [TRACE] [OmnipathR] Reading JSON from `/Library/Frameworks/R.framework/Versions/4.4-x86_64/Resources/library/00LOCK-OmnipathR/00new/OmnipathR/internal/magic_bytes.json` (encoding: UTF-8). [2024-05-29 15:23:51] [TRACE] [OmnipathR] JSON validation successful: TRUE [2024-05-29 15:23:51] [TRACE] [OmnipathR] Reading JSON from `/Library/Frameworks/R.framework/Versions/4.4-x86_64/Resources/library/00LOCK-OmnipathR/00new/OmnipathR/internal/urls.json` (encoding: UTF-8). [2024-05-29 15:23:51] [TRACE] [OmnipathR] JSON validation successful: TRUE [2024-05-29 15:23:51] [TRACE] [OmnipathR] Reading JSON from `/Library/Frameworks/R.framework/Versions/4.4-x86_64/Resources/library/00LOCK-OmnipathR/00new/OmnipathR/internal/id_types.json` (encoding: UTF-8). [2024-05-29 15:23:51] [TRACE] [OmnipathR] JSON validation successful: TRUE [2024-05-29 15:23:51] [TRACE] [OmnipathR] Cache locked: FALSE ** testing if installed package can be loaded from final location [2024-05-29 15:23:54] [TRACE] [OmnipathR] Reading JSON from `/Users/biocbuild/Library/Caches/OmnipathR/cache.json` (encoding: UTF-8). [2024-05-29 15:23:54] [TRACE] [OmnipathR] JSON validation successful: TRUE [2024-05-29 15:23:54] [INFO] [OmnipathR] Initialized cache: `/Users/biocbuild/Library/Caches/OmnipathR`. [2024-05-29 15:23:54] [TRACE] [OmnipathR] Running on a build server, wiping cache. [2024-05-29 15:23:54] [TRACE] [OmnipathR] Cache is at `/Users/biocbuild/Library/Caches/OmnipathR`. [2024-05-29 15:23:54] [TRACE] [OmnipathR] Contains 1 files. [2024-05-29 15:23:54] [TRACE] [OmnipathR] Cache is locked: FALSE. [2024-05-29 15:23:54] [TRACE] [OmnipathR] Reading JSON from `/Users/biocbuild/Library/Caches/OmnipathR/cache.json` (encoding: UTF-8). [2024-05-29 15:23:54] [TRACE] [OmnipathR] JSON validation successful: TRUE [2024-05-29 15:23:54] [SUCCESS] [OmnipathR] Removing all cache contents from `/Users/biocbuild/Library/Caches/OmnipathR`. [2024-05-29 15:23:54] [TRACE] [OmnipathR] Pandoc version: `2.7.3`. [2024-05-29 15:23:54] [TRACE] [OmnipathR] Reading JSON from `/Library/Frameworks/R.framework/Versions/4.4-x86_64/Resources/library/OmnipathR/db/db_def.json` (encoding: UTF-8). [2024-05-29 15:23:54] [TRACE] [OmnipathR] JSON validation successful: TRUE [2024-05-29 15:23:54] [TRACE] [OmnipathR] Reading JSON from `/Library/Frameworks/R.framework/Versions/4.4-x86_64/Resources/library/OmnipathR/internal/magic_bytes.json` (encoding: UTF-8). [2024-05-29 15:23:54] [TRACE] [OmnipathR] JSON validation successful: TRUE [2024-05-29 15:23:54] [TRACE] [OmnipathR] Reading JSON from `/Library/Frameworks/R.framework/Versions/4.4-x86_64/Resources/library/OmnipathR/internal/urls.json` (encoding: UTF-8). [2024-05-29 15:23:54] [TRACE] [OmnipathR] JSON validation successful: TRUE [2024-05-29 15:23:54] [TRACE] [OmnipathR] Reading JSON from `/Library/Frameworks/R.framework/Versions/4.4-x86_64/Resources/library/OmnipathR/internal/id_types.json` (encoding: UTF-8). [2024-05-29 15:23:54] [TRACE] [OmnipathR] JSON validation successful: TRUE [2024-05-29 15:23:54] [TRACE] [OmnipathR] Cache locked: FALSE ** testing if installed package keeps a record of temporary installation path * DONE (OmnipathR)
OmnipathR.Rcheck/tests/testthat.Rout
R version 4.4.0 (2024-04-24) -- "Puppy Cup"
Copyright (C) 2024 The R Foundation for Statistical Computing
Platform: x86_64-apple-darwin20
R is free software and comes with ABSOLUTELY NO WARRANTY.
You are welcome to redistribute it under certain conditions.
Type 'license()' or 'licence()' for distribution details.
R is a collaborative project with many contributors.
Type 'contributors()' for more information and
'citation()' on how to cite R or R packages in publications.
Type 'demo()' for some demos, 'help()' for on-line help, or
'help.start()' for an HTML browser interface to help.
Type 'q()' to quit R.
> #!/usr/bin/env Rscript
> 
> #
> #  This file is part of the `OmnipathR` R package
> #
> #  Copyright
> #  2018-2024
> #  Saez Lab, Uniklinik RWTH Aachen, Heidelberg University
> #
> #  File author(s): Alberto Valdeolivas
> #                  Dénes Türei (turei.denes@gmail.com)
> #                  Attila Gábor
> #
> #  Distributed under the MIT (Expat) License.
> #  See accompanying file `LICENSE` or find a copy at
> #      https://directory.fsf.org/wiki/License:Expat
> #
> #  Website: https://r.omnipathdb.org/
> #  Git repo: https://github.com/saezlab/OmnipathR
> #
> 
> 
> library(testthat)
> library(OmnipathR)
[2024-05-29 22:49:25] [TRACE]   [OmnipathR] Reading JSON from `/Users/biocbuild/Library/Caches/OmnipathR/cache.json` (encoding: UTF-8).
[2024-05-29 22:49:25] [TRACE]   [OmnipathR] JSON validation successful: TRUE
[2024-05-29 22:49:25] [INFO]    [OmnipathR] Initialized cache: `/Users/biocbuild/Library/Caches/OmnipathR`.
[2024-05-29 22:49:25] [TRACE]   [OmnipathR] Running on a build server, wiping cache.
[2024-05-29 22:49:25] [TRACE]   [OmnipathR] Cache is at `/Users/biocbuild/Library/Caches/OmnipathR`.
[2024-05-29 22:49:25] [TRACE]   [OmnipathR] Contains 1 files.
[2024-05-29 22:49:25] [TRACE]   [OmnipathR] Cache is locked: FALSE.
[2024-05-29 22:49:25] [TRACE]   [OmnipathR] Reading JSON from `/Users/biocbuild/Library/Caches/OmnipathR/cache.json` (encoding: UTF-8).
[2024-05-29 22:49:25] [TRACE]   [OmnipathR] JSON validation successful: TRUE
[2024-05-29 22:49:25] [SUCCESS] [OmnipathR] Removing all cache contents from `/Users/biocbuild/Library/Caches/OmnipathR`.
[2024-05-29 22:49:25] [TRACE]   [OmnipathR] Pandoc version: `2.7.3`.
[2024-05-29 22:49:25] [TRACE]   [OmnipathR] Reading JSON from `/Library/Frameworks/R.framework/Versions/4.4-x86_64/Resources/library/OmnipathR/db/db_def.json` (encoding: UTF-8).
[2024-05-29 22:49:25] [TRACE]   [OmnipathR] JSON validation successful: TRUE
[2024-05-29 22:49:25] [TRACE]   [OmnipathR] Reading JSON from `/Library/Frameworks/R.framework/Versions/4.4-x86_64/Resources/library/OmnipathR/internal/magic_bytes.json` (encoding: UTF-8).
[2024-05-29 22:49:25] [TRACE]   [OmnipathR] JSON validation successful: TRUE
[2024-05-29 22:49:25] [TRACE]   [OmnipathR] Reading JSON from `/Library/Frameworks/R.framework/Versions/4.4-x86_64/Resources/library/OmnipathR/internal/urls.json` (encoding: UTF-8).
[2024-05-29 22:49:25] [TRACE]   [OmnipathR] JSON validation successful: TRUE
[2024-05-29 22:49:25] [TRACE]   [OmnipathR] Reading JSON from `/Library/Frameworks/R.framework/Versions/4.4-x86_64/Resources/library/OmnipathR/internal/id_types.json` (encoding: UTF-8).
[2024-05-29 22:49:25] [TRACE]   [OmnipathR] JSON validation successful: TRUE
[2024-05-29 22:49:25] [TRACE]   [OmnipathR] Cache locked: FALSE
> 
> test_check('OmnipathR')
[ FAIL 0 | WARN 1 | SKIP 0 | PASS 34 ]
[ FAIL 0 | WARN 1 | SKIP 0 | PASS 34 ]
> 
> proc.time()
   user  system elapsed 
 11.403   1.267  45.264 
OmnipathR.Rcheck/OmnipathR-Ex.timings
| name | user | system | elapsed | |
| OmnipathR | 0.001 | 0.000 | 0.001 | |
| all_uniprot_acs | 0.026 | 0.004 | 0.029 | |
| all_uniprots | 0.015 | 0.002 | 0.016 | |
| ancestors | 0.012 | 0.001 | 0.013 | |
| annotated_network | 1.718 | 0.194 | 7.955 | |
| annotation_categories | 64.203 | 0.646 | 67.453 | |
| biomart_query | 0.855 | 0.098 | 6.702 | |
| bioplex1 | 0.014 | 0.002 | 0.016 | |
| bioplex2 | 0.013 | 0.002 | 0.015 | |
| bioplex3 | 0.014 | 0.002 | 0.016 | |
| bioplex_all | 0.013 | 0.001 | 0.014 | |
| bioplex_hct116_1 | 0.015 | 0.002 | 0.017 | |
| bma_motif_es | 0.351 | 0.044 | 1.469 | |
| bma_motif_vs | 0.188 | 0.010 | 0.742 | |
| collectri | 132.967 | 1.754 | 139.845 | |
| common_name | 0.023 | 0.001 | 0.026 | |
| consensuspathdb_download | 0 | 0 | 0 | |
| consensuspathdb_raw_table | 0.053 | 0.001 | 0.055 | |
| curated_ligand_receptor_interactions | 4.230 | 0.370 | 15.645 | |
| curated_ligrec_stats | 30.103 | 9.032 | 137.865 | |
| database_summary | 1.597 | 0.062 | 7.321 | |
| descendants | 0.018 | 0.002 | 0.051 | |
| dorothea | 66.901 | 2.046 | 116.741 | |
| ensembl_dataset | 0.009 | 0.004 | 0.074 | |
| ensembl_id_mapping_table | 0.883 | 0.309 | 41.454 | |
| ensembl_id_type | 0.003 | 0.002 | 0.004 | |
| ensembl_name | 0.060 | 0.007 | 0.073 | |
| ensembl_organisms | 0.163 | 0.038 | 0.220 | |
| ensembl_organisms_raw | 0.161 | 0.021 | 0.207 | |
| ensembl_orthology | 0 | 0 | 0 | |
| enzsub_graph | 2.426 | 0.242 | 6.749 | |
| evex_download | 0.019 | 0.003 | 0.035 | |
| evidences | 0.000 | 0.001 | 0.001 | |
| extra_attr_values | 13.896 | 0.583 | 27.160 | |
| extra_attrs | 6.610 | 0.127 | 6.878 | |
| extra_attrs_to_cols | 10.766 | 0.257 | 11.233 | |
| filter_by_resource | 6.482 | 0.212 | 9.541 | |
| filter_extra_attrs | 21.891 | 0.249 | 22.943 | |
| filter_intercell | 6.239 | 0.791 | 11.499 | |
| filter_intercell_network | 0.027 | 0.003 | 0.030 | |
| find_all_paths | 5.736 | 0.284 | 6.256 | |
| from_evidences | 0.000 | 0.000 | 0.001 | |
| get_annotation_resources | 0.067 | 0.007 | 0.672 | |
| get_complex_genes | 1.243 | 0.094 | 3.629 | |
| get_complex_resources | 0.065 | 0.006 | 0.686 | |
| get_db | 0.001 | 0.000 | 0.001 | |
| get_enzsub_resources | 0.062 | 0.005 | 0.634 | |
| get_interaction_resources | 0.103 | 0.008 | 0.788 | |
| get_intercell_categories | 0.307 | 0.044 | 0.634 | |
| get_intercell_generic_categories | 0.043 | 0.004 | 0.047 | |
| get_intercell_resources | 0.072 | 0.006 | 0.734 | |
| get_ontology_db | 0.013 | 0.002 | 0.014 | |
| get_resources | 0.063 | 0.006 | 0.743 | |
| get_signed_ptms | 5.441 | 0.121 | 6.339 | |
| giant_component | 10.276 | 0.419 | 17.195 | |
| go_annot_download | 9.056 | 1.097 | 9.730 | |
| go_annot_slim | 0.000 | 0.000 | 0.001 | |
| go_ontology_download | 0.012 | 0.001 | 0.014 | |
| guide2pharma_download | 0.011 | 0.001 | 0.013 | |
| harmonizome_download | 0.009 | 0.001 | 0.011 | |
| has_extra_attrs | 6.540 | 0.108 | 6.693 | |
| homologene_download | 0.015 | 0.002 | 0.017 | |
| homologene_raw | 0.025 | 0.002 | 0.027 | |
| homologene_uniprot_orthology | 0.016 | 0.002 | 0.017 | |
| hpo_download | 2.226 | 0.320 | 3.603 | |
| htridb_download | 0.015 | 0.002 | 0.017 | |
| import_all_interactions | 2.264 | 0.146 | 5.577 | |
| import_intercell_network | 0.014 | 0.002 | 0.016 | |
| import_kinaseextra_interactions | 1.391 | 0.085 | 4.421 | |
| import_ligrecextra_interactions | 0.650 | 0.063 | 2.484 | |
| import_lncrna_mrna_interactions | 0.547 | 0.057 | 1.526 | |
| import_mirnatarget_interactions | 0.976 | 0.071 | 2.742 | |
| import_omnipath_annotations | 0.547 | 0.055 | 1.443 | |
| import_omnipath_complexes | 0.568 | 0.046 | 2.540 | |
| import_omnipath_enzsub | 1.078 | 0.017 | 1.678 | |
| import_omnipath_interactions | 0.254 | 0.009 | 0.961 | |
| import_omnipath_intercell | 0.505 | 0.049 | 1.111 | |
| import_pathwayextra_interactions | 0.734 | 0.064 | 2.998 | |
| import_post_translational_interactions | 0.763 | 0.068 | 3.067 | |
| import_small_molecule_protein_interactions | 0.447 | 0.033 | 0.722 | |
| import_tf_mirna_interactions | 0.685 | 0.062 | 2.005 | |
| import_tf_target_interactions | 1.331 | 0.077 | 4.021 | |
| import_transcriptional_interactions | 2.463 | 0.106 | 5.102 | |
| inbiomap_download | 0.000 | 0.000 | 0.001 | |
| inbiomap_raw | 0 | 0 | 0 | |
| interaction_datasets | 0.042 | 0.003 | 0.046 | |
| interaction_graph | 0.368 | 0.011 | 0.995 | |
| interaction_types | 0.099 | 0.004 | 0.106 | |
| intercell_categories | 0.058 | 0.003 | 0.063 | |
| intercell_consensus_filter | 1.379 | 0.124 | 4.529 | |
| is_ontology_id | 0.001 | 0.000 | 0.001 | |
| is_swissprot | 0.042 | 0.004 | 0.047 | |
| is_trembl | 0.034 | 0.004 | 0.038 | |
| is_uniprot | 0.014 | 0.001 | 0.016 | |
| kegg_info | 0.016 | 0.001 | 0.018 | |
| kegg_open | 0.013 | 0.002 | 0.016 | |
| kegg_pathway_annotations | 0 | 0 | 0 | |
| kegg_pathway_download | 0.012 | 0.002 | 0.015 | |
| kegg_pathway_list | 0.011 | 0.002 | 0.012 | |
| kegg_pathways_download | 0 | 0 | 0 | |
| kegg_picture | 0.087 | 0.016 | 3.798 | |
| kegg_process | 0.029 | 0.003 | 0.033 | |
| latin_name | 0.053 | 0.000 | 0.054 | |
| load_db | 0.094 | 0.004 | 0.100 | |
| ncbi_taxid | 0.054 | 0.002 | 0.055 | |
| nichenet_build_model | 0 | 0 | 0 | |
| nichenet_expression_data | 0.015 | 0.002 | 0.017 | |
| nichenet_gr_network | 0.045 | 0.005 | 0.050 | |
| nichenet_gr_network_evex | 0.011 | 0.002 | 0.013 | |
| nichenet_gr_network_harmonizome | 0.013 | 0.002 | 0.015 | |
| nichenet_gr_network_htridb | 0.066 | 0.002 | 0.068 | |
| nichenet_gr_network_omnipath | 12.947 | 0.599 | 16.008 | |
| nichenet_gr_network_pathwaycommons | 0.015 | 0.001 | 0.018 | |
| nichenet_gr_network_regnetwork | 0.011 | 0.001 | 0.013 | |
| nichenet_gr_network_remap | 0.015 | 0.002 | 0.016 | |
| nichenet_gr_network_trrust | 0.015 | 0.002 | 0.016 | |
| nichenet_ligand_activities | 0.000 | 0.001 | 0.000 | |
| nichenet_ligand_target_links | 0.000 | 0.001 | 0.000 | |
| nichenet_ligand_target_matrix | 0.000 | 0.001 | 0.000 | |
| nichenet_lr_network | 0.043 | 0.006 | 0.049 | |
| nichenet_lr_network_guide2pharma | 0.016 | 0.002 | 0.018 | |
| nichenet_lr_network_omnipath | 0.043 | 0.005 | 0.049 | |
| nichenet_lr_network_ramilowski | 0.011 | 0.002 | 0.012 | |
| nichenet_main | 0.001 | 0.000 | 0.000 | |
| nichenet_networks | 0.117 | 0.013 | 0.132 | |
| nichenet_optimization | 0 | 0 | 0 | |
| nichenet_remove_orphan_ligands | 0.044 | 0.005 | 0.050 | |
| nichenet_results_dir | 0.000 | 0.000 | 0.001 | |
| nichenet_signaling_network | 0.051 | 0.005 | 0.057 | |
| nichenet_signaling_network_cpdb | 0.015 | 0.002 | 0.017 | |
| nichenet_signaling_network_evex | 0.013 | 0.002 | 0.015 | |
| nichenet_signaling_network_harmonizome | 0.014 | 0.001 | 0.016 | |
| nichenet_signaling_network_inbiomap | 0.000 | 0.000 | 0.001 | |
| nichenet_signaling_network_omnipath | 10.641 | 0.451 | 14.091 | |
| nichenet_signaling_network_pathwaycommons | 0.014 | 0.001 | 0.016 | |
| nichenet_signaling_network_vinayagam | 0.015 | 0.002 | 0.017 | |
| nichenet_test | 0 | 0 | 0 | |
| nichenet_workarounds | 0.000 | 0.000 | 0.001 | |
| obo_parser | 0.172 | 0.104 | 6.702 | |
| oma_code | 0.031 | 0.020 | 0.117 | |
| oma_organisms | 0.072 | 0.003 | 0.081 | |
| oma_pairwise | 0.017 | 0.006 | 0.032 | |
| oma_pairwise_genesymbols | 0.016 | 0.003 | 0.020 | |
| omnipath | 4.295 | 0.083 | 4.425 | |
| omnipath_cache_autoclean | 0 | 0 | 0 | |
| omnipath_cache_clean | 0.007 | 0.000 | 0.008 | |
| omnipath_cache_clean_db | 0.093 | 0.006 | 0.101 | |
| omnipath_cache_download_ready | 0.510 | 0.056 | 0.645 | |
| omnipath_cache_filter_versions | 0.139 | 0.022 | 0.175 | |
| omnipath_cache_get | 0.159 | 0.020 | 0.183 | |
| omnipath_cache_key | 0.002 | 0.001 | 0.002 | |
| omnipath_cache_latest_or_new | 0.089 | 0.014 | 0.104 | |
| omnipath_cache_load | 0.602 | 0.045 | 3.406 | |
| omnipath_cache_move_in | 0.201 | 0.032 | 0.249 | |
| omnipath_cache_remove | 0.128 | 0.020 | 0.161 | |
| omnipath_cache_save | 0.230 | 0.036 | 0.322 | |
| omnipath_cache_search | 0.000 | 0.000 | 0.001 | |
| omnipath_cache_set_ext | 0.108 | 0.018 | 0.144 | |
| omnipath_cache_update_status | 0.122 | 0.019 | 0.144 | |
| omnipath_cache_wipe | 0.000 | 0.001 | 0.000 | |
| omnipath_get_config_path | 0 | 0 | 0 | |
| omnipath_load_config | 0 | 0 | 0 | |
| omnipath_log | 0.001 | 0.000 | 0.000 | |
| omnipath_logfile | 0.001 | 0.000 | 0.001 | |
| omnipath_msg | 0.006 | 0.001 | 0.007 | |
| omnipath_reset_config | 0 | 0 | 0 | |
| omnipath_save_config | 0 | 0 | 0 | |
| omnipath_set_cachedir | 0.030 | 0.004 | 0.035 | |
| omnipath_set_console_loglevel | 0.001 | 0.000 | 0.002 | |
| omnipath_set_logfile_loglevel | 0.001 | 0.000 | 0.001 | |
| omnipath_set_loglevel | 0.001 | 0.000 | 0.001 | |
| omnipath_show_db | 0.061 | 0.001 | 0.063 | |
| omnipath_unlock_cache_db | 0.000 | 0.000 | 0.001 | |
| only_from | 0.000 | 0.000 | 0.001 | |
| ontology_ensure_id | 0.000 | 0.000 | 0.001 | |
| ontology_ensure_name | 0 | 0 | 0 | |
| ontology_name_id | 0.001 | 0.000 | 0.001 | |