| Back to Multiple platform build/check report for BioC 3.19: simplified long |
|
This page was generated on 2024-10-18 20:39 -0400 (Fri, 18 Oct 2024).
| Hostname | OS | Arch (*) | R version | Installed pkgs |
|---|---|---|---|---|
| nebbiolo1 | Linux (Ubuntu 22.04.3 LTS) | x86_64 | 4.4.1 (2024-06-14) -- "Race for Your Life" | 4763 |
| palomino7 | Windows Server 2022 Datacenter | x64 | 4.4.1 (2024-06-14 ucrt) -- "Race for Your Life" | 4500 |
| merida1 | macOS 12.7.5 Monterey | x86_64 | 4.4.1 (2024-06-14) -- "Race for Your Life" | 4530 |
| kjohnson1 | macOS 13.6.6 Ventura | arm64 | 4.4.1 (2024-06-14) -- "Race for Your Life" | 4480 |
| Click on any hostname to see more info about the system (e.g. compilers) (*) as reported by 'uname -p', except on Windows and Mac OS X | ||||
| Package 348/2300 | Hostname | OS / Arch | INSTALL | BUILD | CHECK | BUILD BIN | ||||||||
| ChromSCape 1.14.0 (landing page) Pacome Prompsy
| nebbiolo1 | Linux (Ubuntu 22.04.3 LTS) / x86_64 | OK | OK | WARNINGS | |||||||||
| palomino7 | Windows Server 2022 Datacenter / x64 | OK | OK | WARNINGS | OK | |||||||||
| merida1 | macOS 12.7.5 Monterey / x86_64 | OK | OK | WARNINGS | OK | |||||||||
| kjohnson1 | macOS 13.6.6 Ventura / arm64 | OK | OK | WARNINGS | OK | |||||||||
|
To the developers/maintainers of the ChromSCape package: - Allow up to 24 hours (and sometimes 48 hours) for your latest push to git@git.bioconductor.org:packages/ChromSCape.git to reflect on this report. See Troubleshooting Build Report for more information. - Use the following Renviron settings to reproduce errors and warnings. - If 'R CMD check' started to fail recently on the Linux builder(s) over a missing dependency, add the missing dependency to 'Suggests:' in your DESCRIPTION file. See Renviron.bioc for more information. |
| Package: ChromSCape |
| Version: 1.14.0 |
| Command: E:\biocbuild\bbs-3.19-bioc\R\bin\R.exe CMD check --no-multiarch --install=check:ChromSCape.install-out.txt --library=E:\biocbuild\bbs-3.19-bioc\R\library --no-vignettes --timings ChromSCape_1.14.0.tar.gz |
| StartedAt: 2024-10-16 23:58:36 -0400 (Wed, 16 Oct 2024) |
| EndedAt: 2024-10-17 00:15:35 -0400 (Thu, 17 Oct 2024) |
| EllapsedTime: 1019.6 seconds |
| RetCode: 0 |
| Status: WARNINGS |
| CheckDir: ChromSCape.Rcheck |
| Warnings: 3 |
##############################################################################
##############################################################################
###
### Running command:
###
### E:\biocbuild\bbs-3.19-bioc\R\bin\R.exe CMD check --no-multiarch --install=check:ChromSCape.install-out.txt --library=E:\biocbuild\bbs-3.19-bioc\R\library --no-vignettes --timings ChromSCape_1.14.0.tar.gz
###
##############################################################################
##############################################################################
* using log directory 'E:/biocbuild/bbs-3.19-bioc/meat/ChromSCape.Rcheck'
* using R version 4.4.1 (2024-06-14 ucrt)
* using platform: x86_64-w64-mingw32
* R was compiled by
gcc.exe (GCC) 13.2.0
GNU Fortran (GCC) 13.2.0
* running under: Windows Server 2022 x64 (build 20348)
* using session charset: UTF-8
* using option '--no-vignettes'
* checking for file 'ChromSCape/DESCRIPTION' ... OK
* this is package 'ChromSCape' version '1.14.0'
* package encoding: UTF-8
* checking package namespace information ... OK
* checking package dependencies ... OK
* checking if this is a source package ... OK
* checking if there is a namespace ... OK
* checking for hidden files and directories ... NOTE
Found the following hidden files and directories:
.BBSoptions
These were most likely included in error. See section 'Package
structure' in the 'Writing R Extensions' manual.
* checking for portable file names ... OK
* checking whether package 'ChromSCape' can be installed ... OK
* used C++ compiler: 'G__~1.EXE (GCC) 13.2.0'
* checking installed package size ... NOTE
installed size is 5.5Mb
sub-directories of 1Mb or more:
data 1.5Mb
www 2.1Mb
* checking package directory ... OK
* checking 'build' directory ... OK
* checking DESCRIPTION meta-information ... OK
* checking top-level files ... OK
* checking for left-over files ... OK
* checking index information ... OK
* checking package subdirectories ... OK
* checking code files for non-ASCII characters ... OK
* checking R files for syntax errors ... OK
* checking whether the package can be loaded ... OK
* checking whether the package can be loaded with stated dependencies ... OK
* checking whether the package can be unloaded cleanly ... OK
* checking whether the namespace can be loaded with stated dependencies ... OK
* checking whether the namespace can be unloaded cleanly ... OK
* checking whether startup messages can be suppressed ... OK
* checking dependencies in R code ... WARNING
'library' or 'require' call not declared from: 'dplyr'
'library' or 'require' call to 'dplyr' in package code.
Please use :: or requireNamespace() instead.
See section 'Suggested packages' in the 'Writing R Extensions' manual.
* checking S3 generic/method consistency ... OK
* checking replacement functions ... OK
* checking foreign function calls ... OK
* checking R code for possible problems ... NOTE
bams_to_matrix_indexes: no visible binding for global variable
'files_dir_list'
enrich_TF_ChEA3_genes: no visible binding for global variable
'CheA3_TF_nTargets'
filter_correlated_cell_scExp: no visible binding for global variable
'run_tsne'
generate_analysis: no visible global function definition for 'head'
generate_analysis: no visible binding for global variable 'k'
generate_analysis: no visible binding for global variable
'clusterConsensus'
get_most_variable_cyto: no visible binding for global variable
'cytoBand'
get_most_variable_cyto: no visible binding for global variable
'Fri_cyto'
num_cell_after_QC_filt_scExp: no visible binding for global variable
'sample_id'
num_cell_after_QC_filt_scExp: no visible binding for global variable
'total_counts'
num_cell_scExp: no visible binding for global variable 'sample_id'
num_cell_scExp: no visible binding for global variable 'total_counts'
plot_correlation_PCA_scExp: no visible binding for global variable
'Component'
plot_coverage_BigWig: no visible binding for global variable 'molecule'
plot_coverage_BigWig: no visible binding for global variable
'orientation'
plot_coverage_BigWig: no visible binding for global variable 'Gene'
plot_gain_or_loss_barplots: no visible binding for global variable
'Gain_or_Loss'
plot_gain_or_loss_barplots: no visible binding for global variable
'ncells'
plot_gain_or_loss_barplots: no visible binding for global variable
'cytoBand'
plot_most_contributing_features: no visible binding for global variable
'genes'
plot_percent_active_feature_scExp: no visible binding for global
variable 'group'
plot_percent_active_feature_scExp: no visible binding for global
variable 'percent_active'
plot_pie_most_contributing_chr: no visible binding for global variable
'absolute_value'
plot_reduced_dim_scExp: no visible binding for global variable 'V1'
plot_reduced_dim_scExp: no visible binding for global variable 'V2'
plot_reduced_dim_scExp: no visible binding for global variable
'cluster'
plot_top_TF_scExp: no visible binding for global variable 'TF'
rebin_helper: no visible binding for global variable 'new_row'
rebin_helper: no visible binding for global variable 'origin_value'
rebin_matrix: no visible binding for global variable 'group'
subset_bam_call_peaks: no visible binding for global variable
'merged_bam'
Undefined global functions or variables:
CheA3_TF_nTargets Component Fri_cyto Gain_or_Loss Gene TF V1 V2
absolute_value cluster clusterConsensus cytoBand files_dir_list genes
group head k merged_bam molecule ncells new_row orientation
origin_value percent_active run_tsne sample_id total_counts
Consider adding
importFrom("utils", "head")
to your NAMESPACE file.
* checking Rd files ... NOTE
prepare_Rd: raw_counts_to_sparse_matrix.Rd:6-8: Dropping empty section \source
* checking Rd metadata ... OK
* checking Rd cross-references ... OK
* checking for missing documentation entries ... OK
* checking for code/documentation mismatches ... WARNING
Codoc mismatches from Rd file 'generate_analysis.Rd':
generate_analysis
Code: function(input_data_folder, analysis_name = "Analysis_1",
output_directory = "./", input_data_type = c("scBED",
"DenseMatrix", "SparseMatrix", "scBAM")[1],
feature_count_on = c("bins", "genebody", "peaks")[1],
feature_count_parameter = 50000, rebin_sparse_matrix =
FALSE, ref_genome = c("hg38", "mm10")[1], run =
c("filter", "CNA", "cluster", "consensus", "coverage",
"DA", "GSA", "report")[c(1, 3, 5, 6, 7, 8)],
min_reads_per_cell = 1000, max_quantile_read_per_cell
= 99, n_top_features = 40000, norm_type = "CPM",
subsample_n = NULL, exclude_regions = NULL, n_clust =
NULL, corr_threshold = 99, percent_correlation = 1,
maxK = 10, qval.th = 0.1, logFC.th = 1,
enrichment_qval = 0.1, doBatchCorr = FALSE, batch_sels
= NULL, control_samples_CNA = NULL, genes_to_plot =
c("Krt8", "Krt5", "Tgfb1", "Foxq1", "Cdkn2b",
"Cdkn2a", "chr7:15000000-20000000"))
Docs: function(input_data_folder, analysis_name = "Analysis_1",
output_directory = "./", input_data_type = c("scBED",
"DenseMatrix", "SparseMatrix", "scBAM")[1],
rebin_sparse_matrix = FALSE, feature_count_on =
c("bins", "genebody", "peaks")[1],
feature_count_parameter = 50000, ref_genome =
c("hg38", "mm10")[1], run = c("filter", "CNA",
"cluster", "consensus", "peak_call", "coverage", "DA",
"GSA", "report")[c(1, 3, 6, 7, 8, 9)],
min_reads_per_cell = 1000, max_quantile_read_per_cell
= 99, n_top_features = 40000, norm_type = "CPM",
subsample_n = NULL, exclude_regions = NULL, n_clust =
NULL, corr_threshold = 99, percent_correlation = 1,
maxK = 10, qval.th = 0.1, logFC.th = 1,
enrichment_qval = 0.1, doBatchCorr = FALSE, batch_sels
= NULL, control_samples_CNA = NULL, genes_to_plot =
c("Krt8", "Krt5", "Tgfb1", "Foxq1", "Cdkn2b",
"Cdkn2a", "chr7:15000000-20000000"))
Mismatches in argument names:
Position: 5 Code: feature_count_on Docs: rebin_sparse_matrix
Position: 6 Code: feature_count_parameter Docs: feature_count_on
Position: 7 Code: rebin_sparse_matrix Docs: feature_count_parameter
Mismatches in argument default values:
Name: 'run'
Code: c("filter", "CNA", "cluster", "consensus", "coverage", "DA",
"GSA", "report")[c(1, 3, 5, 6, 7, 8)]
Docs: c("filter", "CNA", "cluster", "consensus", "peak_call", "coverage",
"DA", "GSA", "report")[c(1, 3, 6, 7, 8, 9)]
* checking Rd \usage sections ... WARNING
Undocumented arguments in Rd file 'rebin_matrix.Rd'
'rebin_function'
Functions with \usage entries need to have the appropriate \alias
entries, and all their arguments documented.
The \usage entries must correspond to syntactically valid R code.
See chapter 'Writing R documentation files' in the 'Writing R
Extensions' manual.
* checking Rd contents ... OK
* checking for unstated dependencies in examples ... OK
* checking contents of 'data' directory ... OK
* checking data for non-ASCII characters ... OK
* checking data for ASCII and uncompressed saves ... OK
* checking line endings in C/C++/Fortran sources/headers ... OK
* checking compiled code ... NOTE
Note: information on .o files for x64 is not available
File 'E:/biocbuild/bbs-3.19-bioc/R/library/ChromSCape/libs/x64/ChromSCape.dll':
Found '_exit', possibly from '_exit' (C)
Found 'abort', possibly from 'abort' (C), 'runtime' (Fortran)
Found 'exit', possibly from 'exit' (C), 'stop' (Fortran)
Compiled code should not call entry points which might terminate R nor
write to stdout/stderr instead of to the console, nor use Fortran I/O
nor system RNGs nor [v]sprintf. The detected symbols are linked into
the code but might come from libraries and not actually be called.
See 'Writing portable packages' in the 'Writing R Extensions' manual.
* checking files in 'vignettes' ... OK
* checking examples ... OK
Examples with CPU (user + system) or elapsed time > 5s
user system elapsed
plot_gain_or_loss_barplots 61.17 0.76 61.94
get_pathway_mat_scExp 45.33 3.68 49.08
calculate_CNA 30.75 1.34 32.09
plot_reduced_dim_scExp_CNA 29.67 0.28 29.96
calculate_cyto_mat 28.62 0.66 29.30
calculate_logRatio_CNA 28.36 0.54 28.91
get_most_variable_cyto 28.24 0.28 28.53
calculate_gain_or_loss 27.83 0.55 28.37
get_cyto_features 24.85 0.38 25.24
num_cell_after_cor_filt_scExp 12.00 0.17 12.19
CompareedgeRGLM 11.31 0.35 11.66
filter_correlated_cell_scExp 11.16 0.15 11.33
preprocessing_filtering_and_reduction 10.21 0.14 10.39
create_scDataset_raw 7.98 0.84 8.87
import_scExp 8.05 0.17 8.21
rebin_matrix 7.47 0.04 27.76
differential_activation 7.24 0.19 7.42
CompareWilcox 5.35 0.29 55.88
enrich_TF_ChEA3_scExp 2.47 0.28 5.97
find_clusters_louvain_scExp 1.54 0.09 5.92
* checking for unstated dependencies in 'tests' ... OK
* checking tests ...
Running 'testthat.R'
OK
* checking for unstated dependencies in vignettes ... OK
* checking package vignettes ... OK
* checking running R code from vignettes ... SKIPPED
* checking re-building of vignette outputs ... SKIPPED
* checking PDF version of manual ... OK
* DONE
Status: 3 WARNINGs, 5 NOTEs
See
'E:/biocbuild/bbs-3.19-bioc/meat/ChromSCape.Rcheck/00check.log'
for details.
ChromSCape.Rcheck/00install.out
############################################################################## ############################################################################## ### ### Running command: ### ### E:\biocbuild\bbs-3.19-bioc\R\bin\R.exe CMD INSTALL ChromSCape ### ############################################################################## ############################################################################## * installing to library 'E:/biocbuild/bbs-3.19-bioc/R/library' * installing *source* package 'ChromSCape' ... ** using staged installation ** libs using C++ compiler: 'G__~1.EXE (GCC) 13.2.0' g++ -std=gnu++17 -I"E:/biocbuild/bbs-3.19-bioc/R/include" -DNDEBUG -I'E:/biocbuild/bbs-3.19-bioc/R/library/Rcpp/include' -I"C:/rtools44/x86_64-w64-mingw32.static.posix/include" -O2 -Wall -mfpmath=sse -msse2 -mstackrealign -c RcppExports.cpp -o RcppExports.o g++ -std=gnu++17 -I"E:/biocbuild/bbs-3.19-bioc/R/include" -DNDEBUG -I'E:/biocbuild/bbs-3.19-bioc/R/library/Rcpp/include' -I"C:/rtools44/x86_64-w64-mingw32.static.posix/include" -O2 -Wall -mfpmath=sse -msse2 -mstackrealign -c as_dist.cpp -o as_dist.o g++ -std=gnu++17 -shared -s -static-libgcc -o ChromSCape.dll tmp.def RcppExports.o as_dist.o -LC:/rtools44/x86_64-w64-mingw32.static.posix/lib/x64 -LC:/rtools44/x86_64-w64-mingw32.static.posix/lib -LE:/biocbuild/bbs-3.19-bioc/R/bin/x64 -lR installing to E:/biocbuild/bbs-3.19-bioc/R/library/00LOCK-ChromSCape/00new/ChromSCape/libs/x64 ** R ** data ** inst ** byte-compile and prepare package for lazy loading ** help *** installing help indices ** building package indices ** installing vignettes ** testing if installed package can be loaded from temporary location ** testing if installed package can be loaded from final location ** testing if installed package keeps a record of temporary installation path * DONE (ChromSCape)
ChromSCape.Rcheck/tests/testthat.Rout
R version 4.4.1 (2024-06-14 ucrt) -- "Race for Your Life"
Copyright (C) 2024 The R Foundation for Statistical Computing
Platform: x86_64-w64-mingw32/x64
R is free software and comes with ABSOLUTELY NO WARRANTY.
You are welcome to redistribute it under certain conditions.
Type 'license()' or 'licence()' for distribution details.
R is a collaborative project with many contributors.
Type 'contributors()' for more information and
'citation()' on how to cite R or R packages in publications.
Type 'demo()' for some demos, 'help()' for on-line help, or
'help.start()' for an HTML browser interface to help.
Type 'q()' to quit R.
> library(testthat)
> library(ChromSCape)
>
> test_check("ChromSCape")
[ FAIL 0 | WARN 2 | SKIP 0 | PASS 11 ]
[ FAIL 0 | WARN 2 | SKIP 0 | PASS 11 ]
>
> proc.time()
user system elapsed
46.45 2.18 81.70
ChromSCape.Rcheck/ChromSCape-Ex.timings
| name | user | system | elapsed | |
| CheA3_TF_nTargets | 0.00 | 0.04 | 0.03 | |
| CompareWilcox | 5.35 | 0.29 | 55.88 | |
| CompareedgeRGLM | 11.31 | 0.35 | 11.66 | |
| annotToCol2 | 0.93 | 0.09 | 1.02 | |
| calculate_CNA | 30.75 | 1.34 | 32.09 | |
| calculate_cyto_mat | 28.62 | 0.66 | 29.30 | |
| calculate_gain_or_loss | 27.83 | 0.55 | 28.37 | |
| calculate_logRatio_CNA | 28.36 | 0.54 | 28.91 | |
| choose_cluster_scExp | 4.06 | 0.50 | 4.58 | |
| colors_scExp | 0.36 | 0.14 | 0.53 | |
| consensus_clustering_scExp | 3.81 | 0.50 | 4.31 | |
| correlation_and_hierarchical_clust_scExp | 0.30 | 0.13 | 0.42 | |
| create_project_folder | 0.00 | 0.00 | 0.03 | |
| create_scDataset_raw | 7.98 | 0.84 | 8.87 | |
| create_scExp | 0.67 | 0.03 | 0.70 | |
| define_feature | 0.23 | 0.04 | 0.27 | |
| detect_samples | 1.14 | 0.04 | 1.17 | |
| differential_activation | 7.24 | 0.19 | 7.42 | |
| differential_analysis_scExp | 3.29 | 0.14 | 3.44 | |
| enrich_TF_ChEA3_genes | 0.96 | 0.17 | 2.05 | |
| enrich_TF_ChEA3_scExp | 2.47 | 0.28 | 5.97 | |
| exclude_features_scExp | 0.85 | 0.04 | 0.89 | |
| feature_annotation_scExp | 3.44 | 0.10 | 3.58 | |
| filter_correlated_cell_scExp | 11.16 | 0.15 | 11.33 | |
| filter_scExp | 1.08 | 0.03 | 1.11 | |
| find_clusters_louvain_scExp | 1.54 | 0.09 | 5.92 | |
| find_top_features | 0.39 | 0.13 | 0.51 | |
| gene_set_enrichment_analysis_scExp | 0.27 | 0.07 | 0.35 | |
| generate_analysis | 0 | 0 | 0 | |
| generate_coverage_tracks | 0 | 0 | 0 | |
| generate_report | 0 | 0 | 0 | |
| getExperimentNames | 0.31 | 0.13 | 0.44 | |
| getMainExperiment | 0.36 | 0.15 | 0.51 | |
| get_cyto_features | 24.85 | 0.38 | 25.24 | |
| get_genomic_coordinates | 0.60 | 0.02 | 0.62 | |
| get_most_variable_cyto | 28.24 | 0.28 | 28.53 | |
| get_pathway_mat_scExp | 45.33 | 3.68 | 49.08 | |
| has_genomic_coordinates | 1.04 | 0.04 | 1.08 | |
| import_scExp | 8.05 | 0.17 | 8.21 | |
| inter_correlation_scExp | 0.43 | 0.09 | 0.53 | |
| intra_correlation_scExp | 0.43 | 0.11 | 0.53 | |
| launchApp | 0 | 0 | 0 | |
| normalize_scExp | 0.62 | 0.03 | 0.66 | |
| num_cell_after_QC_filt_scExp | 0.75 | 0.05 | 0.79 | |
| num_cell_after_cor_filt_scExp | 12.00 | 0.17 | 12.19 | |
| num_cell_before_cor_filt_scExp | 0.28 | 0.14 | 0.42 | |
| num_cell_in_cluster_scExp | 0.72 | 0.11 | 0.83 | |
| num_cell_scExp | 0.50 | 0.02 | 0.52 | |
| plot_cluster_consensus_scExp | 1.09 | 0.18 | 1.28 | |
| plot_correlation_PCA_scExp | 1.24 | 0.16 | 1.39 | |
| plot_coverage_BigWig | 0.26 | 0.14 | 0.40 | |
| plot_differential_summary_scExp | 0.20 | 0.17 | 0.37 | |
| plot_differential_volcano_scExp | 0.35 | 0.16 | 0.50 | |
| plot_distribution_scExp | 0.47 | 0.11 | 0.58 | |
| plot_gain_or_loss_barplots | 61.17 | 0.76 | 61.94 | |
| plot_heatmap_scExp | 0.31 | 0.16 | 0.47 | |
| plot_inter_correlation_scExp | 0.72 | 0.11 | 0.83 | |
| plot_intra_correlation_scExp | 0.58 | 0.12 | 0.70 | |
| plot_most_contributing_features | 0.48 | 0.08 | 0.56 | |
| plot_percent_active_feature_scExp | 2.58 | 0.21 | 2.78 | |
| plot_pie_most_contributing_chr | 0.33 | 0.10 | 0.44 | |
| plot_reduced_dim_scExp | 3.42 | 0.21 | 3.63 | |
| plot_reduced_dim_scExp_CNA | 29.67 | 0.28 | 29.96 | |
| plot_top_TF_scExp | 0.70 | 0.09 | 0.80 | |
| plot_violin_feature_scExp | 2.44 | 0.16 | 2.60 | |
| preprocess_CPM | 0.83 | 0.03 | 0.85 | |
| preprocess_RPKM | 0.88 | 0.06 | 0.94 | |
| preprocess_TFIDF | 0.71 | 0.02 | 0.74 | |
| preprocess_TPM | 0.82 | 0.01 | 0.82 | |
| preprocess_feature_size_only | 0.82 | 0.07 | 0.90 | |
| preprocessing_filtering_and_reduction | 10.21 | 0.14 | 10.39 | |
| read_sparse_matrix | 0 | 0 | 0 | |
| rebin_matrix | 7.47 | 0.04 | 27.76 | |
| reduce_dims_scExp | 3.29 | 0.04 | 3.33 | |
| scExp | 0.91 | 0.17 | 1.08 | |
| subsample_scExp | 1.12 | 0.04 | 1.17 | |
| subset_bam_call_peaks | 0 | 0 | 0 | |
| summary_DA | 0.31 | 0.14 | 0.45 | |
| swapAltExp_sameColData | 0.41 | 0.16 | 0.56 | |
| table_enriched_genes_scExp | 0.23 | 0.19 | 0.42 | |
| wrapper_Signac_FeatureMatrix | 0 | 0 | 0 | |