| Back to Multiple platform build/check report for BioC 3.19: simplified long | 
 | 
This page was generated on 2024-10-18 20:40 -0400 (Fri, 18 Oct 2024).
| Hostname | OS | Arch (*) | R version | Installed pkgs | 
|---|---|---|---|---|
| nebbiolo1 | Linux (Ubuntu 22.04.3 LTS) | x86_64 | 4.4.1 (2024-06-14) -- "Race for Your Life" | 4763 | 
| palomino7 | Windows Server 2022 Datacenter | x64 | 4.4.1 (2024-06-14 ucrt) -- "Race for Your Life" | 4500 | 
| merida1 | macOS 12.7.5 Monterey | x86_64 | 4.4.1 (2024-06-14) -- "Race for Your Life" | 4530 | 
| kjohnson1 | macOS 13.6.6 Ventura | arm64 | 4.4.1 (2024-06-14) -- "Race for Your Life" | 4480 | 
| Click on any hostname to see more info about the system (e.g. compilers) (*) as reported by 'uname -p', except on Windows and Mac OS X | ||||
| Package 348/2300 | Hostname | OS / Arch | INSTALL | BUILD | CHECK | BUILD BIN | ||||||||
| ChromSCape 1.14.0  (landing page) Pacome Prompsy 
 | nebbiolo1 | Linux (Ubuntu 22.04.3 LTS) / x86_64 | OK | OK | WARNINGS |  | ||||||||
| palomino7 | Windows Server 2022 Datacenter / x64 | OK | OK | WARNINGS | OK |  | ||||||||
| merida1 | macOS 12.7.5 Monterey / x86_64 | OK | OK | WARNINGS | OK |  | ||||||||
| kjohnson1 | macOS 13.6.6 Ventura / arm64 | OK | OK | WARNINGS | OK |  | ||||||||
| To the developers/maintainers of the ChromSCape package: - Allow up to 24 hours (and sometimes 48 hours) for your latest push to git@git.bioconductor.org:packages/ChromSCape.git to reflect on this report. See Troubleshooting Build Report for more information. - Use the following Renviron settings to reproduce errors and warnings. - If 'R CMD check' started to fail recently on the Linux builder(s) over a missing dependency, add the missing dependency to 'Suggests:' in your DESCRIPTION file. See Renviron.bioc for more information. | 
| Package: ChromSCape | 
| Version: 1.14.0 | 
| Command: /Library/Frameworks/R.framework/Resources/bin/R CMD check --install=check:ChromSCape.install-out.txt --library=/Library/Frameworks/R.framework/Resources/library --no-vignettes --timings ChromSCape_1.14.0.tar.gz | 
| StartedAt: 2024-10-17 02:43:03 -0400 (Thu, 17 Oct 2024) | 
| EndedAt: 2024-10-17 03:15:21 -0400 (Thu, 17 Oct 2024) | 
| EllapsedTime: 1937.6 seconds | 
| RetCode: 0 | 
| Status: WARNINGS | 
| CheckDir: ChromSCape.Rcheck | 
| Warnings: 3 | 
##############################################################################
##############################################################################
###
### Running command:
###
###   /Library/Frameworks/R.framework/Resources/bin/R CMD check --install=check:ChromSCape.install-out.txt --library=/Library/Frameworks/R.framework/Resources/library --no-vignettes --timings ChromSCape_1.14.0.tar.gz
###
##############################################################################
##############################################################################
* using log directory ‘/Users/biocbuild/bbs-3.19-bioc/meat/ChromSCape.Rcheck’
* using R version 4.4.1 (2024-06-14)
* using platform: x86_64-apple-darwin20
* R was compiled by
    Apple clang version 14.0.0 (clang-1400.0.29.202)
    GNU Fortran (GCC) 12.2.0
* running under: macOS Monterey 12.7.6
* using session charset: UTF-8
* using option ‘--no-vignettes’
* checking for file ‘ChromSCape/DESCRIPTION’ ... OK
* this is package ‘ChromSCape’ version ‘1.14.0’
* package encoding: UTF-8
* checking package namespace information ... OK
* checking package dependencies ... OK
* checking if this is a source package ... OK
* checking if there is a namespace ... OK
* checking for hidden files and directories ... NOTE
Found the following hidden files and directories:
  .BBSoptions
These were most likely included in error. See section ‘Package
structure’ in the ‘Writing R Extensions’ manual.
* checking for portable file names ... OK
* checking for sufficient/correct file permissions ... OK
* checking whether package ‘ChromSCape’ can be installed ... OK
* used C++ compiler: ‘Apple clang version 14.0.0 (clang-1400.0.29.202)’
* used SDK: ‘MacOSX11.3.sdk’
* checking installed package size ... OK
* checking package directory ... OK
* checking ‘build’ directory ... OK
* checking DESCRIPTION meta-information ... OK
* checking top-level files ... OK
* checking for left-over files ... OK
* checking index information ... OK
* checking package subdirectories ... OK
* checking code files for non-ASCII characters ... OK
* checking R files for syntax errors ... OK
* checking whether the package can be loaded ... OK
* checking whether the package can be loaded with stated dependencies ... OK
* checking whether the package can be unloaded cleanly ... OK
* checking whether the namespace can be loaded with stated dependencies ... OK
* checking whether the namespace can be unloaded cleanly ... OK
* checking whether startup messages can be suppressed ... OK
* checking dependencies in R code ... WARNING
'library' or 'require' call not declared from: ‘dplyr’
'library' or 'require' call to ‘dplyr’ in package code.
  Please use :: or requireNamespace() instead.
  See section 'Suggested packages' in the 'Writing R Extensions' manual.
* checking S3 generic/method consistency ... OK
* checking replacement functions ... OK
* checking foreign function calls ... OK
* checking R code for possible problems ... NOTE
bams_to_matrix_indexes: no visible binding for global variable
  ‘files_dir_list’
enrich_TF_ChEA3_genes: no visible binding for global variable
  ‘CheA3_TF_nTargets’
filter_correlated_cell_scExp: no visible binding for global variable
  ‘run_tsne’
generate_analysis: no visible global function definition for ‘head’
generate_analysis: no visible binding for global variable ‘k’
generate_analysis: no visible binding for global variable
  ‘clusterConsensus’
get_most_variable_cyto: no visible binding for global variable
  ‘cytoBand’
get_most_variable_cyto: no visible binding for global variable
  ‘Fri_cyto’
num_cell_after_QC_filt_scExp: no visible binding for global variable
  ‘sample_id’
num_cell_after_QC_filt_scExp: no visible binding for global variable
  ‘total_counts’
num_cell_scExp: no visible binding for global variable ‘sample_id’
num_cell_scExp: no visible binding for global variable ‘total_counts’
plot_correlation_PCA_scExp: no visible binding for global variable
  ‘Component’
plot_coverage_BigWig: no visible binding for global variable ‘molecule’
plot_coverage_BigWig: no visible binding for global variable
  ‘orientation’
plot_coverage_BigWig: no visible binding for global variable ‘Gene’
plot_gain_or_loss_barplots: no visible binding for global variable
  ‘Gain_or_Loss’
plot_gain_or_loss_barplots: no visible binding for global variable
  ‘ncells’
plot_gain_or_loss_barplots: no visible binding for global variable
  ‘cytoBand’
plot_most_contributing_features: no visible binding for global variable
  ‘genes’
plot_percent_active_feature_scExp: no visible binding for global
  variable ‘group’
plot_percent_active_feature_scExp: no visible binding for global
  variable ‘percent_active’
plot_pie_most_contributing_chr: no visible binding for global variable
  ‘absolute_value’
plot_reduced_dim_scExp: no visible binding for global variable ‘V1’
plot_reduced_dim_scExp: no visible binding for global variable ‘V2’
plot_reduced_dim_scExp: no visible binding for global variable
  ‘cluster’
plot_top_TF_scExp: no visible binding for global variable ‘TF’
rebin_helper: no visible binding for global variable ‘new_row’
rebin_helper: no visible binding for global variable ‘origin_value’
rebin_matrix: no visible binding for global variable ‘group’
subset_bam_call_peaks: no visible binding for global variable
  ‘merged_bam’
Undefined global functions or variables:
  CheA3_TF_nTargets Component Fri_cyto Gain_or_Loss Gene TF V1 V2
  absolute_value cluster clusterConsensus cytoBand files_dir_list genes
  group head k merged_bam molecule ncells new_row orientation
  origin_value percent_active run_tsne sample_id total_counts
Consider adding
  importFrom("utils", "head")
to your NAMESPACE file.
* checking Rd files ... NOTE
prepare_Rd: raw_counts_to_sparse_matrix.Rd:6-8: Dropping empty section \source
* checking Rd metadata ... OK
* checking Rd cross-references ... OK
* checking for missing documentation entries ... OK
* checking for code/documentation mismatches ... WARNING
Codoc mismatches from Rd file 'generate_analysis.Rd':
generate_analysis
  Code: function(input_data_folder, analysis_name = "Analysis_1",
                 output_directory = "./", input_data_type = c("scBED",
                 "DenseMatrix", "SparseMatrix", "scBAM")[1],
                 feature_count_on = c("bins", "genebody", "peaks")[1],
                 feature_count_parameter = 50000, rebin_sparse_matrix =
                 FALSE, ref_genome = c("hg38", "mm10")[1], run =
                 c("filter", "CNA", "cluster", "consensus", "coverage",
                 "DA", "GSA", "report")[c(1, 3, 5, 6, 7, 8)],
                 min_reads_per_cell = 1000, max_quantile_read_per_cell
                 = 99, n_top_features = 40000, norm_type = "CPM",
                 subsample_n = NULL, exclude_regions = NULL, n_clust =
                 NULL, corr_threshold = 99, percent_correlation = 1,
                 maxK = 10, qval.th = 0.1, logFC.th = 1,
                 enrichment_qval = 0.1, doBatchCorr = FALSE, batch_sels
                 = NULL, control_samples_CNA = NULL, genes_to_plot =
                 c("Krt8", "Krt5", "Tgfb1", "Foxq1", "Cdkn2b",
                 "Cdkn2a", "chr7:15000000-20000000"))
  Docs: function(input_data_folder, analysis_name = "Analysis_1",
                 output_directory = "./", input_data_type = c("scBED",
                 "DenseMatrix", "SparseMatrix", "scBAM")[1],
                 rebin_sparse_matrix = FALSE, feature_count_on =
                 c("bins", "genebody", "peaks")[1],
                 feature_count_parameter = 50000, ref_genome =
                 c("hg38", "mm10")[1], run = c("filter", "CNA",
                 "cluster", "consensus", "peak_call", "coverage", "DA",
                 "GSA", "report")[c(1, 3, 6, 7, 8, 9)],
                 min_reads_per_cell = 1000, max_quantile_read_per_cell
                 = 99, n_top_features = 40000, norm_type = "CPM",
                 subsample_n = NULL, exclude_regions = NULL, n_clust =
                 NULL, corr_threshold = 99, percent_correlation = 1,
                 maxK = 10, qval.th = 0.1, logFC.th = 1,
                 enrichment_qval = 0.1, doBatchCorr = FALSE, batch_sels
                 = NULL, control_samples_CNA = NULL, genes_to_plot =
                 c("Krt8", "Krt5", "Tgfb1", "Foxq1", "Cdkn2b",
                 "Cdkn2a", "chr7:15000000-20000000"))
  Mismatches in argument names:
    Position: 5 Code: feature_count_on Docs: rebin_sparse_matrix
    Position: 6 Code: feature_count_parameter Docs: feature_count_on
    Position: 7 Code: rebin_sparse_matrix Docs: feature_count_parameter
  Mismatches in argument default values:
    Name: 'run'
    Code: c("filter", "CNA", "cluster", "consensus", "coverage", "DA", 
          "GSA", "report")[c(1, 3, 5, 6, 7, 8)]
    Docs: c("filter", "CNA", "cluster", "consensus", "peak_call", "coverage", 
          "DA", "GSA", "report")[c(1, 3, 6, 7, 8, 9)]
* checking Rd \usage sections ... WARNING
Undocumented arguments in Rd file 'rebin_matrix.Rd'
  ‘rebin_function’
Functions with \usage entries need to have the appropriate \alias
entries, and all their arguments documented.
The \usage entries must correspond to syntactically valid R code.
See chapter ‘Writing R documentation files’ in the ‘Writing R
Extensions’ manual.
* checking Rd contents ... OK
* checking for unstated dependencies in examples ... OK
* checking contents of ‘data’ directory ... OK
* checking data for non-ASCII characters ... OK
* checking data for ASCII and uncompressed saves ... OK
* checking line endings in C/C++/Fortran sources/headers ... OK
* checking compiled code ... NOTE
Note: information on .o files is not available
* checking files in ‘vignettes’ ... OK
* checking examples ... OK
Examples with CPU (user + system) or elapsed time > 5s
                                         user system elapsed
plot_gain_or_loss_barplots            120.880  0.975 146.884
get_pathway_mat_scExp                  67.637  8.549  95.098
calculate_CNA                          58.595  4.720  74.307
plot_reduced_dim_scExp_CNA             56.790  0.480  70.721
calculate_gain_or_loss                 55.365  1.904  77.293
calculate_cyto_mat                     55.026  2.134  67.238
calculate_logRatio_CNA                 54.617  2.429  77.449
get_most_variable_cyto                 53.934  0.690  75.906
get_cyto_features                      50.729  0.698  69.338
differential_activation                13.070  0.147  17.815
num_cell_after_cor_filt_scExp          13.064  0.129  15.990
preprocessing_filtering_and_reduction  12.628  0.211  15.465
CompareedgeRGLM                        11.035  0.755  13.422
filter_correlated_cell_scExp           11.564  0.137  15.795
create_scDataset_raw                    8.744  0.770  12.841
import_scExp                            8.334  0.686  10.896
CompareWilcox                           8.121  0.826   9.369
rebin_matrix                            7.640  0.091  46.561
plot_reduced_dim_scExp                  7.422  0.085   9.783
choose_cluster_scExp                    6.717  0.472   9.647
differential_analysis_scExp             6.892  0.077   9.447
consensus_clustering_scExp              5.880  0.513   8.749
plot_violin_feature_scExp               5.316  0.068   6.941
plot_percent_active_feature_scExp       5.156  0.056   6.291
feature_annotation_scExp                3.938  0.087   5.492
enrich_TF_ChEA3_scExp                   1.984  0.106   6.023
* checking for unstated dependencies in ‘tests’ ... OK
* checking tests ...
  Running ‘testthat.R’
 OK
* checking for unstated dependencies in vignettes ... OK
* checking package vignettes ... OK
* checking running R code from vignettes ... SKIPPED
* checking re-building of vignette outputs ... SKIPPED
* checking PDF version of manual ... OK
* DONE
Status: 3 WARNINGs, 4 NOTEs
See
  ‘/Users/biocbuild/bbs-3.19-bioc/meat/ChromSCape.Rcheck/00check.log’
for details.
ChromSCape.Rcheck/00install.out
############################################################################## ############################################################################## ### ### Running command: ### ### /Library/Frameworks/R.framework/Resources/bin/R CMD INSTALL ChromSCape ### ############################################################################## ############################################################################## * installing to library ‘/Library/Frameworks/R.framework/Versions/4.4-x86_64/Resources/library’ * installing *source* package ‘ChromSCape’ ... ** using staged installation ** libs using C++ compiler: ‘Apple clang version 14.0.0 (clang-1400.0.29.202)’ using SDK: ‘MacOSX11.3.sdk’ clang++ -arch x86_64 -std=gnu++17 -I"/Library/Frameworks/R.framework/Resources/include" -DNDEBUG -I'/Library/Frameworks/R.framework/Versions/4.4-x86_64/Resources/library/Rcpp/include' -I/opt/R/x86_64/include -fPIC -falign-functions=64 -Wall -g -O2 -c RcppExports.cpp -o RcppExports.o clang++ -arch x86_64 -std=gnu++17 -I"/Library/Frameworks/R.framework/Resources/include" -DNDEBUG -I'/Library/Frameworks/R.framework/Versions/4.4-x86_64/Resources/library/Rcpp/include' -I/opt/R/x86_64/include -fPIC -falign-functions=64 -Wall -g -O2 -c as_dist.cpp -o as_dist.o clang++ -arch x86_64 -std=gnu++17 -dynamiclib -Wl,-headerpad_max_install_names -undefined dynamic_lookup -L/Library/Frameworks/R.framework/Resources/lib -L/opt/R/x86_64/lib -o ChromSCape.so RcppExports.o as_dist.o -F/Library/Frameworks/R.framework/.. -framework R -Wl,-framework -Wl,CoreFoundation installing to /Library/Frameworks/R.framework/Versions/4.4-x86_64/Resources/library/00LOCK-ChromSCape/00new/ChromSCape/libs ** R ** data ** inst ** byte-compile and prepare package for lazy loading ** help *** installing help indices ** building package indices ** installing vignettes ** testing if installed package can be loaded from temporary location ** checking absolute paths in shared objects and dynamic libraries ** testing if installed package can be loaded from final location ** testing if installed package keeps a record of temporary installation path * DONE (ChromSCape)
ChromSCape.Rcheck/tests/testthat.Rout
R version 4.4.1 (2024-06-14) -- "Race for Your Life"
Copyright (C) 2024 The R Foundation for Statistical Computing
Platform: x86_64-apple-darwin20
R is free software and comes with ABSOLUTELY NO WARRANTY.
You are welcome to redistribute it under certain conditions.
Type 'license()' or 'licence()' for distribution details.
R is a collaborative project with many contributors.
Type 'contributors()' for more information and
'citation()' on how to cite R or R packages in publications.
Type 'demo()' for some demos, 'help()' for on-line help, or
'help.start()' for an HTML browser interface to help.
Type 'q()' to quit R.
> library(testthat)
> library(ChromSCape)
> 
> test_check("ChromSCape")
[ FAIL 0 | WARN 2 | SKIP 0 | PASS 11 ]
[ FAIL 0 | WARN 2 | SKIP 0 | PASS 11 ]
> 
> proc.time()
   user  system elapsed 
 67.708   4.729  84.981 
ChromSCape.Rcheck/ChromSCape-Ex.timings
| name | user | system | elapsed | |
| CheA3_TF_nTargets | 0.014 | 0.005 | 0.026 | |
| CompareWilcox | 8.121 | 0.826 | 9.369 | |
| CompareedgeRGLM | 11.035 | 0.755 | 13.422 | |
| annotToCol2 | 1.943 | 0.049 | 2.259 | |
| calculate_CNA | 58.595 | 4.720 | 74.307 | |
| calculate_cyto_mat | 55.026 | 2.134 | 67.238 | |
| calculate_gain_or_loss | 55.365 | 1.904 | 77.293 | |
| calculate_logRatio_CNA | 54.617 | 2.429 | 77.449 | |
| choose_cluster_scExp | 6.717 | 0.472 | 9.647 | |
| colors_scExp | 0.639 | 0.013 | 0.897 | |
| consensus_clustering_scExp | 5.880 | 0.513 | 8.749 | |
| correlation_and_hierarchical_clust_scExp | 0.683 | 0.015 | 0.956 | |
| create_project_folder | 0.002 | 0.004 | 0.007 | |
| create_scDataset_raw | 8.744 | 0.770 | 12.841 | |
| create_scExp | 1.516 | 0.056 | 2.136 | |
| define_feature | 0.293 | 0.009 | 0.417 | |
| detect_samples | 1.230 | 0.072 | 1.767 | |
| differential_activation | 13.070 | 0.147 | 17.815 | |
| differential_analysis_scExp | 6.892 | 0.077 | 9.447 | |
| enrich_TF_ChEA3_genes | 0.964 | 0.491 | 3.065 | |
| enrich_TF_ChEA3_scExp | 1.984 | 0.106 | 6.023 | |
| exclude_features_scExp | 1.580 | 0.021 | 2.188 | |
| feature_annotation_scExp | 3.938 | 0.087 | 5.492 | |
| filter_correlated_cell_scExp | 11.564 | 0.137 | 15.795 | |
| filter_scExp | 1.956 | 0.019 | 2.685 | |
| find_clusters_louvain_scExp | 0.927 | 0.392 | 1.514 | |
| find_top_features | 0.688 | 0.078 | 1.047 | |
| gene_set_enrichment_analysis_scExp | 0.418 | 0.016 | 0.572 | |
| generate_analysis | 0 | 0 | 0 | |
| generate_coverage_tracks | 0.000 | 0.001 | 0.001 | |
| generate_report | 0.000 | 0.001 | 0.001 | |
| getExperimentNames | 0.501 | 0.024 | 0.705 | |
| getMainExperiment | 0.592 | 0.037 | 0.861 | |
| get_cyto_features | 50.729 | 0.698 | 69.338 | |
| get_genomic_coordinates | 1.306 | 0.031 | 1.854 | |
| get_most_variable_cyto | 53.934 | 0.690 | 75.906 | |
| get_pathway_mat_scExp | 67.637 | 8.549 | 95.098 | |
| has_genomic_coordinates | 2.233 | 0.033 | 2.759 | |
| import_scExp | 8.334 | 0.686 | 10.896 | |
| inter_correlation_scExp | 0.826 | 0.043 | 1.044 | |
| intra_correlation_scExp | 0.774 | 0.037 | 0.988 | |
| launchApp | 0.000 | 0.001 | 0.001 | |
| normalize_scExp | 1.389 | 0.067 | 1.772 | |
| num_cell_after_QC_filt_scExp | 1.571 | 0.082 | 2.036 | |
| num_cell_after_cor_filt_scExp | 13.064 | 0.129 | 15.990 | |
| num_cell_before_cor_filt_scExp | 0.389 | 0.015 | 0.481 | |
| num_cell_in_cluster_scExp | 1.036 | 0.019 | 1.282 | |
| num_cell_scExp | 1.264 | 0.010 | 1.508 | |
| plot_cluster_consensus_scExp | 2.140 | 0.062 | 2.551 | |
| plot_correlation_PCA_scExp | 2.493 | 0.030 | 2.946 | |
| plot_coverage_BigWig | 0.459 | 0.012 | 0.549 | |
| plot_differential_summary_scExp | 0.557 | 0.020 | 0.677 | |
| plot_differential_volcano_scExp | 0.654 | 0.027 | 0.796 | |
| plot_distribution_scExp | 1.024 | 0.044 | 1.305 | |
| plot_gain_or_loss_barplots | 120.880 | 0.975 | 146.884 | |
| plot_heatmap_scExp | 0.689 | 0.024 | 0.866 | |
| plot_inter_correlation_scExp | 1.252 | 0.023 | 1.549 | |
| plot_intra_correlation_scExp | 1.193 | 0.031 | 1.618 | |
| plot_most_contributing_features | 0.909 | 0.017 | 1.117 | |
| plot_percent_active_feature_scExp | 5.156 | 0.056 | 6.291 | |
| plot_pie_most_contributing_chr | 0.636 | 0.014 | 0.796 | |
| plot_reduced_dim_scExp | 7.422 | 0.085 | 9.783 | |
| plot_reduced_dim_scExp_CNA | 56.790 | 0.480 | 70.721 | |
| plot_top_TF_scExp | 1.057 | 0.030 | 1.475 | |
| plot_violin_feature_scExp | 5.316 | 0.068 | 6.941 | |
| preprocess_CPM | 1.406 | 0.076 | 1.793 | |
| preprocess_RPKM | 1.399 | 0.069 | 1.841 | |
| preprocess_TFIDF | 1.422 | 0.099 | 1.842 | |
| preprocess_TPM | 1.381 | 0.064 | 1.759 | |
| preprocess_feature_size_only | 1.395 | 0.108 | 1.835 | |
| preprocessing_filtering_and_reduction | 12.628 | 0.211 | 15.465 | |
| read_sparse_matrix | 0.000 | 0.000 | 0.001 | |
| rebin_matrix | 7.640 | 0.091 | 46.561 | |
| reduce_dims_scExp | 3.988 | 0.053 | 4.930 | |
| scExp | 2.263 | 0.055 | 2.827 | |
| subsample_scExp | 1.932 | 0.016 | 2.447 | |
| subset_bam_call_peaks | 0.001 | 0.001 | 0.001 | |
| summary_DA | 0.454 | 0.011 | 0.630 | |
| swapAltExp_sameColData | 0.663 | 0.011 | 0.854 | |
| table_enriched_genes_scExp | 0.427 | 0.014 | 0.530 | |
| wrapper_Signac_FeatureMatrix | 0.000 | 0.000 | 0.001 | |