| Back to Multiple platform build/check report for BioC 3.18: simplified long |
|
This page was generated on 2023-11-02 11:41:24 -0400 (Thu, 02 Nov 2023).
| Hostname | OS | Arch (*) | R version | Installed pkgs |
|---|---|---|---|---|
| nebbiolo2 | Linux (Ubuntu 22.04.2 LTS) | x86_64 | 4.3.1 (2023-06-16) -- "Beagle Scouts" | 4729 |
| palomino4 | Windows Server 2022 Datacenter | x64 | 4.3.1 (2023-06-16 ucrt) -- "Beagle Scouts" | 4463 |
| lconway | macOS 12.6.5 Monterey | x86_64 | 4.3.1 Patched (2023-06-17 r84564) -- "Beagle Scouts" | 4478 |
| kunpeng2 | Linux (openEuler 22.03 LTS-SP1) | aarch64 | 4.3.1 (2023-06-16) -- "Beagle Scouts" | 4464 |
| Click on any hostname to see more info about the system (e.g. compilers) (*) as reported by 'uname -p', except on Windows and Mac OS X | ||||
| Package 2182/2266 | Hostname | OS / Arch | INSTALL | BUILD | CHECK | BUILD BIN | ||||||||
| triplex 1.42.0 (landing page) Jiri Hon
| nebbiolo2 | Linux (Ubuntu 22.04.2 LTS) / x86_64 | OK | OK | WARNINGS | |||||||||
| palomino4 | Windows Server 2022 Datacenter / x64 | OK | OK | WARNINGS | OK | |||||||||
| lconway | macOS 12.6.5 Monterey / x86_64 | OK | OK | WARNINGS | OK | |||||||||
| kjohnson1 | macOS 13.6.1 Ventura / arm64 | see weekly results here | ||||||||||||
| kunpeng2 | Linux (openEuler 22.03 LTS-SP1) / aarch64 | OK | OK | WARNINGS | ||||||||||
|
To the developers/maintainers of the triplex package: - Allow up to 24 hours (and sometimes 48 hours) for your latest push to git@git.bioconductor.org:packages/triplex.git to reflect on this report. See Troubleshooting Build Report for more information. - Use the following Renviron settings to reproduce errors and warnings. - If 'R CMD check' started to fail recently on the Linux builder(s) over a missing dependency, add the missing dependency to 'Suggests:' in your DESCRIPTION file. See Renviron.bioc for more information. - See Martin Grigorov's blog post for how to debug Linux ARM64 related issues on a x86_64 host. |
| Package: triplex |
| Version: 1.42.0 |
| Command: /home/biocbuild/R/R-4.3.1/bin/R CMD check --install=check:triplex.install-out.txt --library=/home/biocbuild/R/R-4.3.1/site-library --no-vignettes --timings triplex_1.42.0.tar.gz |
| StartedAt: 2023-11-02 15:04:24 -0000 (Thu, 02 Nov 2023) |
| EndedAt: 2023-11-02 15:06:09 -0000 (Thu, 02 Nov 2023) |
| EllapsedTime: 105.1 seconds |
| RetCode: 0 |
| Status: WARNINGS |
| CheckDir: triplex.Rcheck |
| Warnings: 2 |
##############################################################################
##############################################################################
###
### Running command:
###
### /home/biocbuild/R/R-4.3.1/bin/R CMD check --install=check:triplex.install-out.txt --library=/home/biocbuild/R/R-4.3.1/site-library --no-vignettes --timings triplex_1.42.0.tar.gz
###
##############################################################################
##############################################################################
* using log directory ‘/home/biocbuild/bbs-3.18-bioc/meat/triplex.Rcheck’
* using R version 4.3.1 (2023-06-16)
* using platform: aarch64-unknown-linux-gnu (64-bit)
* R was compiled by
gcc (GCC) 10.3.1
GNU Fortran (GCC) 10.3.1
* running under: openEuler 22.03 (LTS-SP1)
* using session charset: UTF-8
* using option ‘--no-vignettes’
* checking for file ‘triplex/DESCRIPTION’ ... OK
* checking extension type ... Package
* this is package ‘triplex’ version ‘1.42.0’
* checking package namespace information ... OK
* checking package dependencies ... OK
* checking if this is a source package ... OK
* checking if there is a namespace ... OK
* checking for hidden files and directories ... OK
* checking for portable file names ... OK
* checking for sufficient/correct file permissions ... OK
* checking whether package ‘triplex’ can be installed ... WARNING
Found the following significant warnings:
Warning: replacing previous import ‘grid::pattern’ by ‘Biostrings::pattern’ when loading ‘triplex’
See ‘/home/biocbuild/bbs-3.18-bioc/meat/triplex.Rcheck/00install.out’ for details.
* used C compiler: ‘gcc (GCC) 10.3.1’
* checking installed package size ... OK
* checking package directory ... OK
* checking ‘build’ directory ... OK
* checking DESCRIPTION meta-information ... OK
* checking top-level files ... OK
* checking for left-over files ... OK
* checking index information ... OK
* checking package subdirectories ... OK
* checking R files for non-ASCII characters ... OK
* checking R files for syntax errors ... OK
* checking whether the package can be loaded ... OK
* checking whether the package can be loaded with stated dependencies ... OK
* checking whether the package can be unloaded cleanly ... OK
* checking whether the namespace can be loaded with stated dependencies ... OK
* checking whether the namespace can be unloaded cleanly ... OK
* checking loading without being on the library search path ... OK
* checking dependencies in R code ... NOTE
'library' or 'require' call to ‘rgl’ in package code.
Please use :: or requireNamespace() instead.
See section 'Suggested packages' in the 'Writing R Extensions' manual.
Unexported object imported by a ':::' call: ‘IRanges:::new_Views’
See the note in ?`:::` about the use of this operator.
* checking S3 generic/method consistency ... OK
* checking replacement functions ... OK
* checking foreign function calls ... OK
* checking R code for possible problems ... NOTE
countBend: no visible global function definition for ‘optimize’
drawBase: no visible global function definition for ‘rgl.triangles’
join: no visible global function definition for ‘rgl.quads’
joinRect: no visible global function definition for ‘rgl.quads’
triplex.3D: no visible global function definition for
‘installed.packages’
triplex.3D: no visible global function definition for ‘nlm’
triplex.3D: no visible global function definition for ‘rgl.bg’
triplex.3D: no visible global function definition for ‘rgl.spheres’
Undefined global functions or variables:
installed.packages nlm optimize rgl.bg rgl.quads rgl.spheres
rgl.triangles
Consider adding
importFrom("stats", "nlm", "optimize")
importFrom("utils", "installed.packages")
to your NAMESPACE file.
* checking Rd files ... WARNING
checkRd: (5) TriplexViews-class.Rd:68-71: \item in \describe must have non-empty label
checkRd: (5) TriplexViews-class.Rd:72-75: \item in \describe must have non-empty label
checkRd: (5) TriplexViews-class.Rd:76-80: \item in \describe must have non-empty label
checkRd: (5) TriplexViews-class.Rd:81-84: \item in \describe must have non-empty label
checkRd: (5) TriplexViews-class.Rd:85-88: \item in \describe must have non-empty label
checkRd: (5) TriplexViews-class.Rd:89-92: \item in \describe must have non-empty label
checkRd: (5) TriplexViews-class.Rd:93-96: \item in \describe must have non-empty label
checkRd: (5) TriplexViews-class.Rd:97-100: \item in \describe must have non-empty label
checkRd: (5) TriplexViews-class.Rd:101-104: \item in \describe must have non-empty label
* checking Rd metadata ... OK
* checking Rd cross-references ... OK
* checking for missing documentation entries ... OK
* checking for code/documentation mismatches ... OK
* checking Rd \usage sections ... OK
* checking Rd contents ... OK
* checking for unstated dependencies in examples ... OK
* checking line endings in C/C++/Fortran sources/headers ... OK
* checking compiled code ... NOTE
Note: information on .o files is not available
* checking files in ‘vignettes’ ... OK
* checking examples ... OK
* checking for unstated dependencies in vignettes ... OK
* checking package vignettes in ‘inst/doc’ ... OK
* checking running R code from vignettes ... SKIPPED
* checking re-building of vignette outputs ... SKIPPED
* checking PDF version of manual ... OK
* DONE
Status: 2 WARNINGs, 3 NOTEs
See
‘/home/biocbuild/bbs-3.18-bioc/meat/triplex.Rcheck/00check.log’
for details.
triplex.Rcheck/00install.out
############################################################################## ############################################################################## ### ### Running command: ### ### /home/biocbuild/R/R-4.3.1/bin/R CMD INSTALL triplex ### ############################################################################## ############################################################################## * installing to library ‘/home/biocbuild/R/R-4.3.1/site-library’ * installing *source* package ‘triplex’ ... ** using staged installation ** libs using C compiler: ‘gcc (GCC) 10.3.1’ gcc -I"/home/biocbuild/R/R-4.3.1/include" -DNDEBUG -I'/home/biocbuild/R/R-4.3.1/site-library/S4Vectors/include' -I'/home/biocbuild/R/R-4.3.1/site-library/IRanges/include' -I'/home/biocbuild/R/R-4.3.1/site-library/XVector/include' -I'/home/biocbuild/R/R-4.3.1/site-library/Biostrings/include' -I/usr/local/include -fPIC -g -O2 -Wall -c Biostrings_stubs.c -o Biostrings_stubs.o gcc -I"/home/biocbuild/R/R-4.3.1/include" -DNDEBUG -I'/home/biocbuild/R/R-4.3.1/site-library/S4Vectors/include' -I'/home/biocbuild/R/R-4.3.1/site-library/IRanges/include' -I'/home/biocbuild/R/R-4.3.1/site-library/XVector/include' -I'/home/biocbuild/R/R-4.3.1/site-library/Biostrings/include' -I/usr/local/include -fPIC -g -O2 -Wall -c IRanges_stubs.c -o IRanges_stubs.o gcc -I"/home/biocbuild/R/R-4.3.1/include" -DNDEBUG -I'/home/biocbuild/R/R-4.3.1/site-library/S4Vectors/include' -I'/home/biocbuild/R/R-4.3.1/site-library/IRanges/include' -I'/home/biocbuild/R/R-4.3.1/site-library/XVector/include' -I'/home/biocbuild/R/R-4.3.1/site-library/Biostrings/include' -I/usr/local/include -fPIC -g -O2 -Wall -c R_init_triplex.c -o R_init_triplex.o gcc -I"/home/biocbuild/R/R-4.3.1/include" -DNDEBUG -I'/home/biocbuild/R/R-4.3.1/site-library/S4Vectors/include' -I'/home/biocbuild/R/R-4.3.1/site-library/IRanges/include' -I'/home/biocbuild/R/R-4.3.1/site-library/XVector/include' -I'/home/biocbuild/R/R-4.3.1/site-library/Biostrings/include' -I/usr/local/include -fPIC -g -O2 -Wall -c XVector_stubs.c -o XVector_stubs.o gcc -I"/home/biocbuild/R/R-4.3.1/include" -DNDEBUG -I'/home/biocbuild/R/R-4.3.1/site-library/S4Vectors/include' -I'/home/biocbuild/R/R-4.3.1/site-library/IRanges/include' -I'/home/biocbuild/R/R-4.3.1/site-library/XVector/include' -I'/home/biocbuild/R/R-4.3.1/site-library/Biostrings/include' -I/usr/local/include -fPIC -g -O2 -Wall -c align.c -o align.o gcc -I"/home/biocbuild/R/R-4.3.1/include" -DNDEBUG -I'/home/biocbuild/R/R-4.3.1/site-library/S4Vectors/include' -I'/home/biocbuild/R/R-4.3.1/site-library/IRanges/include' -I'/home/biocbuild/R/R-4.3.1/site-library/XVector/include' -I'/home/biocbuild/R/R-4.3.1/site-library/Biostrings/include' -I/usr/local/include -fPIC -g -O2 -Wall -c align_interface.c -o align_interface.o gcc -I"/home/biocbuild/R/R-4.3.1/include" -DNDEBUG -I'/home/biocbuild/R/R-4.3.1/site-library/S4Vectors/include' -I'/home/biocbuild/R/R-4.3.1/site-library/IRanges/include' -I'/home/biocbuild/R/R-4.3.1/site-library/XVector/include' -I'/home/biocbuild/R/R-4.3.1/site-library/Biostrings/include' -I/usr/local/include -fPIC -g -O2 -Wall -c dl_list.c -o dl_list.o gcc -I"/home/biocbuild/R/R-4.3.1/include" -DNDEBUG -I'/home/biocbuild/R/R-4.3.1/site-library/S4Vectors/include' -I'/home/biocbuild/R/R-4.3.1/site-library/IRanges/include' -I'/home/biocbuild/R/R-4.3.1/site-library/XVector/include' -I'/home/biocbuild/R/R-4.3.1/site-library/Biostrings/include' -I/usr/local/include -fPIC -g -O2 -Wall -c interval.c -o interval.o gcc -I"/home/biocbuild/R/R-4.3.1/include" -DNDEBUG -I'/home/biocbuild/R/R-4.3.1/site-library/S4Vectors/include' -I'/home/biocbuild/R/R-4.3.1/site-library/IRanges/include' -I'/home/biocbuild/R/R-4.3.1/site-library/XVector/include' -I'/home/biocbuild/R/R-4.3.1/site-library/Biostrings/include' -I/usr/local/include -fPIC -g -O2 -Wall -c libtriplex.c -o libtriplex.o gcc -I"/home/biocbuild/R/R-4.3.1/include" -DNDEBUG -I'/home/biocbuild/R/R-4.3.1/site-library/S4Vectors/include' -I'/home/biocbuild/R/R-4.3.1/site-library/IRanges/include' -I'/home/biocbuild/R/R-4.3.1/site-library/XVector/include' -I'/home/biocbuild/R/R-4.3.1/site-library/Biostrings/include' -I/usr/local/include -fPIC -g -O2 -Wall -c progress.c -o progress.o gcc -I"/home/biocbuild/R/R-4.3.1/include" -DNDEBUG -I'/home/biocbuild/R/R-4.3.1/site-library/S4Vectors/include' -I'/home/biocbuild/R/R-4.3.1/site-library/IRanges/include' -I'/home/biocbuild/R/R-4.3.1/site-library/XVector/include' -I'/home/biocbuild/R/R-4.3.1/site-library/Biostrings/include' -I/usr/local/include -fPIC -g -O2 -Wall -c search.c -o search.o gcc -I"/home/biocbuild/R/R-4.3.1/include" -DNDEBUG -I'/home/biocbuild/R/R-4.3.1/site-library/S4Vectors/include' -I'/home/biocbuild/R/R-4.3.1/site-library/IRanges/include' -I'/home/biocbuild/R/R-4.3.1/site-library/XVector/include' -I'/home/biocbuild/R/R-4.3.1/site-library/Biostrings/include' -I/usr/local/include -fPIC -g -O2 -Wall -c search_interface.c -o search_interface.o gcc -shared -L/home/biocbuild/R/R-4.3.1/lib -L/usr/local/lib -o triplex.so Biostrings_stubs.o IRanges_stubs.o R_init_triplex.o XVector_stubs.o align.o align_interface.o dl_list.o interval.o libtriplex.o progress.o search.o search_interface.o -L/home/biocbuild/R/R-4.3.1/lib -lR installing to /home/biocbuild/R/R-4.3.1/site-library/00LOCK-triplex/00new/triplex/libs ** R ** inst ** byte-compile and prepare package for lazy loading Warning: replacing previous import ‘grid::pattern’ by ‘Biostrings::pattern’ when loading ‘triplex’ ** help *** installing help indices *** copying figures ** building package indices ** installing vignettes ** testing if installed package can be loaded from temporary location Warning: replacing previous import ‘grid::pattern’ by ‘Biostrings::pattern’ when loading ‘triplex’ ** checking absolute paths in shared objects and dynamic libraries ** testing if installed package can be loaded from final location Warning: replacing previous import ‘grid::pattern’ by ‘Biostrings::pattern’ when loading ‘triplex’ ** testing if installed package keeps a record of temporary installation path * DONE (triplex)
triplex.Rcheck/triplex-Ex.timings
| name | user | system | elapsed | |
| TriplexViews-class | 0.187 | 0.008 | 0.195 | |
| ins | 0.014 | 0.004 | 0.018 | |
| lend | 0.017 | 0.000 | 0.017 | |
| lstart | 0.018 | 0.000 | 0.018 | |
| lwidth | 0.019 | 0.000 | 0.019 | |
| pvalue | 0.013 | 0.004 | 0.018 | |
| triplex-package | 0.097 | 0.008 | 0.105 | |
| triplex.3D | 0.015 | 0.000 | 0.015 | |
| triplex.alignment | 0.037 | 0.000 | 0.037 | |
| triplex.diagram | 0.055 | 0.000 | 0.055 | |
| triplex.group.table | 0 | 0 | 0 | |
| triplex.score.table | 0.000 | 0.001 | 0.001 | |
| triplex.search | 0.129 | 0.003 | 0.132 | |