| Back to Multiple platform build/check report for BioC 3.18: simplified long |
|
This page was generated on 2023-11-02 11:41:18 -0400 (Thu, 02 Nov 2023).
| Hostname | OS | Arch (*) | R version | Installed pkgs |
|---|---|---|---|---|
| nebbiolo2 | Linux (Ubuntu 22.04.2 LTS) | x86_64 | 4.3.1 (2023-06-16) -- "Beagle Scouts" | 4729 |
| palomino4 | Windows Server 2022 Datacenter | x64 | 4.3.1 (2023-06-16 ucrt) -- "Beagle Scouts" | 4463 |
| lconway | macOS 12.6.5 Monterey | x86_64 | 4.3.1 Patched (2023-06-17 r84564) -- "Beagle Scouts" | 4478 |
| kunpeng2 | Linux (openEuler 22.03 LTS-SP1) | aarch64 | 4.3.1 (2023-06-16) -- "Beagle Scouts" | 4464 |
| Click on any hostname to see more info about the system (e.g. compilers) (*) as reported by 'uname -p', except on Windows and Mac OS X | ||||
| Package 1989/2266 | Hostname | OS / Arch | INSTALL | BUILD | CHECK | BUILD BIN | ||||||||
| snapcount 1.14.0 (landing page) Rone Charles
| nebbiolo2 | Linux (Ubuntu 22.04.2 LTS) / x86_64 | OK | OK | OK | |||||||||
| palomino4 | Windows Server 2022 Datacenter / x64 | OK | OK | OK | OK | |||||||||
| lconway | macOS 12.6.5 Monterey / x86_64 | OK | OK | OK | OK | |||||||||
| kjohnson1 | macOS 13.6.1 Ventura / arm64 | see weekly results here | ||||||||||||
| kunpeng2 | Linux (openEuler 22.03 LTS-SP1) / aarch64 | OK | OK | ERROR | ||||||||||
|
To the developers/maintainers of the snapcount package: - Allow up to 24 hours (and sometimes 48 hours) for your latest push to git@git.bioconductor.org:packages/snapcount.git to reflect on this report. See Troubleshooting Build Report for more information. - Use the following Renviron settings to reproduce errors and warnings. - If 'R CMD check' started to fail recently on the Linux builder(s) over a missing dependency, add the missing dependency to 'Suggests:' in your DESCRIPTION file. See Renviron.bioc for more information. - See Martin Grigorov's blog post for how to debug Linux ARM64 related issues on a x86_64 host. |
| Package: snapcount |
| Version: 1.14.0 |
| Command: /home/biocbuild/R/R-4.3.1/bin/R CMD check --install=check:snapcount.install-out.txt --library=/home/biocbuild/R/R-4.3.1/site-library --no-vignettes --timings snapcount_1.14.0.tar.gz |
| StartedAt: 2023-11-02 14:29:45 -0000 (Thu, 02 Nov 2023) |
| EndedAt: 2023-11-02 14:49:05 -0000 (Thu, 02 Nov 2023) |
| EllapsedTime: 1160.1 seconds |
| RetCode: 1 |
| Status: ERROR |
| CheckDir: snapcount.Rcheck |
| Warnings: NA |
##############################################################################
##############################################################################
###
### Running command:
###
### /home/biocbuild/R/R-4.3.1/bin/R CMD check --install=check:snapcount.install-out.txt --library=/home/biocbuild/R/R-4.3.1/site-library --no-vignettes --timings snapcount_1.14.0.tar.gz
###
##############################################################################
##############################################################################
* using log directory ‘/home/biocbuild/bbs-3.18-bioc/meat/snapcount.Rcheck’
* using R version 4.3.1 (2023-06-16)
* using platform: aarch64-unknown-linux-gnu (64-bit)
* R was compiled by
gcc (GCC) 10.3.1
GNU Fortran (GCC) 10.3.1
* running under: openEuler 22.03 (LTS-SP1)
* using session charset: UTF-8
* using option ‘--no-vignettes’
* checking for file ‘snapcount/DESCRIPTION’ ... OK
* checking extension type ... Package
* this is package ‘snapcount’ version ‘1.14.0’
* package encoding: UTF-8
* checking package namespace information ... OK
* checking package dependencies ... OK
* checking if this is a source package ... OK
* checking if there is a namespace ... OK
* checking for hidden files and directories ... OK
* checking for portable file names ... OK
* checking for sufficient/correct file permissions ... OK
* checking whether package ‘snapcount’ can be installed ... OK
* checking installed package size ... OK
* checking package directory ... OK
* checking ‘build’ directory ... OK
* checking DESCRIPTION meta-information ... OK
* checking top-level files ... OK
* checking for left-over files ... OK
* checking index information ... OK
* checking package subdirectories ... OK
* checking R files for non-ASCII characters ... OK
* checking R files for syntax errors ... OK
* checking whether the package can be loaded ... OK
* checking whether the package can be loaded with stated dependencies ... OK
* checking whether the package can be unloaded cleanly ... OK
* checking whether the namespace can be loaded with stated dependencies ... OK
* checking whether the namespace can be unloaded cleanly ... OK
* checking loading without being on the library search path ... OK
* checking startup messages can be suppressed ... OK
* checking dependencies in R code ... OK
* checking S3 generic/method consistency ... OK
* checking replacement functions ... OK
* checking foreign function calls ... OK
* checking R code for possible problems ... OK
* checking Rd files ... OK
* checking Rd metadata ... OK
* checking Rd cross-references ... OK
* checking for missing documentation entries ... OK
* checking for code/documentation mismatches ... OK
* checking Rd \usage sections ... OK
* checking Rd contents ... OK
* checking for unstated dependencies in examples ... OK
* checking files in ‘vignettes’ ... OK
* checking examples ... ERROR
Running examples in ‘snapcount-Ex.R’ failed
The error most likely occurred in:
> base::assign(".ptime", proc.time(), pos = "CheckExEnv")
> ### Name: junction_intersection
> ### Title: Get the intersection of junctions from 2 or more compilations
> ### which are on the same reference
> ### Aliases: junction_intersection
>
> ### ** Examples
>
> # Using query builder wrappers
> sb1 <- QueryBuilder(compilation = "gtex", regions = "chr1:1879786-1879786")
> sb1 <- set_coordinate_modifier(sb1, Coordinates$EndIsExactOrWithin)
> sb1 <- set_row_filters(sb1, strand == "-")
>
> sb2 <- QueryBuilder(compilation = "tcga", regions = "chr1:1879786-1879786")
> sb2 <- set_coordinate_modifier(sb2, Coordinates$EndIsExactOrWithin)
> sb2 <- set_row_filters(sb2, strand == "-")
>
> junction_intersection(sb1, sb2)
Error in curl::curl_fetch_memory(url, handle = handle) :
transfer closed with outstanding read data remaining
Calls: junction_intersection ... request_fetch -> request_fetch.write_memory -> <Anonymous>
Execution halted
* checking for unstated dependencies in ‘tests’ ... OK
* checking tests ...
Running ‘testthat.R’
ERROR
Running the tests in ‘tests/testthat.R’ failed.
Last 13 lines of output:
1. └─snapcount::tissue_specificity(list(sb1, sb2)) at test-higher-level-functions.R:141:4
2. └─base::lapply(...)
3. └─snapcount (local) FUN(X[[i]], ...)
4. └─snapcount:::tissue_specificity_per_group(g[[1]], g[[2]], name)
5. └─snapcount:::get_compilation_metadata(group1[[1]]$compilation())
6. └─snapcount:::submit_query(uri)
7. └─httr::GET(uri)
8. └─httr:::request_perform(req, hu$handle$handle)
9. ├─httr:::request_fetch(req$output, req$url, handle)
10. └─httr:::request_fetch.write_memory(req$output, req$url, handle)
11. └─curl::curl_fetch_memory(url, handle = handle)
[ FAIL 1 | WARN 0 | SKIP 0 | PASS 79 ]
Error: Test failures
Execution halted
* checking for unstated dependencies in vignettes ... OK
* checking package vignettes in ‘inst/doc’ ... OK
* checking running R code from vignettes ... SKIPPED
* checking re-building of vignette outputs ... SKIPPED
* checking PDF version of manual ... OK
* DONE
Status: 2 ERRORs
See
‘/home/biocbuild/bbs-3.18-bioc/meat/snapcount.Rcheck/00check.log’
for details.
snapcount.Rcheck/00install.out
############################################################################## ############################################################################## ### ### Running command: ### ### /home/biocbuild/R/R-4.3.1/bin/R CMD INSTALL snapcount ### ############################################################################## ############################################################################## * installing to library ‘/home/biocbuild/R/R-4.3.1/site-library’ * installing *source* package ‘snapcount’ ... ** using staged installation ** R ** inst ** byte-compile and prepare package for lazy loading ** help *** installing help indices ** building package indices ** installing vignettes ** testing if installed package can be loaded from temporary location ** testing if installed package can be loaded from final location ** testing if installed package keeps a record of temporary installation path * DONE (snapcount)
snapcount.Rcheck/tests/testthat.Rout.fail
R version 4.3.1 (2023-06-16) -- "Beagle Scouts"
Copyright (C) 2023 The R Foundation for Statistical Computing
Platform: aarch64-unknown-linux-gnu (64-bit)
R is free software and comes with ABSOLUTELY NO WARRANTY.
You are welcome to redistribute it under certain conditions.
Type 'license()' or 'licence()' for distribution details.
R is a collaborative project with many contributors.
Type 'contributors()' for more information and
'citation()' on how to cite R or R packages in publications.
Type 'demo()' for some demos, 'help()' for on-line help, or
'help.start()' for an HTML browser interface to help.
Type 'q()' to quit R.
> library(testthat)
> library(snapcount)
>
> test_check("snapcount")
Read 2 items
[ FAIL 1 | WARN 0 | SKIP 0 | PASS 79 ]
══ Failed tests ════════════════════════════════════════════════════════════════
── Error ('test-higher-level-functions.R:141:5'): tissue specificity ───────────
Error in `curl::curl_fetch_memory(url, handle = handle)`: transfer closed with outstanding read data remaining
Backtrace:
▆
1. └─snapcount::tissue_specificity(list(sb1, sb2)) at test-higher-level-functions.R:141:4
2. └─base::lapply(...)
3. └─snapcount (local) FUN(X[[i]], ...)
4. └─snapcount:::tissue_specificity_per_group(g[[1]], g[[2]], name)
5. └─snapcount:::get_compilation_metadata(group1[[1]]$compilation())
6. └─snapcount:::submit_query(uri)
7. └─httr::GET(uri)
8. └─httr:::request_perform(req, hu$handle$handle)
9. ├─httr:::request_fetch(req$output, req$url, handle)
10. └─httr:::request_fetch.write_memory(req$output, req$url, handle)
11. └─curl::curl_fetch_memory(url, handle = handle)
[ FAIL 1 | WARN 0 | SKIP 0 | PASS 79 ]
Error: Test failures
Execution halted
snapcount.Rcheck/snapcount-Ex.timings
| name | user | system | elapsed | |
| Compilation | 2.720 | 0.200 | 176.364 | |
| Coordinates | 0.028 | 0.000 | 0.027 | |
| QueryBuilder | 0.143 | 0.007 | 0.151 | |
| from_url | 0.008 | 0.000 | 2.208 | |
| get_column_filters | 0.185 | 0.012 | 0.197 | |
| get_compilation | 0.002 | 0.000 | 0.002 | |
| get_coordinate_modifier | 0.001 | 0.000 | 0.002 | |
| get_regions | 0.143 | 0.016 | 0.160 | |
| get_row_filters | 0.002 | 0.000 | 0.003 | |
| get_sids | 0.001 | 0.000 | 0.002 | |
| junction_inclusion_ratio | 0.123 | 0.016 | 5.115 | |