| Back to Multiple platform build/check report for BioC 3.18: simplified long |
|
This page was generated on 2024-04-17 11:36:18 -0400 (Wed, 17 Apr 2024).
| Hostname | OS | Arch (*) | R version | Installed pkgs |
|---|---|---|---|---|
| nebbiolo2 | Linux (Ubuntu 22.04.3 LTS) | x86_64 | 4.3.3 (2024-02-29) -- "Angel Food Cake" | 4676 |
| palomino4 | Windows Server 2022 Datacenter | x64 | 4.3.3 (2024-02-29 ucrt) -- "Angel Food Cake" | 4414 |
| merida1 | macOS 12.7.1 Monterey | x86_64 | 4.3.3 (2024-02-29) -- "Angel Food Cake" | 4437 |
| Click on any hostname to see more info about the system (e.g. compilers) (*) as reported by 'uname -p', except on Windows and Mac OS X | ||||
| Package 1752/2266 | Hostname | OS / Arch | INSTALL | BUILD | CHECK | BUILD BIN | ||||||||
| rifi 1.6.0 (landing page) Jens Georg
| nebbiolo2 | Linux (Ubuntu 22.04.3 LTS) / x86_64 | OK | OK | ERROR | |||||||||
| palomino4 | Windows Server 2022 Datacenter / x64 | ... NOT SUPPORTED ... | ||||||||||||
| merida1 | macOS 12.7.1 Monterey / x86_64 | OK | OK | WARNINGS | OK | |||||||||
| kjohnson1 | macOS 13.6.1 Ventura / arm64 | see weekly results here | ||||||||||||
|
To the developers/maintainers of the rifi package: - Allow up to 24 hours (and sometimes 48 hours) for your latest push to git@git.bioconductor.org:packages/rifi.git to reflect on this report. See Troubleshooting Build Report for more information. - Use the following Renviron settings to reproduce errors and warnings. - If 'R CMD check' started to fail recently on the Linux builder(s) over a missing dependency, add the missing dependency to 'Suggests:' in your DESCRIPTION file. See Renviron.bioc for more information. |
| Package: rifi |
| Version: 1.6.0 |
| Command: /home/biocbuild/bbs-3.18-bioc/R/bin/R CMD check --install=check:rifi.install-out.txt --library=/home/biocbuild/bbs-3.18-bioc/R/site-library --timings rifi_1.6.0.tar.gz |
| StartedAt: 2024-04-16 03:02:29 -0400 (Tue, 16 Apr 2024) |
| EndedAt: 2024-04-16 03:12:28 -0400 (Tue, 16 Apr 2024) |
| EllapsedTime: 598.9 seconds |
| RetCode: 1 |
| Status: ERROR |
| CheckDir: rifi.Rcheck |
| Warnings: NA |
##############################################################################
##############################################################################
###
### Running command:
###
### /home/biocbuild/bbs-3.18-bioc/R/bin/R CMD check --install=check:rifi.install-out.txt --library=/home/biocbuild/bbs-3.18-bioc/R/site-library --timings rifi_1.6.0.tar.gz
###
##############################################################################
##############################################################################
* using log directory ‘/home/biocbuild/bbs-3.18-bioc/meat/rifi.Rcheck’
* using R version 4.3.3 (2024-02-29)
* using platform: x86_64-pc-linux-gnu (64-bit)
* R was compiled by
gcc (Ubuntu 11.4.0-1ubuntu1~22.04) 11.4.0
GNU Fortran (Ubuntu 11.4.0-1ubuntu1~22.04) 11.4.0
* running under: Ubuntu 22.04.4 LTS
* using session charset: UTF-8
* checking for file ‘rifi/DESCRIPTION’ ... OK
* this is package ‘rifi’ version ‘1.6.0’
* package encoding: UTF-8
* checking package namespace information ... OK
* checking package dependencies ... OK
* checking if this is a source package ... OK
* checking if there is a namespace ... OK
* checking for hidden files and directories ... NOTE
Found the following hidden files and directories:
.BBSoptions
R/.ipynb_checkpoints
vignettes/.ipynb_checkpoints
These were most likely included in error. See section ‘Package
structure’ in the ‘Writing R Extensions’ manual.
* checking for portable file names ... OK
* checking for sufficient/correct file permissions ... OK
* checking whether package ‘rifi’ can be installed ... WARNING
Found the following significant warnings:
Note: next used in wrong context: no loop is visible
Warning: apply_Ttest_delay.Rd:55: unexpected '}'
Warning: predict_ps_itss.Rd:57: unexpected '}'
See ‘/home/biocbuild/bbs-3.18-bioc/meat/rifi.Rcheck/00install.out’ for details.
Information on the location(s) of code generating the ‘Note’s can be
obtained by re-running with environment variable R_KEEP_PKG_SOURCE set
to ‘yes’.
* checking installed package size ... OK
* checking package directory ... OK
* checking ‘build’ directory ... OK
* checking DESCRIPTION meta-information ... OK
* checking top-level files ... OK
* checking for left-over files ... OK
* checking index information ... OK
* checking package subdirectories ... OK
* checking R files for non-ASCII characters ... OK
* checking R files for syntax errors ... OK
* checking whether the package can be loaded ... OK
* checking whether the package can be loaded with stated dependencies ... OK
* checking whether the package can be unloaded cleanly ... OK
* checking whether the namespace can be loaded with stated dependencies ... OK
* checking whether the namespace can be unloaded cleanly ... OK
* checking loading without being on the library search path ... OK
* checking dependencies in R code ... OK
* checking S3 generic/method consistency ... OK
* checking replacement functions ... OK
* checking foreign function calls ... OK
* checking R code for possible problems ... OK
* checking Rd files ... WARNING
prepare_Rd: apply_Ttest_delay.Rd:55: unexpected '}'
prepare_Rd: predict_ps_itss.Rd:57: unexpected '}'
* checking Rd metadata ... OK
* checking Rd cross-references ... OK
* checking for missing documentation entries ... OK
* checking for code/documentation mismatches ... OK
* checking Rd \usage sections ... OK
* checking Rd contents ... OK
* checking for unstated dependencies in examples ... OK
* checking contents of ‘data’ directory ... OK
* checking data for non-ASCII characters ... OK
* checking data for ASCII and uncompressed saves ... OK
* checking files in ‘vignettes’ ... OK
* checking examples ... OK
Examples with CPU (user + system) or elapsed time > 5s
user system elapsed
rifi_wrapper 97.386 71.846 124.310
rifi_penalties 46.882 42.497 68.147
nls2_fit 35.160 1.776 23.138
rifi_visualization 28.113 2.266 30.381
rifi_fit 23.112 0.869 23.981
make_pen 8.531 6.569 12.032
TI_fit 10.585 1.968 7.340
* checking for unstated dependencies in vignettes ... OK
* checking package vignettes in ‘inst/doc’ ... OK
* checking running R code from vignettes ...
‘vignette.Rmd’ using ‘UTF-8’... failed
ERROR
Errors in running code in vignettes:
when running code in ‘vignette.Rmd’
...
> devtools::load_all(".")
When sourcing ‘vignette.R’:
Error: Could not find a root 'DESCRIPTION' file that starts with '^Package' in
'/tmp/RtmprnsSNz/file18996c6020be1e/vignettes'.
ℹ Are you in your project directory and does your project have a 'DESCRIPTION'
file?
Execution halted
* checking re-building of vignette outputs ... OK
* checking PDF version of manual ... OK
* DONE
Status: 1 ERROR, 2 WARNINGs, 1 NOTE
See
‘/home/biocbuild/bbs-3.18-bioc/meat/rifi.Rcheck/00check.log’
for details.
rifi.Rcheck/00install.out
############################################################################## ############################################################################## ### ### Running command: ### ### /home/biocbuild/bbs-3.18-bioc/R/bin/R CMD INSTALL rifi ### ############################################################################## ############################################################################## * installing to library ‘/home/biocbuild/bbs-3.18-bioc/R/site-library’ * installing *source* package ‘rifi’ ... ** using staged installation ** R ** data ** inst ** byte-compile and prepare package for lazy loading Note: next used in wrong context: no loop is visible ** help Warning: apply_Ttest_delay.Rd:55: unexpected '}' Warning: predict_ps_itss.Rd:57: unexpected '}' *** installing help indices ** building package indices ** installing vignettes ** testing if installed package can be loaded from temporary location ** testing if installed package can be loaded from final location ** testing if installed package keeps a record of temporary installation path * DONE (rifi)
rifi.Rcheck/rifi-Ex.timings
| name | user | system | elapsed | |
| TI_fit | 10.585 | 1.968 | 7.340 | |
| TUgether | 0.431 | 0.193 | 0.559 | |
| apply_Ttest_delay | 0.18 | 0.04 | 0.22 | |
| apply_ancova | 0.300 | 0.036 | 0.336 | |
| apply_event_position | 0.086 | 0.008 | 0.094 | |
| apply_manova | 1.479 | 0.252 | 1.731 | |
| apply_t_test | 0.567 | 0.024 | 0.591 | |
| apply_t_test_ti | 0.137 | 0.004 | 0.141 | |
| check_input | 0.294 | 0.040 | 0.334 | |
| dataframe_summary | 0.077 | 0.004 | 0.081 | |
| dataframe_summary_TI | 0.04 | 0.00 | 0.04 | |
| dataframe_summary_events | 0.679 | 0.012 | 0.691 | |
| dataframe_summary_events_HL_int | 0.529 | 0.008 | 0.537 | |
| dataframe_summary_events_ps_itss | 0.206 | 0.000 | 0.206 | |
| dataframe_summary_events_velocity | 0.187 | 0.004 | 0.191 | |
| event_dataframe | 0.678 | 0.032 | 0.710 | |
| finding_PDD | 0.187 | 0.112 | 0.246 | |
| finding_TI | 0.312 | 0.132 | 0.390 | |
| fold_change | 2.683 | 0.044 | 2.727 | |
| fragment_HL | 0.526 | 0.140 | 0.581 | |
| fragment_TI | 0.376 | 0.020 | 0.396 | |
| fragment_delay | 0.840 | 0.235 | 0.984 | |
| fragment_inty | 0.492 | 0.192 | 0.626 | |
| gff3_preprocess | 0.523 | 0.048 | 0.572 | |
| make_df | 0.666 | 0.430 | 0.670 | |
| make_pen | 8.531 | 6.569 | 12.032 | |
| nls2_fit | 35.160 | 1.776 | 23.138 | |
| predict_ps_itss | 0.272 | 0.039 | 0.311 | |
| rifi_fit | 23.112 | 0.869 | 23.981 | |
| rifi_fragmentation | 2.893 | 0.989 | 3.500 | |
| rifi_penalties | 46.882 | 42.497 | 68.147 | |
| rifi_preprocess | 1.658 | 0.665 | 1.825 | |
| rifi_stats | 3.043 | 0.316 | 3.358 | |
| rifi_summary | 1.820 | 0.080 | 1.899 | |
| rifi_visualization | 28.113 | 2.266 | 30.381 | |
| rifi_wrapper | 97.386 | 71.846 | 124.310 | |
| segment_pos | 0.179 | 0.004 | 0.183 | |
| viz_pen_obj | 0.010 | 0.000 | 0.009 | |