| Back to Multiple platform build/check report for BioC 3.18: simplified long |
|
This page was generated on 2024-04-17 11:38:09 -0400 (Wed, 17 Apr 2024).
| Hostname | OS | Arch (*) | R version | Installed pkgs |
|---|---|---|---|---|
| nebbiolo2 | Linux (Ubuntu 22.04.3 LTS) | x86_64 | 4.3.3 (2024-02-29) -- "Angel Food Cake" | 4676 |
| palomino4 | Windows Server 2022 Datacenter | x64 | 4.3.3 (2024-02-29 ucrt) -- "Angel Food Cake" | 4414 |
| merida1 | macOS 12.7.1 Monterey | x86_64 | 4.3.3 (2024-02-29) -- "Angel Food Cake" | 4437 |
| Click on any hostname to see more info about the system (e.g. compilers) (*) as reported by 'uname -p', except on Windows and Mac OS X | ||||
| Package 1752/2266 | Hostname | OS / Arch | INSTALL | BUILD | CHECK | BUILD BIN | ||||||||
| rifi 1.6.0 (landing page) Jens Georg
| nebbiolo2 | Linux (Ubuntu 22.04.3 LTS) / x86_64 | OK | OK | ERROR | |||||||||
| palomino4 | Windows Server 2022 Datacenter / x64 | ... NOT SUPPORTED ... | ||||||||||||
| merida1 | macOS 12.7.1 Monterey / x86_64 | OK | OK | WARNINGS | OK | |||||||||
| kjohnson1 | macOS 13.6.1 Ventura / arm64 | see weekly results here | ||||||||||||
|
To the developers/maintainers of the rifi package: - Allow up to 24 hours (and sometimes 48 hours) for your latest push to git@git.bioconductor.org:packages/rifi.git to reflect on this report. See Troubleshooting Build Report for more information. - Use the following Renviron settings to reproduce errors and warnings. - If 'R CMD check' started to fail recently on the Linux builder(s) over a missing dependency, add the missing dependency to 'Suggests:' in your DESCRIPTION file. See Renviron.bioc for more information. |
| Package: rifi |
| Version: 1.6.0 |
| Command: /Library/Frameworks/R.framework/Resources/bin/R CMD check --install=check:rifi.install-out.txt --library=/Library/Frameworks/R.framework/Resources/library --no-vignettes --timings rifi_1.6.0.tar.gz |
| StartedAt: 2024-04-16 07:48:37 -0400 (Tue, 16 Apr 2024) |
| EndedAt: 2024-04-16 08:10:44 -0400 (Tue, 16 Apr 2024) |
| EllapsedTime: 1326.8 seconds |
| RetCode: 0 |
| Status: WARNINGS |
| CheckDir: rifi.Rcheck |
| Warnings: 2 |
##############################################################################
##############################################################################
###
### Running command:
###
### /Library/Frameworks/R.framework/Resources/bin/R CMD check --install=check:rifi.install-out.txt --library=/Library/Frameworks/R.framework/Resources/library --no-vignettes --timings rifi_1.6.0.tar.gz
###
##############################################################################
##############################################################################
* using log directory ‘/Users/biocbuild/bbs-3.18-bioc/meat/rifi.Rcheck’
* using R version 4.3.3 (2024-02-29)
* using platform: x86_64-apple-darwin20 (64-bit)
* R was compiled by
Apple clang version 14.0.0 (clang-1400.0.29.202)
GNU Fortran (GCC) 12.2.0
* running under: macOS Monterey 12.7.1
* using session charset: UTF-8
* using option ‘--no-vignettes’
* checking for file ‘rifi/DESCRIPTION’ ... OK
* this is package ‘rifi’ version ‘1.6.0’
* package encoding: UTF-8
* checking package namespace information ... OK
* checking package dependencies ... OK
* checking if this is a source package ... OK
* checking if there is a namespace ... OK
* checking for hidden files and directories ... NOTE
Found the following hidden files and directories:
.BBSoptions
R/.ipynb_checkpoints
vignettes/.ipynb_checkpoints
These were most likely included in error. See section ‘Package
structure’ in the ‘Writing R Extensions’ manual.
* checking for portable file names ... OK
* checking for sufficient/correct file permissions ... OK
* checking whether package ‘rifi’ can be installed ... WARNING
Found the following significant warnings:
Note: next used in wrong context: no loop is visible
Warning: apply_Ttest_delay.Rd:55: unexpected '}'
Warning: predict_ps_itss.Rd:57: unexpected '}'
See ‘/Users/biocbuild/bbs-3.18-bioc/meat/rifi.Rcheck/00install.out’ for details.
Information on the location(s) of code generating the ‘Note’s can be
obtained by re-running with environment variable R_KEEP_PKG_SOURCE set
to ‘yes’.
* checking installed package size ... OK
* checking package directory ... OK
* checking ‘build’ directory ... OK
* checking DESCRIPTION meta-information ... OK
* checking top-level files ... OK
* checking for left-over files ... OK
* checking index information ... OK
* checking package subdirectories ... OK
* checking R files for non-ASCII characters ... OK
* checking R files for syntax errors ... OK
* checking whether the package can be loaded ... OK
* checking whether the package can be loaded with stated dependencies ... OK
* checking whether the package can be unloaded cleanly ... OK
* checking whether the namespace can be loaded with stated dependencies ... OK
* checking whether the namespace can be unloaded cleanly ... OK
* checking dependencies in R code ... OK
* checking S3 generic/method consistency ... OK
* checking replacement functions ... OK
* checking foreign function calls ... OK
* checking R code for possible problems ... OK
* checking Rd files ... WARNING
prepare_Rd: apply_Ttest_delay.Rd:55: unexpected '}'
prepare_Rd: predict_ps_itss.Rd:57: unexpected '}'
* checking Rd metadata ... OK
* checking Rd cross-references ... OK
* checking for missing documentation entries ... OK
* checking for code/documentation mismatches ... OK
* checking Rd \usage sections ... OK
* checking Rd contents ... OK
* checking for unstated dependencies in examples ... OK
* checking contents of ‘data’ directory ... OK
* checking data for non-ASCII characters ... OK
* checking data for ASCII and uncompressed saves ... OK
* checking files in ‘vignettes’ ... OK
* checking examples ... OK
Examples with CPU (user + system) or elapsed time > 5s
user system elapsed
rifi_wrapper 241.825 78.052 313.190
rifi_penalties 119.382 52.024 198.850
nls2_fit 93.201 4.194 65.747
rifi_fit 60.485 1.038 67.275
rifi_visualization 46.514 2.795 58.524
TI_fit 29.124 4.632 21.882
make_pen 22.398 8.662 31.425
rifi_fragmentation 7.353 1.666 9.383
rifi_stats 7.379 0.496 9.440
fold_change 7.280 0.190 7.785
rifi_preprocess 4.201 1.403 5.187
rifi_summary 4.574 0.142 5.639
* checking for unstated dependencies in vignettes ... OK
* checking package vignettes in ‘inst/doc’ ... OK
* checking running R code from vignettes ... SKIPPED
* checking re-building of vignette outputs ... SKIPPED
* checking PDF version of manual ... OK
* DONE
Status: 2 WARNINGs, 1 NOTE
See
‘/Users/biocbuild/bbs-3.18-bioc/meat/rifi.Rcheck/00check.log’
for details.
rifi.Rcheck/00install.out
############################################################################## ############################################################################## ### ### Running command: ### ### /Library/Frameworks/R.framework/Resources/bin/R CMD INSTALL rifi ### ############################################################################## ############################################################################## * installing to library ‘/Library/Frameworks/R.framework/Versions/4.3-x86_64/Resources/library’ * installing *source* package ‘rifi’ ... ** using staged installation ** R ** data ** inst ** byte-compile and prepare package for lazy loading Note: next used in wrong context: no loop is visible ** help Warning: apply_Ttest_delay.Rd:55: unexpected '}' Warning: predict_ps_itss.Rd:57: unexpected '}' *** installing help indices ** building package indices ** installing vignettes ** testing if installed package can be loaded from temporary location ** testing if installed package can be loaded from final location ** testing if installed package keeps a record of temporary installation path * DONE (rifi)
rifi.Rcheck/rifi-Ex.timings
| name | user | system | elapsed | |
| TI_fit | 29.124 | 4.632 | 21.882 | |
| TUgether | 1.060 | 0.239 | 1.426 | |
| apply_Ttest_delay | 0.344 | 0.070 | 0.482 | |
| apply_ancova | 0.708 | 0.080 | 0.797 | |
| apply_event_position | 0.250 | 0.028 | 0.281 | |
| apply_manova | 2.351 | 0.208 | 2.653 | |
| apply_t_test | 1.506 | 0.027 | 1.616 | |
| apply_t_test_ti | 0.389 | 0.005 | 0.401 | |
| check_input | 0.782 | 0.008 | 0.836 | |
| dataframe_summary | 0.189 | 0.017 | 0.222 | |
| dataframe_summary_TI | 0.096 | 0.006 | 0.107 | |
| dataframe_summary_events | 1.664 | 0.044 | 1.795 | |
| dataframe_summary_events_HL_int | 1.381 | 0.033 | 1.473 | |
| dataframe_summary_events_ps_itss | 0.549 | 0.024 | 0.593 | |
| dataframe_summary_events_velocity | 0.508 | 0.024 | 0.554 | |
| event_dataframe | 1.764 | 0.043 | 1.881 | |
| finding_PDD | 0.498 | 0.142 | 0.642 | |
| finding_TI | 0.867 | 0.263 | 1.126 | |
| fold_change | 7.280 | 0.190 | 7.785 | |
| fragment_HL | 1.463 | 0.411 | 1.882 | |
| fragment_TI | 1.023 | 0.119 | 1.200 | |
| fragment_delay | 2.353 | 0.602 | 2.990 | |
| fragment_inty | 1.435 | 0.330 | 1.838 | |
| gff3_preprocess | 1.122 | 0.124 | 1.314 | |
| make_df | 1.775 | 0.748 | 1.756 | |
| make_pen | 22.398 | 8.662 | 31.425 | |
| nls2_fit | 93.201 | 4.194 | 65.747 | |
| predict_ps_itss | 0.656 | 0.091 | 0.799 | |
| rifi_fit | 60.485 | 1.038 | 67.275 | |
| rifi_fragmentation | 7.353 | 1.666 | 9.383 | |
| rifi_penalties | 119.382 | 52.024 | 198.850 | |
| rifi_preprocess | 4.201 | 1.403 | 5.187 | |
| rifi_stats | 7.379 | 0.496 | 9.440 | |
| rifi_summary | 4.574 | 0.142 | 5.639 | |
| rifi_visualization | 46.514 | 2.795 | 58.524 | |
| rifi_wrapper | 241.825 | 78.052 | 313.190 | |
| segment_pos | 0.410 | 0.006 | 0.499 | |
| viz_pen_obj | 0.015 | 0.005 | 0.022 | |