| Back to Multiple platform build/check report for BioC 3.18: simplified long |
|
This page was generated on 2024-03-04 11:37:46 -0500 (Mon, 04 Mar 2024).
| Hostname | OS | Arch (*) | R version | Installed pkgs |
|---|---|---|---|---|
| nebbiolo2 | Linux (Ubuntu 22.04.3 LTS) | x86_64 | 4.3.2 Patched (2023-11-13 r85521) -- "Eye Holes" | 4692 |
| palomino4 | Windows Server 2022 Datacenter | x64 | 4.3.2 (2023-10-31 ucrt) -- "Eye Holes" | 4445 |
| lconway | macOS 12.7.1 Monterey | x86_64 | 4.3.2 Patched (2023-11-01 r85457) -- "Eye Holes" | 4466 |
| Click on any hostname to see more info about the system (e.g. compilers) (*) as reported by 'uname -p', except on Windows and Mac OS X | ||||
| Package 1752/2266 | Hostname | OS / Arch | INSTALL | BUILD | CHECK | BUILD BIN | ||||||||
| rifi 1.6.0 (landing page) Jens Georg
| nebbiolo2 | Linux (Ubuntu 22.04.3 LTS) / x86_64 | OK | OK | WARNINGS | |||||||||
| palomino4 | Windows Server 2022 Datacenter / x64 | ... NOT SUPPORTED ... | ||||||||||||
| lconway | macOS 12.7.1 Monterey / x86_64 | OK | OK | WARNINGS | OK | |||||||||
| kjohnson1 | macOS 13.6.1 Ventura / arm64 | see weekly results here | ||||||||||||
|
To the developers/maintainers of the rifi package: - Allow up to 24 hours (and sometimes 48 hours) for your latest push to git@git.bioconductor.org:packages/rifi.git to reflect on this report. See Troubleshooting Build Report for more information. - Use the following Renviron settings to reproduce errors and warnings. - If 'R CMD check' started to fail recently on the Linux builder(s) over a missing dependency, add the missing dependency to 'Suggests:' in your DESCRIPTION file. See Renviron.bioc for more information. |
| Package: rifi |
| Version: 1.6.0 |
| Command: /Library/Frameworks/R.framework/Resources/bin/R CMD check --install=check:rifi.install-out.txt --library=/Library/Frameworks/R.framework/Resources/library --no-vignettes --timings rifi_1.6.0.tar.gz |
| StartedAt: 2024-03-03 22:59:04 -0500 (Sun, 03 Mar 2024) |
| EndedAt: 2024-03-03 23:10:52 -0500 (Sun, 03 Mar 2024) |
| EllapsedTime: 708.1 seconds |
| RetCode: 0 |
| Status: WARNINGS |
| CheckDir: rifi.Rcheck |
| Warnings: 2 |
##############################################################################
##############################################################################
###
### Running command:
###
### /Library/Frameworks/R.framework/Resources/bin/R CMD check --install=check:rifi.install-out.txt --library=/Library/Frameworks/R.framework/Resources/library --no-vignettes --timings rifi_1.6.0.tar.gz
###
##############################################################################
##############################################################################
* using log directory ‘/Users/biocbuild/bbs-3.18-bioc/meat/rifi.Rcheck’
* using R version 4.3.2 Patched (2023-11-01 r85457)
* using platform: x86_64-apple-darwin20 (64-bit)
* R was compiled by
Apple clang version 14.0.3 (clang-1403.0.22.14.1)
GNU Fortran (GCC) 12.2.0
* running under: macOS Monterey 12.7.1
* using session charset: UTF-8
* using option ‘--no-vignettes’
* checking for file ‘rifi/DESCRIPTION’ ... OK
* this is package ‘rifi’ version ‘1.6.0’
* package encoding: UTF-8
* checking package namespace information ... OK
* checking package dependencies ... OK
* checking if this is a source package ... OK
* checking if there is a namespace ... OK
* checking for hidden files and directories ... NOTE
Found the following hidden files and directories:
.BBSoptions
R/.ipynb_checkpoints
vignettes/.ipynb_checkpoints
These were most likely included in error. See section ‘Package
structure’ in the ‘Writing R Extensions’ manual.
* checking for portable file names ... OK
* checking for sufficient/correct file permissions ... OK
* checking whether package ‘rifi’ can be installed ... WARNING
Found the following significant warnings:
Note: next used in wrong context: no loop is visible
Warning: apply_Ttest_delay.Rd:55: unexpected '}'
Warning: predict_ps_itss.Rd:57: unexpected '}'
See ‘/Users/biocbuild/bbs-3.18-bioc/meat/rifi.Rcheck/00install.out’ for details.
Information on the location(s) of code generating the ‘Note’s can be
obtained by re-running with environment variable R_KEEP_PKG_SOURCE set
to ‘yes’.
* checking installed package size ... OK
* checking package directory ... OK
* checking ‘build’ directory ... OK
* checking DESCRIPTION meta-information ... OK
* checking top-level files ... OK
* checking for left-over files ... OK
* checking index information ... OK
* checking package subdirectories ... OK
* checking R files for non-ASCII characters ... OK
* checking R files for syntax errors ... OK
* checking whether the package can be loaded ... OK
* checking whether the package can be loaded with stated dependencies ... OK
* checking whether the package can be unloaded cleanly ... OK
* checking whether the namespace can be loaded with stated dependencies ... OK
* checking whether the namespace can be unloaded cleanly ... OK
* checking dependencies in R code ... OK
* checking S3 generic/method consistency ... OK
* checking replacement functions ... OK
* checking foreign function calls ... OK
* checking R code for possible problems ... OK
* checking Rd files ... WARNING
prepare_Rd: apply_Ttest_delay.Rd:55: unexpected '}'
prepare_Rd: predict_ps_itss.Rd:57: unexpected '}'
* checking Rd metadata ... OK
* checking Rd cross-references ... OK
* checking for missing documentation entries ... OK
* checking for code/documentation mismatches ... OK
* checking Rd \usage sections ... OK
* checking Rd contents ... OK
* checking for unstated dependencies in examples ... OK
* checking contents of ‘data’ directory ... OK
* checking data for non-ASCII characters ... OK
* checking data for ASCII and uncompressed saves ... OK
* checking files in ‘vignettes’ ... OK
* checking examples ... OK
Examples with CPU (user + system) or elapsed time > 5s
user system elapsed
rifi_wrapper 137.654 56.844 174.718
rifi_penalties 63.595 41.755 102.495
nls2_fit 43.953 2.362 28.244
rifi_visualization 29.128 2.462 31.842
rifi_fit 28.577 0.533 29.486
make_pen 11.352 6.816 17.617
TI_fit 13.960 2.862 9.964
* checking for unstated dependencies in vignettes ... OK
* checking package vignettes in ‘inst/doc’ ... OK
* checking running R code from vignettes ... SKIPPED
* checking re-building of vignette outputs ... SKIPPED
* checking PDF version of manual ... OK
* DONE
Status: 2 WARNINGs, 1 NOTE
See
‘/Users/biocbuild/bbs-3.18-bioc/meat/rifi.Rcheck/00check.log’
for details.
rifi.Rcheck/00install.out
############################################################################## ############################################################################## ### ### Running command: ### ### /Library/Frameworks/R.framework/Resources/bin/R CMD INSTALL rifi ### ############################################################################## ############################################################################## * installing to library ‘/Library/Frameworks/R.framework/Versions/4.3-x86_64/Resources/library’ * installing *source* package ‘rifi’ ... ** using staged installation ** R ** data ** inst ** byte-compile and prepare package for lazy loading Note: next used in wrong context: no loop is visible ** help Warning: apply_Ttest_delay.Rd:55: unexpected '}' Warning: predict_ps_itss.Rd:57: unexpected '}' *** installing help indices ** building package indices ** installing vignettes ** testing if installed package can be loaded from temporary location ** testing if installed package can be loaded from final location ** testing if installed package keeps a record of temporary installation path * DONE (rifi)
rifi.Rcheck/rifi-Ex.timings
| name | user | system | elapsed | |
| TI_fit | 13.960 | 2.862 | 9.964 | |
| TUgether | 0.638 | 0.171 | 0.801 | |
| apply_Ttest_delay | 0.135 | 0.021 | 0.158 | |
| apply_ancova | 0.371 | 0.035 | 0.410 | |
| apply_event_position | 1.061 | 0.144 | 1.215 | |
| apply_manova | 0.628 | 0.010 | 0.642 | |
| apply_t_test | 0.758 | 0.087 | 0.855 | |
| apply_t_test_ti | 0.186 | 0.006 | 0.193 | |
| check_input | 0.389 | 0.006 | 0.397 | |
| dataframe_summary | 0.108 | 0.010 | 0.120 | |
| dataframe_summary_TI | 0.051 | 0.005 | 0.056 | |
| dataframe_summary_events | 0.948 | 0.044 | 1.000 | |
| dataframe_summary_events_HL_int | 0.710 | 0.027 | 0.745 | |
| dataframe_summary_events_ps_itss | 0.309 | 0.020 | 0.331 | |
| dataframe_summary_events_velocity | 0.325 | 0.022 | 0.349 | |
| event_dataframe | 0.858 | 0.035 | 0.900 | |
| finding_PDD | 0.236 | 0.103 | 0.328 | |
| finding_TI | 0.399 | 0.167 | 0.549 | |
| fold_change | 3.121 | 0.126 | 3.269 | |
| fragment_HL | 0.613 | 0.144 | 0.740 | |
| fragment_TI | 0.476 | 0.045 | 0.522 | |
| fragment_delay | 1.167 | 0.313 | 1.438 | |
| fragment_inty | 0.724 | 0.177 | 0.882 | |
| gff3_preprocess | 0.670 | 0.069 | 0.748 | |
| make_df | 0.864 | 0.424 | 0.869 | |
| make_pen | 11.352 | 6.816 | 17.617 | |
| nls2_fit | 43.953 | 2.362 | 28.244 | |
| predict_ps_itss | 0.313 | 0.029 | 0.344 | |
| rifi_fit | 28.577 | 0.533 | 29.486 | |
| rifi_fragmentation | 3.617 | 0.956 | 4.488 | |
| rifi_penalties | 63.595 | 41.755 | 102.495 | |
| rifi_preprocess | 2.065 | 0.679 | 2.345 | |
| rifi_stats | 3.508 | 0.171 | 3.709 | |
| rifi_summary | 2.373 | 0.063 | 2.459 | |
| rifi_visualization | 29.128 | 2.462 | 31.842 | |
| rifi_wrapper | 137.654 | 56.844 | 174.718 | |
| segment_pos | 0.219 | 0.004 | 0.225 | |
| viz_pen_obj | 0.011 | 0.002 | 0.013 | |