| Back to Multiple platform build/check report for BioC 3.18: simplified long |
|
This page was generated on 2023-10-18 11:40:47 -0400 (Wed, 18 Oct 2023).
| Hostname | OS | Arch (*) | R version | Installed pkgs |
|---|---|---|---|---|
| nebbiolo2 | Linux (Ubuntu 22.04.2 LTS) | x86_64 | 4.3.1 (2023-06-16) -- "Beagle Scouts" | 4691 |
| palomino4 | Windows Server 2022 Datacenter | x64 | 4.3.1 (2023-06-16 ucrt) -- "Beagle Scouts" | 4426 |
| lconway | macOS 12.6.5 Monterey | x86_64 | 4.3.1 Patched (2023-06-17 r84564) -- "Beagle Scouts" | 4445 |
| kunpeng2 | Linux (openEuler 22.03 LTS-SP1) | aarch64 | 4.3.1 (2023-06-16) -- "Beagle Scouts" | 4431 |
| Click on any hostname to see more info about the system (e.g. compilers) (*) as reported by 'uname -p', except on Windows and Mac OS X | ||||
| Package 1725/2252 | Hostname | OS / Arch | INSTALL | BUILD | CHECK | BUILD BIN | ||||||||
| rGREAT 2.3.0 (landing page) Zuguang Gu
| nebbiolo2 | Linux (Ubuntu 22.04.2 LTS) / x86_64 | OK | OK | OK | |||||||||
| palomino4 | Windows Server 2022 Datacenter / x64 | OK | OK | OK | OK | |||||||||
| lconway | macOS 12.6.5 Monterey / x86_64 | OK | OK | OK | OK | |||||||||
| kjohnson1 | macOS 13.3.1 Ventura / arm64 | see weekly results here | ||||||||||||
| kunpeng2 | Linux (openEuler 22.03 LTS-SP1) / aarch64 | OK | OK | ERROR | ||||||||||
|
To the developers/maintainers of the rGREAT package: - Allow up to 24 hours (and sometimes 48 hours) for your latest push to git@git.bioconductor.org:packages/rGREAT.git to reflect on this report. See Troubleshooting Build Report for more information. - Use the following Renviron settings to reproduce errors and warnings. - If 'R CMD check' started to fail recently on the Linux builder(s) over a missing dependency, add the missing dependency to 'Suggests:' in your DESCRIPTION file. See Renviron.bioc for more information. - See Martin Grigorov's blog post for how to debug Linux ARM64 related issues on a x86_64 host. |
| Package: rGREAT |
| Version: 2.3.0 |
| Command: /home/biocbuild/R/R-4.3.1/bin/R CMD check --install=check:rGREAT.install-out.txt --library=/home/biocbuild/R/R-4.3.1/site-library --timings rGREAT_2.3.0.tar.gz |
| StartedAt: 2023-10-18 12:11:58 -0000 (Wed, 18 Oct 2023) |
| EndedAt: 2023-10-18 12:22:50 -0000 (Wed, 18 Oct 2023) |
| EllapsedTime: 652.1 seconds |
| RetCode: 1 |
| Status: ERROR |
| CheckDir: rGREAT.Rcheck |
| Warnings: NA |
##############################################################################
##############################################################################
###
### Running command:
###
### /home/biocbuild/R/R-4.3.1/bin/R CMD check --install=check:rGREAT.install-out.txt --library=/home/biocbuild/R/R-4.3.1/site-library --timings rGREAT_2.3.0.tar.gz
###
##############################################################################
##############################################################################
* using log directory ‘/home/biocbuild/bbs-3.18-bioc/meat/rGREAT.Rcheck’
* using R version 4.3.1 (2023-06-16)
* using platform: aarch64-unknown-linux-gnu (64-bit)
* R was compiled by
gcc (GCC) 10.3.1
GNU Fortran (GCC) 10.3.1
* running under: openEuler 22.03 (LTS-SP1)
* using session charset: UTF-8
* checking for file ‘rGREAT/DESCRIPTION’ ... OK
* checking extension type ... Package
* this is package ‘rGREAT’ version ‘2.3.0’
* checking package namespace information ... OK
* checking package dependencies ... NOTE
Packages which this enhances but not available for checking:
'BioMartGOGeneSets', 'UniProtKeywords'
* checking if this is a source package ... OK
* checking if there is a namespace ... OK
* checking for hidden files and directories ... OK
* checking for portable file names ... OK
* checking for sufficient/correct file permissions ... OK
* checking whether package ‘rGREAT’ can be installed ... OK
* used C++ compiler: ‘g++ (GCC) 10.3.1’
* checking installed package size ... OK
* checking package directory ... OK
* checking ‘build’ directory ... OK
* checking DESCRIPTION meta-information ... OK
* checking top-level files ... OK
* checking for left-over files ... OK
* checking index information ... OK
* checking package subdirectories ... OK
* checking R files for non-ASCII characters ... OK
* checking R files for syntax errors ... OK
* checking whether the package can be loaded ... OK
* checking whether the package can be loaded with stated dependencies ... OK
* checking whether the package can be unloaded cleanly ... OK
* checking whether the namespace can be loaded with stated dependencies ... OK
* checking whether the namespace can be unloaded cleanly ... OK
* checking loading without being on the library search path ... OK
* checking startup messages can be suppressed ... OK
* checking dependencies in R code ... OK
* checking S3 generic/method consistency ... OK
* checking replacement functions ... OK
* checking foreign function calls ... OK
* checking R code for possible problems ... OK
* checking Rd files ... OK
* checking Rd metadata ... OK
* checking Rd cross-references ... OK
* checking for missing documentation entries ... OK
* checking for code/documentation mismatches ... OK
* checking Rd \usage sections ... OK
* checking Rd contents ... OK
* checking for unstated dependencies in examples ... OK
* checking line endings in C/C++/Fortran sources/headers ... OK
* checking compiled code ... NOTE
Note: information on .o files is not available
* checking files in ‘vignettes’ ... OK
* checking examples ... OK
Examples with CPU (user + system) or elapsed time > 5s
user system elapsed
submitGreatJob 0.396 0.032 9.802
* checking for unstated dependencies in ‘tests’ ... OK
* checking tests ...
Running ‘test-all.R’
OK
* checking for unstated dependencies in vignettes ... OK
* checking package vignettes in ‘inst/doc’ ... OK
* checking running R code from vignettes ...
‘local-GREAT.Rmd’ using ‘UTF-8’... OK
‘online-GREAT.Rmd’ using ‘UTF-8’... OK
‘other-docs.Rmd’ using ‘UTF-8’... OK
‘other-geneset-databases.Rmd’ using ‘UTF-8’... OK
‘other-organisms.Rmd’ using ‘UTF-8’... OK
NONE
* checking re-building of vignette outputs ... ERROR
Error(s) in re-building vignettes:
--- re-building ‘local-GREAT.Rmd’ using rmarkdown
--- finished re-building ‘local-GREAT.Rmd’
--- re-building ‘online-GREAT.Rmd’ using rmarkdown
--- finished re-building ‘online-GREAT.Rmd’
--- re-building ‘other-docs.Rmd’ using rmarkdown
--- finished re-building ‘other-docs.Rmd’
--- re-building ‘other-geneset-databases.Rmd’ using rmarkdown
--- finished re-building ‘other-geneset-databases.Rmd’
--- re-building ‘other-organisms.Rmd’ using rmarkdown
trying URL 'https://api.ncbi.nlm.nih.gov/datasets/v2alpha/genome/accession/GCF_011762595.1/download?include_annotation_type=GENOME_GFF,SEQUENCE_REPORT&filename=GCF_011762595.1.zip'
downloaded 16.2 MB
Quitting from lines 118-120 [unnamed-chunk-10] (other-organisms.Rmd)
Error: processing vignette 'other-organisms.Rmd' failed with diagnostics:
download from 'https://api.ncbi.nlm.nih.gov/datasets/v2alpha/genome/accession/GCF_011762595.1/download?include_annotation_type=GENOME_GFF,SEQUENCE_REPORT&filename=GCF_011762595.1.zip' failed
--- failed re-building ‘other-organisms.Rmd’
SUMMARY: processing the following file failed:
‘other-organisms.Rmd’
Error: Vignette re-building failed.
Execution halted
* checking PDF version of manual ... OK
* DONE
Status: 1 ERROR, 2 NOTEs
See
‘/home/biocbuild/bbs-3.18-bioc/meat/rGREAT.Rcheck/00check.log’
for details.
rGREAT.Rcheck/00install.out
############################################################################## ############################################################################## ### ### Running command: ### ### /home/biocbuild/R/R-4.3.1/bin/R CMD INSTALL rGREAT ### ############################################################################## ############################################################################## * installing to library ‘/home/biocbuild/R/R-4.3.1/site-library’ * installing *source* package ‘rGREAT’ ... ** using staged installation ** libs using C++ compiler: ‘g++ (GCC) 10.3.1’ g++ -std=gnu++17 -I"/home/biocbuild/R/R-4.3.1/include" -DNDEBUG -I'/home/biocbuild/R/R-4.3.1/site-library/Rcpp/include' -I/usr/local/include -fPIC -g -O2 -Wall -c RcppExports.cpp -o RcppExports.o g++ -std=gnu++17 -I"/home/biocbuild/R/R-4.3.1/include" -DNDEBUG -I'/home/biocbuild/R/R-4.3.1/site-library/Rcpp/include' -I/usr/local/include -fPIC -g -O2 -Wall -c reduce_by_start_and_end.cpp -o reduce_by_start_and_end.o g++ -std=gnu++17 -shared -L/home/biocbuild/R/R-4.3.1/lib -L/usr/local/lib -o rGREAT.so RcppExports.o reduce_by_start_and_end.o -L/home/biocbuild/R/R-4.3.1/lib -lR installing to /home/biocbuild/R/R-4.3.1/site-library/00LOCK-rGREAT/00new/rGREAT/libs ** R ** inst ** byte-compile and prepare package for lazy loading ** help *** installing help indices ** building package indices ** installing vignettes ** testing if installed package can be loaded from temporary location ** checking absolute paths in shared objects and dynamic libraries ** testing if installed package can be loaded from final location ** testing if installed package keeps a record of temporary installation path * DONE (rGREAT)
rGREAT.Rcheck/tests/test-all.Rout
R version 4.3.1 (2023-06-16) -- "Beagle Scouts"
Copyright (C) 2023 The R Foundation for Statistical Computing
Platform: aarch64-unknown-linux-gnu (64-bit)
R is free software and comes with ABSOLUTELY NO WARRANTY.
You are welcome to redistribute it under certain conditions.
Type 'license()' or 'licence()' for distribution details.
R is a collaborative project with many contributors.
Type 'contributors()' for more information and
'citation()' on how to cite R or R packages in publications.
Type 'demo()' for some demos, 'help()' for on-line help, or
'help.start()' for an HTML browser interface to help.
Type 'q()' to quit R.
> library(testthat)
> suppressWarnings(suppressPackageStartupMessages(library(rGREAT)))
>
> test_check("rGREAT")
[ FAIL 0 | WARN 0 | SKIP 0 | PASS 2 ]
>
> proc.time()
user system elapsed
18.803 1.433 20.268
rGREAT.Rcheck/rGREAT-Ex.timings
| name | user | system | elapsed | |
| GreatJob-class | 0 | 0 | 0 | |
| GreatJob | 0 | 0 | 0 | |
| GreatObject-class | 0 | 0 | 0 | |
| GreatObject | 0 | 0 | 0 | |
| availableCategories-GreatJob-method | 0.089 | 0.004 | 0.095 | |
| availableOntologies-GreatJob-method | 0.086 | 0.000 | 0.086 | |
| extendTSS | 0 | 0 | 0 | |
| extendTSSFromDataFrame | 0.000 | 0.000 | 0.001 | |
| extendTSSFromOrgDb | 0 | 0 | 0 | |
| extendTSSFromTxDb | 0 | 0 | 0 | |
| getEnrichmentTable-GreatJob-method | 0.096 | 0.000 | 0.096 | |
| getEnrichmentTable-GreatObject-method | 0.064 | 0.003 | 0.068 | |
| getEnrichmentTable-dispatch | 0.001 | 0.000 | 0.000 | |
| getEnrichmentTables-GreatJob-method | 0.251 | 0.008 | 0.260 | |
| getEnrichmentTables-GreatObject-method | 0 | 0 | 0 | |
| getEnrichmentTables-dispatch | 0 | 0 | 0 | |
| getGREATDefaultTSS | 0.000 | 0.000 | 0.001 | |
| getGapFromUCSC | 0.088 | 0.000 | 0.089 | |
| getGeneSetsFromBioMart | 0 | 0 | 0 | |
| getGenesFromGencode | 0 | 0 | 0 | |
| getGenomeDataFromNCBI | 0 | 0 | 0 | |
| getKEGGGenome | 0 | 0 | 0 | |
| getKEGGPathways | 0 | 0 | 0 | |
| getRefSeqGenesFromUCSC | 0.001 | 0.000 | 0.000 | |
| getRegionGeneAssociations-GreatJob-method | 0.544 | 0.000 | 0.545 | |
| getRegionGeneAssociations-GreatObject-method | 3.080 | 0.172 | 3.257 | |
| getRegionGeneAssociations-dispatch | 0 | 0 | 0 | |
| getTSS | 0 | 0 | 0 | |
| great | 0 | 0 | 0 | |
| great_opt | 0.021 | 0.000 | 0.021 | |
| plotRegionGeneAssociationGraphs-GreatJob-method | 0 | 0 | 0 | |
| plotRegionGeneAssociations-GreatJob-method | 1.096 | 0.004 | 1.102 | |
| plotRegionGeneAssociations-GreatObject-method | 4.091 | 0.040 | 4.139 | |
| plotRegionGeneAssociations-dispatch | 0 | 0 | 0 | |
| plotVolcano-GreatJob-method | 0 | 0 | 0 | |
| plotVolcano-GreatObject-method | 0 | 0 | 0 | |
| plotVolcano-dispatch | 0 | 0 | 0 | |
| randomRegions | 0.277 | 0.004 | 0.282 | |
| randomRegionsFromBioMartGenome | 0 | 0 | 0 | |
| read_gmt | 0.015 | 0.016 | 0.934 | |
| reduce_by_start_and_end | 0 | 0 | 0 | |
| shinyReport-GreatJob-method | 0 | 0 | 0 | |
| shinyReport-GreatObject-method | 0.000 | 0.000 | 0.001 | |
| shinyReport-dispatch | 0 | 0 | 0 | |
| submitGreatJob | 0.396 | 0.032 | 9.802 | |