| Back to Multiple platform build/check report for BioC 3.18: simplified long |
|
This page was generated on 2023-11-02 11:41:05 -0400 (Thu, 02 Nov 2023).
| Hostname | OS | Arch (*) | R version | Installed pkgs |
|---|---|---|---|---|
| nebbiolo2 | Linux (Ubuntu 22.04.2 LTS) | x86_64 | 4.3.1 (2023-06-16) -- "Beagle Scouts" | 4729 |
| palomino4 | Windows Server 2022 Datacenter | x64 | 4.3.1 (2023-06-16 ucrt) -- "Beagle Scouts" | 4463 |
| lconway | macOS 12.6.5 Monterey | x86_64 | 4.3.1 Patched (2023-06-17 r84564) -- "Beagle Scouts" | 4478 |
| kunpeng2 | Linux (openEuler 22.03 LTS-SP1) | aarch64 | 4.3.1 (2023-06-16) -- "Beagle Scouts" | 4464 |
| Click on any hostname to see more info about the system (e.g. compilers) (*) as reported by 'uname -p', except on Windows and Mac OS X | ||||
| Package 1566/2266 | Hostname | OS / Arch | INSTALL | BUILD | CHECK | BUILD BIN | ||||||||
| plyranges 1.22.0 (landing page) Stuart Lee
| nebbiolo2 | Linux (Ubuntu 22.04.2 LTS) / x86_64 | OK | OK | WARNINGS | |||||||||
| palomino4 | Windows Server 2022 Datacenter / x64 | OK | OK | WARNINGS | OK | |||||||||
| lconway | macOS 12.6.5 Monterey / x86_64 | OK | OK | WARNINGS | OK | |||||||||
| kjohnson1 | macOS 13.6.1 Ventura / arm64 | see weekly results here | ||||||||||||
| kunpeng2 | Linux (openEuler 22.03 LTS-SP1) / aarch64 | OK | OK | WARNINGS | ||||||||||
|
To the developers/maintainers of the plyranges package: - Allow up to 24 hours (and sometimes 48 hours) for your latest push to git@git.bioconductor.org:packages/plyranges.git to reflect on this report. See Troubleshooting Build Report for more information. - Use the following Renviron settings to reproduce errors and warnings. - If 'R CMD check' started to fail recently on the Linux builder(s) over a missing dependency, add the missing dependency to 'Suggests:' in your DESCRIPTION file. See Renviron.bioc for more information. - See Martin Grigorov's blog post for how to debug Linux ARM64 related issues on a x86_64 host. |
| Package: plyranges |
| Version: 1.22.0 |
| Command: /home/biocbuild/R/R-4.3.1/bin/R CMD check --install=check:plyranges.install-out.txt --library=/home/biocbuild/R/R-4.3.1/site-library --no-vignettes --timings plyranges_1.22.0.tar.gz |
| StartedAt: 2023-11-02 13:09:21 -0000 (Thu, 02 Nov 2023) |
| EndedAt: 2023-11-02 13:15:23 -0000 (Thu, 02 Nov 2023) |
| EllapsedTime: 361.7 seconds |
| RetCode: 0 |
| Status: WARNINGS |
| CheckDir: plyranges.Rcheck |
| Warnings: 2 |
##############################################################################
##############################################################################
###
### Running command:
###
### /home/biocbuild/R/R-4.3.1/bin/R CMD check --install=check:plyranges.install-out.txt --library=/home/biocbuild/R/R-4.3.1/site-library --no-vignettes --timings plyranges_1.22.0.tar.gz
###
##############################################################################
##############################################################################
* using log directory ‘/home/biocbuild/bbs-3.18-bioc/meat/plyranges.Rcheck’
* using R version 4.3.1 (2023-06-16)
* using platform: aarch64-unknown-linux-gnu (64-bit)
* R was compiled by
gcc (GCC) 10.3.1
GNU Fortran (GCC) 10.3.1
* running under: openEuler 22.03 (LTS-SP1)
* using session charset: UTF-8
* using option ‘--no-vignettes’
* checking for file ‘plyranges/DESCRIPTION’ ... OK
* checking extension type ... Package
* this is package ‘plyranges’ version ‘1.22.0’
* package encoding: UTF-8
* checking package namespace information ... OK
* checking package dependencies ... OK
* checking if this is a source package ... OK
* checking if there is a namespace ... OK
* checking for hidden files and directories ... OK
* checking for portable file names ... OK
* checking for sufficient/correct file permissions ... OK
* checking whether package ‘plyranges’ can be installed ... OK
* checking installed package size ... OK
* checking package directory ... OK
* checking ‘build’ directory ... OK
* checking DESCRIPTION meta-information ... OK
* checking top-level files ... OK
* checking for left-over files ... OK
* checking index information ... OK
* checking package subdirectories ... OK
* checking R files for non-ASCII characters ... OK
* checking R files for syntax errors ... OK
* checking whether the package can be loaded ... OK
* checking whether the package can be loaded with stated dependencies ... OK
* checking whether the package can be unloaded cleanly ... OK
* checking whether the namespace can be loaded with stated dependencies ... OK
* checking whether the namespace can be unloaded cleanly ... OK
* checking loading without being on the library search path ... OK
* checking dependencies in R code ... OK
* checking S3 generic/method consistency ... WARNING
group_split:
function(.tbl, ..., .keep)
group_split.GroupedGenomicRanges:
function(.data, ..., keep)
group_split:
function(.tbl, ..., .keep)
group_split.GroupedIntegerRanges:
function(.data, ..., keep)
group_split:
function(.tbl, ..., .keep)
group_split.Ranges:
function(.data, ..., keep)
group_keys:
function(.tbl, ...)
group_keys.Ranges:
function(.data, ...)
group_keys:
function(.tbl, ...)
group_keys.GroupedGenomicRanges:
function(.data, ...)
group_keys:
function(.tbl, ...)
group_keys.GroupedIntegerRanges:
function(.data, ...)
See section ‘Generic functions and methods’ in the ‘Writing R
Extensions’ manual.
* checking replacement functions ... OK
* checking foreign function calls ... OK
* checking R code for possible problems ... OK
* checking Rd files ... OK
* checking Rd metadata ... OK
* checking Rd cross-references ... WARNING
Missing link or links in documentation object 'ranges-info.Rd':
‘[GenomeInfoDb:fetchExtendedChromInfoFromUCSC]{GenomeInfoDb::fetchExtendedChromInfoFromUCSC()}’
See section 'Cross-references' in the 'Writing R Extensions' manual.
* checking for missing documentation entries ... OK
* checking for code/documentation mismatches ... OK
* checking Rd \usage sections ... OK
* checking Rd contents ... OK
* checking for unstated dependencies in examples ... OK
* checking files in ‘vignettes’ ... OK
* checking examples ... OK
* checking for unstated dependencies in ‘tests’ ... OK
* checking tests ...
Running ‘testthat.R’
OK
* checking for unstated dependencies in vignettes ... OK
* checking package vignettes in ‘inst/doc’ ... OK
* checking running R code from vignettes ... SKIPPED
* checking re-building of vignette outputs ... SKIPPED
* checking PDF version of manual ... OK
* DONE
Status: 2 WARNINGs
See
‘/home/biocbuild/bbs-3.18-bioc/meat/plyranges.Rcheck/00check.log’
for details.
plyranges.Rcheck/00install.out
############################################################################## ############################################################################## ### ### Running command: ### ### /home/biocbuild/R/R-4.3.1/bin/R CMD INSTALL plyranges ### ############################################################################## ############################################################################## * installing to library ‘/home/biocbuild/R/R-4.3.1/site-library’ * installing *source* package ‘plyranges’ ... ** using staged installation ** R ** inst ** byte-compile and prepare package for lazy loading ** help *** installing help indices *** copying figures ** building package indices ** installing vignettes ** testing if installed package can be loaded from temporary location ** testing if installed package can be loaded from final location ** testing if installed package keeps a record of temporary installation path * DONE (plyranges)
plyranges.Rcheck/tests/testthat.Rout
R version 4.3.1 (2023-06-16) -- "Beagle Scouts"
Copyright (C) 2023 The R Foundation for Statistical Computing
Platform: aarch64-unknown-linux-gnu (64-bit)
R is free software and comes with ABSOLUTELY NO WARRANTY.
You are welcome to redistribute it under certain conditions.
Type 'license()' or 'licence()' for distribution details.
R is a collaborative project with many contributors.
Type 'contributors()' for more information and
'citation()' on how to cite R or R packages in publications.
Type 'demo()' for some demos, 'help()' for on-line help, or
'help.start()' for an HTML browser interface to help.
Type 'q()' to quit R.
> library(testthat)
> library(plyranges)
Loading required package: BiocGenerics
Attaching package: 'BiocGenerics'
The following objects are masked from 'package:stats':
IQR, mad, sd, var, xtabs
The following objects are masked from 'package:base':
Filter, Find, Map, Position, Reduce, anyDuplicated, aperm, append,
as.data.frame, basename, cbind, colnames, dirname, do.call,
duplicated, eval, evalq, get, grep, grepl, intersect, is.unsorted,
lapply, mapply, match, mget, order, paste, pmax, pmax.int, pmin,
pmin.int, rank, rbind, rownames, sapply, setdiff, sort, table,
tapply, union, unique, unsplit, which.max, which.min
Loading required package: IRanges
Loading required package: S4Vectors
Loading required package: stats4
Attaching package: 'S4Vectors'
The following object is masked from 'package:utils':
findMatches
The following objects are masked from 'package:base':
I, expand.grid, unname
Loading required package: GenomicRanges
Loading required package: GenomeInfoDb
Attaching package: 'plyranges'
The following object is masked from 'package:IRanges':
slice
The following object is masked from 'package:stats':
filter
>
> test_check("plyranges")
[ FAIL 0 | WARN 8 | SKIP 0 | PASS 390 ]
[ FAIL 0 | WARN 8 | SKIP 0 | PASS 390 ]
>
> proc.time()
user system elapsed
61.459 1.266 62.876
plyranges.Rcheck/plyranges-Ex.timings
| name | user | system | elapsed | |
| add-nearest-distance | 0.465 | 0.024 | 0.491 | |
| as_ranges | 0.120 | 0.016 | 0.136 | |
| compute_coverage | 0.023 | 0.000 | 0.023 | |
| element-setops | 0.237 | 0.028 | 0.266 | |
| filter-ranges | 0.739 | 0.000 | 0.742 | |
| group_by-ranges | 0.403 | 0.048 | 0.452 | |
| io-bam-read | 1.655 | 0.051 | 1.719 | |
| io-bed-read | 1.384 | 0.008 | 1.397 | |
| io-bed-write | 0.000 | 0.000 | 0.001 | |
| io-bigwig-read | 0.163 | 0.000 | 0.164 | |
| io-bigwig-write | 0 | 0 | 0 | |
| io-gff-read | 0.472 | 0.004 | 0.477 | |
| io-gff-write | 0 | 0 | 0 | |
| io-wig-read | 0.399 | 0.000 | 0.401 | |
| mutate-ranges | 1.030 | 0.020 | 1.052 | |
| n | 0.333 | 0.000 | 0.334 | |
| n_distinct | 0.04 | 0.00 | 0.04 | |
| overlap-joins | 0.256 | 0.000 | 0.256 | |
| ranges-anchor | 0.136 | 0.000 | 0.136 | |
| ranges-arrange | 0.065 | 0.000 | 0.065 | |
| ranges-bind | 0.253 | 0.000 | 0.253 | |
| ranges-chop | 0.438 | 0.004 | 0.443 | |
| ranges-construct | 0.138 | 0.004 | 0.143 | |
| ranges-count-overlaps | 0.083 | 0.000 | 0.084 | |
| ranges-disjoin | 0.979 | 0.004 | 0.985 | |
| ranges-expand | 0.655 | 0.000 | 0.656 | |
| ranges-filter-overlaps | 0.102 | 0.004 | 0.106 | |
| ranges-flank | 0.16 | 0.00 | 0.16 | |
| ranges-follow | 0.228 | 0.000 | 0.229 | |
| ranges-info | 0.064 | 0.000 | 0.064 | |
| ranges-interweave | 0.194 | 0.000 | 0.193 | |
| ranges-names | 0.159 | 0.004 | 0.162 | |
| ranges-nearest | 0.593 | 0.000 | 0.594 | |
| ranges-overlaps-self | 0.172 | 0.003 | 0.176 | |
| ranges-overlaps | 0.234 | 0.000 | 0.235 | |
| ranges-pairs | 0.488 | 0.000 | 0.489 | |
| ranges-precede | 0.221 | 0.000 | 0.222 | |
| ranges-reduce | 1.053 | 0.000 | 1.056 | |
| ranges-select | 0.112 | 0.000 | 0.113 | |
| ranges-setops | 1.092 | 0.000 | 1.095 | |
| ranges-shift | 0.200 | 0.003 | 0.205 | |
| ranges-summarise | 0.187 | 0.000 | 0.188 | |
| ranges-tile | 0.152 | 0.000 | 0.152 | |
| slice-ranges | 0.758 | 0.000 | 0.761 | |
| stretch | 0.296 | 0.000 | 0.297 | |