| Back to Multiple platform build/check report for BioC 3.18: simplified long | 
 | 
This page was generated on 2023-11-02 11:41:03 -0400 (Thu, 02 Nov 2023).
| Hostname | OS | Arch (*) | R version | Installed pkgs | 
|---|---|---|---|---|
| nebbiolo2 | Linux (Ubuntu 22.04.2 LTS) | x86_64 | 4.3.1 (2023-06-16) -- "Beagle Scouts" | 4729 | 
| palomino4 | Windows Server 2022 Datacenter | x64 | 4.3.1 (2023-06-16 ucrt) -- "Beagle Scouts" | 4463 | 
| lconway | macOS 12.6.5 Monterey | x86_64 | 4.3.1 Patched (2023-06-17 r84564) -- "Beagle Scouts" | 4478 | 
| kunpeng2 | Linux (openEuler 22.03 LTS-SP1) | aarch64 | 4.3.1 (2023-06-16) -- "Beagle Scouts" | 4464 | 
| Click on any hostname to see more info about the system (e.g. compilers) (*) as reported by 'uname -p', except on Windows and Mac OS X | ||||
| Package 1511/2266 | Hostname | OS / Arch | INSTALL | BUILD | CHECK | BUILD BIN | ||||||||
| paxtoolsr 1.36.0  (landing page) Augustin Luna 
 | nebbiolo2 | Linux (Ubuntu 22.04.2 LTS) / x86_64 | OK | OK | OK |  | ||||||||
| palomino4 | Windows Server 2022 Datacenter / x64 | OK | OK | ERROR | OK | |||||||||
| lconway | macOS 12.6.5 Monterey / x86_64 | OK | OK | ERROR | OK | |||||||||
| kjohnson1 | macOS 13.6.1 Ventura / arm64 | see weekly results here | ||||||||||||
| kunpeng2 | Linux (openEuler 22.03 LTS-SP1) / aarch64 | OK | OK | ERROR | ||||||||||
| To the developers/maintainers of the paxtoolsr package: - Allow up to 24 hours (and sometimes 48 hours) for your latest push to git@git.bioconductor.org:packages/paxtoolsr.git to reflect on this report. See Troubleshooting Build Report for more information. - Use the following Renviron settings to reproduce errors and warnings. - If 'R CMD check' started to fail recently on the Linux builder(s) over a missing dependency, add the missing dependency to 'Suggests:' in your DESCRIPTION file. See Renviron.bioc for more information. - See Martin Grigorov's blog post for how to debug Linux ARM64 related issues on a x86_64 host. | 
| Package: paxtoolsr | 
| Version: 1.36.0 | 
| Command: /home/biocbuild/R/R-4.3.1/bin/R CMD check --install=check:paxtoolsr.install-out.txt --library=/home/biocbuild/R/R-4.3.1/site-library --no-vignettes --timings paxtoolsr_1.36.0.tar.gz | 
| StartedAt: 2023-11-02 12:58:32 -0000 (Thu, 02 Nov 2023) | 
| EndedAt: 2023-11-02 13:00:52 -0000 (Thu, 02 Nov 2023) | 
| EllapsedTime: 140.3 seconds | 
| RetCode: 1 | 
| Status: ERROR | 
| CheckDir: paxtoolsr.Rcheck | 
| Warnings: NA | 
##############################################################################
##############################################################################
###
### Running command:
###
###   /home/biocbuild/R/R-4.3.1/bin/R CMD check --install=check:paxtoolsr.install-out.txt --library=/home/biocbuild/R/R-4.3.1/site-library --no-vignettes --timings paxtoolsr_1.36.0.tar.gz
###
##############################################################################
##############################################################################
* using log directory ‘/home/biocbuild/bbs-3.18-bioc/meat/paxtoolsr.Rcheck’
* using R version 4.3.1 (2023-06-16)
* using platform: aarch64-unknown-linux-gnu (64-bit)
* R was compiled by
    gcc (GCC) 10.3.1
    GNU Fortran (GCC) 10.3.1
* running under: openEuler 22.03 (LTS-SP1)
* using session charset: UTF-8
* using option ‘--no-vignettes’
* checking for file ‘paxtoolsr/DESCRIPTION’ ... OK
* checking extension type ... Package
* this is package ‘paxtoolsr’ version ‘1.36.0’
* package encoding: UTF-8
* checking package namespace information ... OK
* checking package dependencies ... OK
* checking if this is a source package ... OK
* checking if there is a namespace ... OK
* checking for hidden files and directories ... OK
* checking for portable file names ... OK
* checking for sufficient/correct file permissions ... OK
* checking whether package ‘paxtoolsr’ can be installed ... OK
* checking installed package size ... NOTE
  installed size is 32.1Mb
  sub-directories of 1Mb or more:
    extdata   7.3Mb
    java     24.5Mb
* checking package directory ... OK
* checking ‘build’ directory ... OK
* checking DESCRIPTION meta-information ... OK
* checking top-level files ... OK
* checking for left-over files ... OK
* checking index information ... OK
* checking package subdirectories ... OK
* checking R files for non-ASCII characters ... OK
* checking R files for syntax errors ... OK
* checking whether the package can be loaded ... OK
* checking whether the package can be loaded with stated dependencies ... OK
* checking whether the package can be unloaded cleanly ... OK
* checking whether the namespace can be loaded with stated dependencies ... OK
* checking whether the namespace can be unloaded cleanly ... OK
* checking loading without being on the library search path ... OK
* checking startup messages can be suppressed ... OK
* checking dependencies in R code ... OK
* checking S3 generic/method consistency ... OK
* checking replacement functions ... OK
* checking foreign function calls ... OK
* checking R code for possible problems ... NOTE
splitSifnxByPathway: no visible global function definition for
  ‘%dopar%’
Undefined global functions or variables:
  %dopar%
* checking Rd files ... OK
* checking Rd metadata ... OK
* checking Rd cross-references ... OK
* checking for missing documentation entries ... OK
* checking for code/documentation mismatches ... OK
* checking Rd \usage sections ... OK
* checking Rd contents ... OK
* checking for unstated dependencies in examples ... OK
* checking files in ‘vignettes’ ... OK
* checking examples ... ERROR
Running examples in ‘paxtoolsr-Ex.R’ failed
The error most likely occurred in:
> base::assign(".ptime", proc.time(), pos = "CheckExEnv")
> ### Name: toSBGN
> ### Title: Convert a BioPAX OWL file to SBGNML
> ### Aliases: toSBGN
> 
> ### ** Examples
> 
> outFile <- tempfile()
> results <- toSBGN(system.file("extdata", "biopax3-short-metabolic-pathway.owl", 
+   package="paxtoolsr"), 
+   outFile) 
SBGN-PD Layout is running...
success ratio: 0.7857142857142857
enhanced ratio: 0.7857142857142857
Total execution time: 71 miliseconds.
Error in toSBGN(system.file("extdata", "biopax3-short-metabolic-pathway.owl",  : 
  java.lang.ExceptionInInitializerError
Calls: toSBGN -> .jcheck
Execution halted
* checking for unstated dependencies in ‘tests’ ... OK
* checking tests ...
  Running ‘testthat.R’
 ERROR
Running the tests in ‘tests/testthat.R’ failed.
Last 13 lines of output:
    'test_pathwayCommons.R:63:5', 'test_pathwayCommons.R:77:5',
    'test_pathwayCommons.R:131:5', 'test_pathwayCommons.R:169:5',
    'test_pathwayCommons.R:185:5', 'test_pathwayCommons.R:260:5'
  • empty test (3): 'test_pathwayCommons.R:266:1', 'test_pathwayCommons.R:285:1',
    'test_pathwayCommons.R:286:1'
  
  ══ Failed tests ════════════════════════════════════════════════════════════════
  ── Error ('test_paxtools.R:73:5'): toSBGN ──────────────────────────────────────
  <ExceptionInInitializerError/LinkageError/Error/Throwable/Object/Exception/error/condition>
  Error in `toSBGN(system.file("extdata", "biopax3-short-metabolic-pathway.owl", 
      package = "paxtoolsr"), outFile)`: java.lang.ExceptionInInitializerError
  
  [ FAIL 1 | WARN 0 | SKIP 10 | PASS 39 ]
  Error: Test failures
  Execution halted
* checking for unstated dependencies in vignettes ... OK
* checking package vignettes in ‘inst/doc’ ... OK
* checking running R code from vignettes ... SKIPPED
* checking re-building of vignette outputs ... SKIPPED
* checking PDF version of manual ... OK
* DONE
Status: 2 ERRORs, 2 NOTEs
See
  ‘/home/biocbuild/bbs-3.18-bioc/meat/paxtoolsr.Rcheck/00check.log’
for details.
paxtoolsr.Rcheck/00install.out
############################################################################## ############################################################################## ### ### Running command: ### ### /home/biocbuild/R/R-4.3.1/bin/R CMD INSTALL paxtoolsr ### ############################################################################## ############################################################################## * installing to library ‘/home/biocbuild/R/R-4.3.1/site-library’ * installing *source* package ‘paxtoolsr’ ... ** using staged installation ** R ** inst ** byte-compile and prepare package for lazy loading ** help *** installing help indices ** building package indices ** installing vignettes ** testing if installed package can be loaded from temporary location ** testing if installed package can be loaded from final location ** testing if installed package keeps a record of temporary installation path * DONE (paxtoolsr)
paxtoolsr.Rcheck/tests/testthat.Rout.fail
R version 4.3.1 (2023-06-16) -- "Beagle Scouts"
Copyright (C) 2023 The R Foundation for Statistical Computing
Platform: aarch64-unknown-linux-gnu (64-bit)
R is free software and comes with ABSOLUTELY NO WARRANTY.
You are welcome to redistribute it under certain conditions.
Type 'license()' or 'licence()' for distribution details.
R is a collaborative project with many contributors.
Type 'contributors()' for more information and
'citation()' on how to cite R or R packages in publications.
Type 'demo()' for some demos, 'help()' for on-line help, or
'help.start()' for an HTML browser interface to help.
Type 'q()' to quit R.
> library(testthat)
> library(paxtoolsr)
Loading required package: rJava
Loading required package: XML
Consider citing this package: Luna A, et al. PaxtoolsR: pathway analysis in R using Pathway Commons. PMID: 26685306; citation("paxtoolsr")
> 
> test_check("paxtoolsr")
URL:  http://www.pathwaycommons.org/pc2/get?uri=http%3A%2F%2Fidentifiers.org%2Funiprot%2FQ06609&uri=http%3A%2F%2Fidentifiers.org%2Funiprot%2FQ96EB6&format=BIOPAX 
2023-11-02 13:00:42,102 517  [main] INFO  org.biopax.paxtools.PaxtoolsMain  - Collecting proteins for a pathway, the converter will also consider its sub-pathways, their sub-pathways, etc.
2023-11-02 13:00:42,112 527  [pool-1-thread-1] INFO  org.biopax.paxtools.io.gsea.GSEAConverter  - Begin converting Glycolysis Pathway pathway, uri=http://www.biopax.org/examples/myExamplePathway50
2023-11-02 13:00:42,115 530  [pool-1-thread-1] INFO  org.biopax.paxtools.io.gsea.GSEAConverter  - - fetched PRs: 2
2023-11-02 13:00:42,115 530  [pool-1-thread-1] INFO  org.biopax.paxtools.io.gsea.GSEAConverter  - - grouping the PRs by organism...
2023-11-02 13:00:42,122 537  [pool-1-thread-1] INFO  org.biopax.paxtools.io.gsea.GSEAConverter  - - creating GSEA/GMT entries...
2023-11-02 13:00:42,123 538  [pool-2-thread-1] INFO  org.biopax.paxtools.io.gsea.GSEAConverter  - adding uniprot IDs of  proteins (PRs) from 'Glycolysis Pathway', amaze;kegg pathway...
2023-11-02 13:00:42,125 540  [pool-1-thread-1] INFO  org.biopax.paxtools.io.gsea.GSEAConverter  - - collected 1entries.
2023-11-02 13:00:42,125 540  [main] INFO  org.biopax.paxtools.io.gsea.GSEAConverter  - Creating entries for the rest fo (unused) PRs...
2023-11-02 13:00:44,260 2675 [main] INFO  org.biopax.paxtools.client.BiopaxValidatorClient  - BioPAX Validator location: http://biopax.baderlab.org/check.html
2023-11-02 13:00:46,705 5120 [main] INFO  org.biopax.paxtools.client.BiopaxValidatorClient  - BioPAX Validator location: http://biopax.baderlab.org/check.html
2023-11-02 13:00:47,747 6162 [main] INFO  org.biopax.paxtools.PaxtoolsMain  - Elements in the result model: 240
SBGN-PD Layout is running...
success ratio: 0.7142857142857143
enhanced ratio: 0.7857142857142857
Total execution time: 74 miliseconds.
2023-11-02 13:00:48,247 6662 [main] INFO  org.biopax.paxtools.PaxtoolsMain  - toSifnx: not blacklisting ubiquitous molecules (no blacklist.txt found)
2023-11-02 13:00:48,780 7195 [main] INFO  org.biopax.paxtools.PaxtoolsMain  - toSif: not blacklisting ubiquitous molecules (no blacklist.txt found)
2023-11-02 13:00:49,269 7684 [main] INFO  org.biopax.paxtools.PaxtoolsMain  - toSif: not blacklisting ubiquitous molecules (no blacklist.txt found)
[ FAIL 1 | WARN 0 | SKIP 10 | PASS 39 ]
══ Skipped tests (10) ══════════════════════════════════════════════════════════
• On Bioconductor (7): 'test_pathwayCommons.R:38:5',
  'test_pathwayCommons.R:63:5', 'test_pathwayCommons.R:77:5',
  'test_pathwayCommons.R:131:5', 'test_pathwayCommons.R:169:5',
  'test_pathwayCommons.R:185:5', 'test_pathwayCommons.R:260:5'
• empty test (3): 'test_pathwayCommons.R:266:1', 'test_pathwayCommons.R:285:1',
  'test_pathwayCommons.R:286:1'
══ Failed tests ════════════════════════════════════════════════════════════════
── Error ('test_paxtools.R:73:5'): toSBGN ──────────────────────────────────────
<ExceptionInInitializerError/LinkageError/Error/Throwable/Object/Exception/error/condition>
Error in `toSBGN(system.file("extdata", "biopax3-short-metabolic-pathway.owl", 
    package = "paxtoolsr"), outFile)`: java.lang.ExceptionInInitializerError
[ FAIL 1 | WARN 0 | SKIP 10 | PASS 39 ]
Error: Test failures
Execution halted
paxtoolsr.Rcheck/paxtoolsr-Ex.timings
| name | user | system | elapsed | |
| addAttributeList | 0.02 | 0.00 | 0.02 | |
| convertDataFrameListsToVectors | 0.002 | 0.000 | 0.002 | |
| convertSifToGmt | 0.213 | 0.006 | 0.237 | |
| downloadFile | 0.039 | 0.000 | 0.535 | |
| downloadPc2 | 0 | 0 | 0 | |
| downloadSignedPC | 0 | 0 | 0 | |
| fetch | 3.841 | 0.201 | 1.090 | |
| filterSif | 0.383 | 0.075 | 0.164 | |
| getCacheFiles | 0 | 0 | 0 | |
| getErrorMessage | 0.001 | 0.000 | 0.001 | |
| getNeighbors | 0.623 | 0.015 | 0.123 | |
| getPc | 0.001 | 0.000 | 0.001 | |
| getPcDatabaseNames | 0.383 | 0.012 | 3.376 | |
| getPcUrl | 0.000 | 0.000 | 0.001 | |
| getShortestPathSif | 0.025 | 0.008 | 0.034 | |
| getSifInteractionCategories | 0.001 | 0.000 | 0.001 | |
| graphPc | 0 | 0 | 0 | |
| integrateBiopax | 2.125 | 0.091 | 0.567 | |
| loadSifInIgraph | 0.027 | 0.000 | 0.010 | |
| mapValues | 0.001 | 0.000 | 0.000 | |
| mergeBiopax | 0.989 | 0.043 | 0.371 | |
| pcDirections | 0 | 0 | 0 | |
| pcFormats | 0.001 | 0.000 | 0.000 | |
| pcGraphQueries | 0 | 0 | 0 | |
| processPcRequest | 0.009 | 0.004 | 0.006 | |
| readBiopax | 0.002 | 0.000 | 0.003 | |
| readGmt | 0.020 | 0.000 | 0.021 | |
| readPcPathwaysInfo | 57.950 | 0.902 | 58.944 | |
| readSbgn | 0.000 | 0.002 | 0.003 | |
| readSif | 0.005 | 0.005 | 0.009 | |
| readSifnx | 0.016 | 0.004 | 0.020 | |
| searchListOfVectors | 0.001 | 0.000 | 0.001 | |
| searchPc | 0 | 0 | 0 | |
| summarize | 0.075 | 0.004 | 0.058 | |
| summarizeSif | 0.034 | 0.000 | 0.010 | |
| toCytoscape | 0.033 | 0.000 | 0.023 | |
| toGSEA | 0.097 | 0.016 | 0.048 | |
| toLevel3 | 0.242 | 0.004 | 0.063 | |