| Back to Multiple platform build/check report for BioC 3.18: simplified long |
|
This page was generated on 2023-11-02 11:40:57 -0400 (Thu, 02 Nov 2023).
| Hostname | OS | Arch (*) | R version | Installed pkgs |
|---|---|---|---|---|
| nebbiolo2 | Linux (Ubuntu 22.04.2 LTS) | x86_64 | 4.3.1 (2023-06-16) -- "Beagle Scouts" | 4729 |
| palomino4 | Windows Server 2022 Datacenter | x64 | 4.3.1 (2023-06-16 ucrt) -- "Beagle Scouts" | 4463 |
| lconway | macOS 12.6.5 Monterey | x86_64 | 4.3.1 Patched (2023-06-17 r84564) -- "Beagle Scouts" | 4478 |
| kunpeng2 | Linux (openEuler 22.03 LTS-SP1) | aarch64 | 4.3.1 (2023-06-16) -- "Beagle Scouts" | 4464 |
| Click on any hostname to see more info about the system (e.g. compilers) (*) as reported by 'uname -p', except on Windows and Mac OS X | ||||
| Package 1302/2266 | Hostname | OS / Arch | INSTALL | BUILD | CHECK | BUILD BIN | ||||||||
| monaLisa 1.8.0 (landing page) Michael Stadler
| nebbiolo2 | Linux (Ubuntu 22.04.2 LTS) / x86_64 | OK | OK | OK | |||||||||
| palomino4 | Windows Server 2022 Datacenter / x64 | OK | OK | OK | OK | |||||||||
| lconway | macOS 12.6.5 Monterey / x86_64 | OK | OK | OK | OK | |||||||||
| kjohnson1 | macOS 13.6.1 Ventura / arm64 | see weekly results here | ||||||||||||
| kunpeng2 | Linux (openEuler 22.03 LTS-SP1) / aarch64 | OK | OK | ERROR | ||||||||||
|
To the developers/maintainers of the monaLisa package: - Allow up to 24 hours (and sometimes 48 hours) for your latest push to git@git.bioconductor.org:packages/monaLisa.git to reflect on this report. See Troubleshooting Build Report for more information. - Use the following Renviron settings to reproduce errors and warnings. - If 'R CMD check' started to fail recently on the Linux builder(s) over a missing dependency, add the missing dependency to 'Suggests:' in your DESCRIPTION file. See Renviron.bioc for more information. - See Martin Grigorov's blog post for how to debug Linux ARM64 related issues on a x86_64 host. |
| Package: monaLisa |
| Version: 1.8.0 |
| Command: /home/biocbuild/R/R-4.3.1/bin/R CMD check --install=check:monaLisa.install-out.txt --library=/home/biocbuild/R/R-4.3.1/site-library --no-vignettes --timings monaLisa_1.8.0.tar.gz |
| StartedAt: 2023-11-02 12:21:13 -0000 (Thu, 02 Nov 2023) |
| EndedAt: 2023-11-02 12:29:00 -0000 (Thu, 02 Nov 2023) |
| EllapsedTime: 466.4 seconds |
| RetCode: 1 |
| Status: ERROR |
| CheckDir: monaLisa.Rcheck |
| Warnings: NA |
##############################################################################
##############################################################################
###
### Running command:
###
### /home/biocbuild/R/R-4.3.1/bin/R CMD check --install=check:monaLisa.install-out.txt --library=/home/biocbuild/R/R-4.3.1/site-library --no-vignettes --timings monaLisa_1.8.0.tar.gz
###
##############################################################################
##############################################################################
* using log directory ‘/home/biocbuild/bbs-3.18-bioc/meat/monaLisa.Rcheck’
* using R version 4.3.1 (2023-06-16)
* using platform: aarch64-unknown-linux-gnu (64-bit)
* R was compiled by
gcc (GCC) 10.3.1
GNU Fortran (GCC) 10.3.1
* running under: openEuler 22.03 (LTS-SP1)
* using session charset: UTF-8
* using option ‘--no-vignettes’
* checking for file ‘monaLisa/DESCRIPTION’ ... OK
* checking extension type ... Package
* this is package ‘monaLisa’ version ‘1.8.0’
* package encoding: UTF-8
* checking package namespace information ... OK
* checking package dependencies ... OK
* checking if this is a source package ... OK
* checking if there is a namespace ... OK
* checking for hidden files and directories ... OK
* checking for portable file names ... OK
* checking for sufficient/correct file permissions ... OK
* checking whether package ‘monaLisa’ can be installed ... OK
* checking installed package size ... OK
* checking package directory ... OK
* checking ‘build’ directory ... OK
* checking DESCRIPTION meta-information ... OK
* checking top-level files ... OK
* checking for left-over files ... OK
* checking index information ... OK
* checking package subdirectories ... OK
* checking R files for non-ASCII characters ... OK
* checking R files for syntax errors ... OK
* checking whether the package can be loaded ... OK
* checking whether the package can be loaded with stated dependencies ... OK
* checking whether the package can be unloaded cleanly ... OK
* checking whether the namespace can be loaded with stated dependencies ... OK
* checking whether the namespace can be unloaded cleanly ... OK
* checking loading without being on the library search path ... OK
* checking dependencies in R code ... OK
* checking S3 generic/method consistency ... OK
* checking replacement functions ... OK
* checking foreign function calls ... OK
* checking R code for possible problems ... OK
* checking Rd files ... OK
* checking Rd metadata ... OK
* checking Rd cross-references ... OK
* checking for missing documentation entries ... OK
* checking for code/documentation mismatches ... OK
* checking Rd \usage sections ... OK
* checking Rd contents ... OK
* checking for unstated dependencies in examples ... OK
* checking files in ‘vignettes’ ... OK
* checking examples ... ERROR
Running examples in ‘monaLisa-Ex.R’ failed
The error most likely occurred in:
> base::assign(".ptime", proc.time(), pos = "CheckExEnv")
> ### Name: plotSelectionProb
> ### Title: Plot selection probabilities of predictors
> ### Aliases: plotSelectionProb
>
> ### ** Examples
>
> ## create data set
> Y <- rnorm(n = 500, mean = 2, sd = 1)
> X <- matrix(data = NA, nrow = length(Y), ncol = 50)
> for (i in seq_len(ncol(X))) {
+ X[ ,i] <- runif(n = 500, min = 0, max = 3)
+ }
> s_cols <- sample(x = seq_len(ncol(X)), size = 10,
+ replace = FALSE)
> for (i in seq_along(s_cols)) {
+ X[ ,s_cols[i]] <- X[ ,s_cols[i]] + Y
+ }
>
> ## reproducible randLassoStabSel() with 1 core
> set.seed(123)
> ss <- randLassoStabSel(x = X, y = Y)
* checking for unstated dependencies in ‘tests’ ... OK
* checking tests ...
Running ‘testthat.R’
OK
* checking for unstated dependencies in vignettes ... OK
* checking package vignettes in ‘inst/doc’ ... OK
* checking running R code from vignettes ... SKIPPED
* checking re-building of vignette outputs ... SKIPPED
* checking PDF version of manual ... OK
* DONE
Status: 1 ERROR
See
‘/home/biocbuild/bbs-3.18-bioc/meat/monaLisa.Rcheck/00check.log’
for details.
monaLisa.Rcheck/00install.out
############################################################################## ############################################################################## ### ### Running command: ### ### /home/biocbuild/R/R-4.3.1/bin/R CMD INSTALL monaLisa ### ############################################################################## ############################################################################## * installing to library ‘/home/biocbuild/R/R-4.3.1/site-library’ * installing *source* package ‘monaLisa’ ... ** using staged installation ** R ** inst ** byte-compile and prepare package for lazy loading ** help *** installing help indices *** copying figures ** building package indices ** installing vignettes ** testing if installed package can be loaded from temporary location ** testing if installed package can be loaded from final location ** testing if installed package keeps a record of temporary installation path * DONE (monaLisa)
monaLisa.Rcheck/tests/testthat.Rout
R version 4.3.1 (2023-06-16) -- "Beagle Scouts"
Copyright (C) 2023 The R Foundation for Statistical Computing
Platform: aarch64-unknown-linux-gnu (64-bit)
R is free software and comes with ABSOLUTELY NO WARRANTY.
You are welcome to redistribute it under certain conditions.
Type 'license()' or 'licence()' for distribution details.
R is a collaborative project with many contributors.
Type 'contributors()' for more information and
'citation()' on how to cite R or R packages in publications.
Type 'demo()' for some demos, 'help()' for on-line help, or
'help.start()' for an HTML browser interface to help.
Type 'q()' to quit R.
> library(testthat)
> library(monaLisa)
>
> test_check("monaLisa")
[ FAIL 0 | WARN 0 | SKIP 1 | PASS 537 ]
══ Skipped tests (1) ═══════════════════════════════════════════════════════════
• empty test (1): 'test_Homer.R:116:1'
[ FAIL 0 | WARN 0 | SKIP 1 | PASS 537 ]
>
> proc.time()
user system elapsed
64.191 5.908 69.074
monaLisa.Rcheck/monaLisa-Ex.timings
| name | user | system | elapsed | |
| annoSeqlogo | 0.328 | 0.087 | 0.437 | |
| bin | 0.008 | 0.000 | 0.009 | |
| calcBinnedKmerEnr | 2.036 | 0.356 | 2.396 | |
| calcBinnedMotifEnrHomer | 0.000 | 0.006 | 0.010 | |
| calcBinnedMotifEnrR | 0.903 | 0.089 | 0.993 | |
| dumpJaspar | 0.032 | 0.009 | 0.046 | |
| findHomer | 0.000 | 0.004 | 0.004 | |
| findMotifHits-methods | 0.382 | 0.019 | 0.404 | |
| getColsByBin | 0.005 | 0.000 | 0.013 | |
| getKmerFreq | 0.040 | 0.000 | 0.041 | |
| getSetZeroBin | 0.002 | 0.000 | 0.003 | |
| homerToPFMatrixList | 0.070 | 0.009 | 0.096 | |
| motifKmerSimilarity | 0.025 | 0.004 | 0.029 | |
| motifSimilarity | 0.012 | 0.000 | 0.013 | |
| parseHomerOutput | 0.006 | 0.008 | 0.015 | |
| plotBinDensity | 0.012 | 0.004 | 0.020 | |
| plotBinDiagnostics | 0.824 | 0.016 | 0.860 | |
| plotBinHist | 0.009 | 0.000 | 0.009 | |
| plotBinScatter | 0.007 | 0.000 | 0.008 | |
| plotMotifHeatmaps | 6.222 | 0.203 | 6.440 | |