| Back to Multiple platform build/check report for BioC 3.18: simplified long |
|
This page was generated on 2023-11-02 11:40:55 -0400 (Thu, 02 Nov 2023).
| Hostname | OS | Arch (*) | R version | Installed pkgs |
|---|---|---|---|---|
| nebbiolo2 | Linux (Ubuntu 22.04.2 LTS) | x86_64 | 4.3.1 (2023-06-16) -- "Beagle Scouts" | 4729 |
| palomino4 | Windows Server 2022 Datacenter | x64 | 4.3.1 (2023-06-16 ucrt) -- "Beagle Scouts" | 4463 |
| lconway | macOS 12.6.5 Monterey | x86_64 | 4.3.1 Patched (2023-06-17 r84564) -- "Beagle Scouts" | 4478 |
| kunpeng2 | Linux (openEuler 22.03 LTS-SP1) | aarch64 | 4.3.1 (2023-06-16) -- "Beagle Scouts" | 4464 |
| Click on any hostname to see more info about the system (e.g. compilers) (*) as reported by 'uname -p', except on Windows and Mac OS X | ||||
| Package 1214/2266 | Hostname | OS / Arch | INSTALL | BUILD | CHECK | BUILD BIN | ||||||||
| metaseqR2 1.14.0 (landing page) Panagiotis Moulos
| nebbiolo2 | Linux (Ubuntu 22.04.2 LTS) / x86_64 | OK | OK | OK | |||||||||
| palomino4 | Windows Server 2022 Datacenter / x64 | OK | OK | OK | OK | |||||||||
| lconway | macOS 12.6.5 Monterey / x86_64 | OK | OK | OK | OK | |||||||||
| kjohnson1 | macOS 13.6.1 Ventura / arm64 | see weekly results here | ||||||||||||
| kunpeng2 | Linux (openEuler 22.03 LTS-SP1) / aarch64 | OK | OK | ERROR | ||||||||||
|
To the developers/maintainers of the metaseqR2 package: - Allow up to 24 hours (and sometimes 48 hours) for your latest push to git@git.bioconductor.org:packages/metaseqR2.git to reflect on this report. See Troubleshooting Build Report for more information. - Use the following Renviron settings to reproduce errors and warnings. - If 'R CMD check' started to fail recently on the Linux builder(s) over a missing dependency, add the missing dependency to 'Suggests:' in your DESCRIPTION file. See Renviron.bioc for more information. - See Martin Grigorov's blog post for how to debug Linux ARM64 related issues on a x86_64 host. |
| Package: metaseqR2 |
| Version: 1.14.0 |
| Command: /home/biocbuild/R/R-4.3.1/bin/R CMD check --install=check:metaseqR2.install-out.txt --library=/home/biocbuild/R/R-4.3.1/site-library --no-vignettes --timings metaseqR2_1.14.0.tar.gz |
| StartedAt: 2023-11-02 12:00:06 -0000 (Thu, 02 Nov 2023) |
| EndedAt: 2023-11-02 12:10:04 -0000 (Thu, 02 Nov 2023) |
| EllapsedTime: 598.0 seconds |
| RetCode: 1 |
| Status: ERROR |
| CheckDir: metaseqR2.Rcheck |
| Warnings: NA |
##############################################################################
##############################################################################
###
### Running command:
###
### /home/biocbuild/R/R-4.3.1/bin/R CMD check --install=check:metaseqR2.install-out.txt --library=/home/biocbuild/R/R-4.3.1/site-library --no-vignettes --timings metaseqR2_1.14.0.tar.gz
###
##############################################################################
##############################################################################
* using log directory ‘/home/biocbuild/bbs-3.18-bioc/meat/metaseqR2.Rcheck’
* using R version 4.3.1 (2023-06-16)
* using platform: aarch64-unknown-linux-gnu (64-bit)
* R was compiled by
gcc (GCC) 10.3.1
GNU Fortran (GCC) 10.3.1
* running under: openEuler 22.03 (LTS-SP1)
* using session charset: UTF-8
* using option ‘--no-vignettes’
* checking for file ‘metaseqR2/DESCRIPTION’ ... OK
* checking extension type ... Package
* this is package ‘metaseqR2’ version ‘1.14.0’
* package encoding: UTF-8
* checking package namespace information ... OK
* checking package dependencies ... OK
* checking if this is a source package ... OK
* checking if there is a namespace ... OK
* checking for hidden files and directories ... OK
* checking for portable file names ... OK
* checking for sufficient/correct file permissions ... OK
* checking whether package ‘metaseqR2’ can be installed ... OK
* used C compiler: ‘gcc (GCC) 10.3.1’
* checking installed package size ... OK
* checking package directory ... OK
* checking ‘build’ directory ... OK
* checking DESCRIPTION meta-information ... OK
* checking top-level files ... OK
* checking for left-over files ... OK
* checking index information ... OK
* checking package subdirectories ... OK
* checking R files for non-ASCII characters ... OK
* checking R files for syntax errors ... OK
* checking whether the package can be loaded ... OK
* checking whether the package can be loaded with stated dependencies ... OK
* checking whether the package can be unloaded cleanly ... OK
* checking whether the namespace can be loaded with stated dependencies ... OK
* checking whether the namespace can be unloaded cleanly ... OK
* checking loading without being on the library search path ... OK
* checking dependencies in R code ... OK
* checking S3 generic/method consistency ... OK
* checking replacement functions ... OK
* checking foreign function calls ... OK
* checking R code for possible problems ... NOTE
getUcscUtr: no visible binding for global variable ‘customDir’
Undefined global functions or variables:
customDir
* checking Rd files ... OK
* checking Rd metadata ... OK
* checking Rd cross-references ... OK
* checking for missing documentation entries ... OK
* checking for code/documentation mismatches ... OK
* checking Rd \usage sections ... OK
* checking Rd contents ... OK
* checking for unstated dependencies in examples ... OK
* checking contents of ‘data’ directory ... OK
* checking data for non-ASCII characters ... OK
* checking data for ASCII and uncompressed saves ... OK
* checking line endings in C/C++/Fortran sources/headers ... OK
* checking compiled code ... NOTE
Note: information on .o files is not available
* checking files in ‘vignettes’ ... OK
* checking examples ... ERROR
Running examples in ‘metaseqR2-Ex.R’ failed
The error most likely occurred in:
> base::assign(".ptime", proc.time(), pos = "CheckExEnv")
> ### Name: diagplotBoxplot
> ### Title: Boxplots wrapper for the metaseqR2 package
> ### Aliases: diagplotBoxplot
>
> ### ** Examples
>
> # Non-normalized boxplot
> require(DESeq2)
> dataMatrix <- metaseqR2:::exampleCountData(2000)
> sampleList <- list(A=c("A1","A2"),B=c("B1","B2","B3"))
> diagplotBoxplot(dataMatrix,sampleList)
dev.new(): using pdf(file="Rplots1.pdf")
[1] "/home/biocbuild/bbs-3.18-bioc/meat/metaseqR2.Rcheck/boxplot_raw.x11"
>
> # Normalized boxplot
> normArgs <- getDefaults("normalization","deseq2")
> object <- normalizeDeseq2(dataMatrix,sampleList,normArgs)
Warning: Using formula(x) is deprecated when x is a character vector of length > 1.
Consider formula(paste(x, collapse = " ")) instead.
converting counts to integer mode
* checking for unstated dependencies in ‘tests’ ... OK
* checking tests ...
Running ‘runTests.R’/home/biocbuild/R/R-4.3.1/bin/BATCH: line 60: 1492216 Killed ${R_HOME}/bin/R -f ${in} ${opts} ${R_BATCH_OPTIONS} > ${out} 2>&1
ERROR
Running the tests in ‘tests/runTests.R’ failed.
Last 13 lines of output:
downloaded 276 KB
trying URL 'https://code.highcharts.com/highcharts-more.js'
downloaded 94 KB
trying URL 'https://code.highcharts.com/modules/exporting.js'
downloaded 18 KB
trying URL 'https://code.highcharts.com/modules/offline-exporting.js'
downloaded 9688 bytes
trying URL 'https://code.highcharts.com/modules/export-data.js'
downloaded 11 KB
trying URL 'http://jvenn.toulouse.inrae.fr/app/js/canvas2svg.js'
* checking for unstated dependencies in vignettes ... OK
* checking package vignettes in ‘inst/doc’ ... OK
* checking running R code from vignettes ... SKIPPED
* checking re-building of vignette outputs ... SKIPPED
* checking PDF version of manual ... OK
* DONE
Status: 2 ERRORs, 2 NOTEs
See
‘/home/biocbuild/bbs-3.18-bioc/meat/metaseqR2.Rcheck/00check.log’
for details.
metaseqR2.Rcheck/00install.out
##############################################################################
##############################################################################
###
### Running command:
###
### /home/biocbuild/R/R-4.3.1/bin/R CMD INSTALL metaseqR2
###
##############################################################################
##############################################################################
* installing to library ‘/home/biocbuild/R/R-4.3.1/site-library’
* installing *source* package ‘metaseqR2’ ...
** using staged installation
** libs
using C compiler: ‘gcc (GCC) 10.3.1’
gcc -I"/home/biocbuild/R/R-4.3.1/include" -DNDEBUG -I/usr/local/include -fPIC -g -O2 -Wall -c pval.c -o pval.o
pval.c: In function ‘add_from_both_sides’:
pval.c:26:11: warning: unused variable ‘esttotalperlength’ [-Wunused-variable]
26 | double esttotalperlength = total/2;
| ^~~~~~~~~~~~~~~~~
gcc -shared -L/home/biocbuild/R/R-4.3.1/lib -L/usr/local/lib -o metaseqR2.so pval.o -L/home/biocbuild/R/R-4.3.1/lib -lR
installing to /home/biocbuild/R/R-4.3.1/site-library/00LOCK-metaseqR2/00new/metaseqR2/libs
** R
** data
** inst
** byte-compile and prepare package for lazy loading
** help
*** installing help indices
** building package indices
** installing vignettes
** testing if installed package can be loaded from temporary location
** checking absolute paths in shared objects and dynamic libraries
** testing if installed package can be loaded from final location
** testing if installed package keeps a record of temporary installation path
* DONE (metaseqR2)
metaseqR2.Rcheck/tests/runTests.Rout.fail
R version 4.3.1 (2023-06-16) -- "Beagle Scouts"
Copyright (C) 2023 The R Foundation for Statistical Computing
Platform: aarch64-unknown-linux-gnu (64-bit)
R is free software and comes with ABSOLUTELY NO WARRANTY.
You are welcome to redistribute it under certain conditions.
Type 'license()' or 'licence()' for distribution details.
R is a collaborative project with many contributors.
Type 'contributors()' for more information and
'citation()' on how to cite R or R packages in publications.
Type 'demo()' for some demos, 'help()' for on-line help, or
'help.start()' for an HTML browser interface to help.
Type 'q()' to quit R.
> BiocGenerics:::testPackage("metaseqR2")
Attaching package: 'BiocGenerics'
The following objects are masked from 'package:stats':
IQR, mad, sd, var, xtabs
The following objects are masked from 'package:base':
Filter, Find, Map, Position, Reduce, anyDuplicated, aperm, append,
as.data.frame, basename, cbind, colnames, dirname, do.call,
duplicated, eval, evalq, get, grep, grepl, intersect, is.unsorted,
lapply, mapply, match, mget, order, paste, pmax, pmax.int, pmin,
pmin.int, rank, rbind, rownames, sapply, setdiff, sort, table,
tapply, union, unique, unsplit, which.max, which.min
Attaching package: 'S4Vectors'
The following object is masked from 'package:utils':
findMatches
The following objects are masked from 'package:base':
I, expand.grid, unname
Attaching package: 'MatrixGenerics'
The following objects are masked from 'package:matrixStats':
colAlls, colAnyNAs, colAnys, colAvgsPerRowSet, colCollapse,
colCounts, colCummaxs, colCummins, colCumprods, colCumsums,
colDiffs, colIQRDiffs, colIQRs, colLogSumExps, colMadDiffs,
colMads, colMaxs, colMeans2, colMedians, colMins, colOrderStats,
colProds, colQuantiles, colRanges, colRanks, colSdDiffs, colSds,
colSums2, colTabulates, colVarDiffs, colVars, colWeightedMads,
colWeightedMeans, colWeightedMedians, colWeightedSds,
colWeightedVars, rowAlls, rowAnyNAs, rowAnys, rowAvgsPerColSet,
rowCollapse, rowCounts, rowCummaxs, rowCummins, rowCumprods,
rowCumsums, rowDiffs, rowIQRDiffs, rowIQRs, rowLogSumExps,
rowMadDiffs, rowMads, rowMaxs, rowMeans2, rowMedians, rowMins,
rowOrderStats, rowProds, rowQuantiles, rowRanges, rowRanks,
rowSdDiffs, rowSds, rowSums2, rowTabulates, rowVarDiffs, rowVars,
rowWeightedMads, rowWeightedMeans, rowWeightedMedians,
rowWeightedSds, rowWeightedVars
Welcome to Bioconductor
Vignettes contain introductory material; view with
'browseVignettes()'. To cite Bioconductor, see
'citation("Biobase")', and for packages 'citation("pkgname")'.
Attaching package: 'Biobase'
The following object is masked from 'package:MatrixGenerics':
rowMedians
The following objects are masked from 'package:matrixStats':
anyMissing, rowMedians
Attaching package: 'limma'
The following object is masked from 'package:DESeq2':
plotMA
The following object is masked from 'package:BiocGenerics':
plotMA
locfit 1.5-9.8 2023-06-11
Attaching package: 'metaseqR2'
The following object is masked from 'package:limma':
readTargets
Downsampling counts...
Estimating initial dispersion population...
Estimating dispersions using log-likelihood...
Running simulations... This procedure requires time... Please wait...Using Ensembl host https://nov2020.archive.ensembl.org
2023-11-02 12:09:47: Data processing started...
Read counts file: imported custom data frame
Conditions: G1, G2
Samples to include: G1_rep1, G1_rep2, G1_rep3, G2_rep1, G2_rep2, G2_rep3
Samples to exclude: none
Requested contrasts: G1_vs_G2
Annotation: embedded
Organism: mm10
Reference source: ensembl
Count type: gene
Analysis preset: all_basic
Transcriptional level: gene
Exon filters: none applied
Gene filters: none applied
Filter application: postnorm
Normalization algorithm: edaseq
Normalization arguments:
within.which: loess
between.which: full
Statistical algorithm(s): edger, limma
Statistical arguments:
edger: classic, 5, 10, movingave, NULL, grid, 11, c(-6, 6), NULL, CoxReid, 10000, NULL, auto, NULL, NULL, NULL, NULL, 0.125, NULL, auto, chisq, TRUE, FALSE, c(0.05, 0.1)
limma: none
Meta-analysis method: simes
Multiple testing correction: BH
Logarithmic transformation offset: 1
Analysis preset: all_basic
Quality control plots:
Figure format: png
Output directory: /home/biocbuild/tmp/Rtmpeqykvk
Output data: annotation, p_value, adj_p_value, meta_p_value, adj_meta_p_value, fold_change
Output scale(s): natural, log2
Output values: normalized
Loading gene annotation...
Saving gene model to /home/biocbuild/tmp/Rtmpeqykvk/data/gene_model.RData
Removing genes with zero counts in all samples...
Normalizing with: edaseq
Running statistical tests with: edger
Contrast: G1_vs_G2
Running statistical tests with: limma
Contrast: G1_vs_G2
Performing meta-analysis with simes
Building output files...
Contrast: G1_vs_G2
Adding non-filtered data...
binding annotation...
binding p-values...
binding FDRs...
binding meta p-values...
binding adjusted meta p-values...
binding natural normalized fold changes...
binding log2 normalized fold changes...
Writing output...
2023-11-02 12:09:47: Data processing finished!
Total processing time: 00 seconds
Estimating AUFC weights... Please wait...
Processing edger
Processing limma
Retrieving edger
Retrieving limma
2023-11-02 12:09:50: Data processing started...
Read counts file: imported custom data frame
Conditions: e14.5, adult_8_weeks
Samples to include: e14.5_1, e14.5_2, a8w_1, a8w_2
Samples to exclude: none
Requested contrasts: adult_8_weeks_vs_e14.5
Library sizes:
e14.5_1: 3102907
e14.5_2: 2067905
a8w_1: 3742059
a8w_2: 4403954
Annotation: embedded
Organism: mm9
Reference source: ensembl
Count type: gene
Analysis preset: medium_basic
Transcriptional level: gene
Exon filters: minActiveExons
minActiveExons:
exonsPerGene: 5
minExons: 2
frac: 0.2
Gene filters: length, avgReads, expression, biotype
length:
length: 500
avgReads:
averagePerBp: 100
quantile: 0.25
expression:
median: TRUE
mean: FALSE
quantile: NA
known: NA
custom: NA
biotype:
pseudogene: FALSE
snRNA: FALSE
protein_coding: FALSE
antisense: FALSE
miRNA: FALSE
lincRNA: FALSE
snoRNA: FALSE
processed_transcript: FALSE
misc_RNA: FALSE
rRNA: TRUE
sense_overlapping: FALSE
sense_intronic: FALSE
polymorphic_pseudogene: FALSE
non_coding: FALSE
three_prime_overlapping_ncrna: FALSE
IG_C_gene: FALSE
IG_J_gene: FALSE
IG_D_gene: FALSE
IG_V_gene: FALSE
ncrna_host: FALSE
Filter application: postnorm
Normalization algorithm: edger
Normalization arguments:
method: TMM
logratioTrim: 0.3
sumTrim: 0.05
doWeighting: TRUE
Acutoff: -1e+10
p: 0.75
Statistical algorithm(s): edger, limma
Statistical arguments:
edger: classic, 5, 10, movingave, NULL, grid, 11, c(-6, 6), NULL, CoxReid, 10000, NULL, auto, NULL, NULL, NULL, NULL, 0.125, NULL, auto, chisq, TRUE, FALSE, c(0.05, 0.1)
limma: none
Meta-analysis method: simes
Multiple testing correction: BH
p-value threshold: 0.05
Logarithmic transformation offset: 1
Analysis preset: medium_basic
Quality control plots: mds
Figure format: png
Output directory: /home/biocbuild/tmp/Rtmpeqykvk
Output data: annotation, p_value, adj_p_value, meta_p_value, adj_meta_p_value, fold_change
Output scale(s): natural, log2
Output values: normalized
Loading gene annotation...
Saving gene model to /home/biocbuild/tmp/Rtmpeqykvk/data/gene_model.RData
Removing genes with zero counts in all samples...
Normalizing with: edger
Applying gene filter length...
Threshold below which ignored: 500
Applying gene filter avgReads...
Threshold below which ignored: 0.0659629215631332
Applying gene filter expression...
Threshold below which ignored: 68
Applying gene filter biotype...
Biotypes ignored: rRNA
2106 genes filtered out
1681 genes remain after filtering
Running statistical tests with: edger
Contrast: adult_8_weeks_vs_e14.5
Contrast adult_8_weeks_vs_e14.5: found 906 genes
Running statistical tests with: limma
Contrast: adult_8_weeks_vs_e14.5
Contrast adult_8_weeks_vs_e14.5: found 911 genes
Performing meta-analysis with simes
Building output files...
Contrast: adult_8_weeks_vs_e14.5
Adding non-filtered data...
binding annotation...
binding p-values...
binding FDRs...
binding meta p-values...
binding adjusted meta p-values...
binding natural normalized fold changes...
binding log2 normalized fold changes...
Writing output...
Adding filtered data...
binding annotation...
binding p-values...
binding FDRs...
binding meta p-values...
binding adjusted meta p-values...
binding natural normalized fold changes...
binding log2 normalized fold changes...
Writing output...
Adding report data...
binding annotation...
binding meta p-values...
binding adjusted meta p-values...
binding log2 normalized fold changes...
binding normalized mean counts...
binding normalized mean counts...
Creating quality control graphs...
Plotting in png format...
Plotting mds...
Importing mds...
Writing plot database in /home/biocbuild/tmp/Rtmpeqykvk/data/reportdb.js
Creating HTML report...
Compressing figures... adding: home/biocbuild/tmp/Rtmpeqykvk/plots/qc/mds.png (deflated 46%)
Downloading required JavaScript libraries...trying URL 'https://raw.github.com/HubSpot/pace/v1.0.0/pace.min.js'
Content type 'text/plain; charset=utf-8' length 12363 bytes (12 KB)
==================================================
downloaded 12 KB
trying URL 'https://code.highcharts.com/highcharts.js'
downloaded 276 KB
trying URL 'https://code.highcharts.com/highcharts-more.js'
downloaded 94 KB
trying URL 'https://code.highcharts.com/modules/exporting.js'
downloaded 18 KB
trying URL 'https://code.highcharts.com/modules/offline-exporting.js'
downloaded 9688 bytes
trying URL 'https://code.highcharts.com/modules/export-data.js'
downloaded 11 KB
trying URL 'http://jvenn.toulouse.inrae.fr/app/js/canvas2svg.js'
metaseqR2.Rcheck/metaseqR2-Ex.timings
| name | user | system | elapsed | |
| buildAnnotationDatabase | 0.000 | 0.000 | 0.001 | |
| buildCustomAnnotation | 5.248 | 0.210 | 5.480 | |
| combineBonferroni | 0.000 | 0.000 | 0.002 | |
| combineHarmonic | 0.002 | 0.000 | 0.006 | |
| combineMaxp | 0.001 | 0.000 | 0.001 | |
| combineMinp | 0 | 0 | 0 | |
| combineSimes | 0.001 | 0.000 | 0.001 | |
| combineWeight | 0.000 | 0.000 | 0.001 | |
| createSignalTracks | 1.520 | 0.064 | 1.592 | |
| diagplotAvgFtd | 0.068 | 0.000 | 0.073 | |