| Back to Multiple platform build/check report for BioC 3.18: simplified long |
|
This page was generated on 2023-11-02 11:40:54 -0400 (Thu, 02 Nov 2023).
| Hostname | OS | Arch (*) | R version | Installed pkgs |
|---|---|---|---|---|
| nebbiolo2 | Linux (Ubuntu 22.04.2 LTS) | x86_64 | 4.3.1 (2023-06-16) -- "Beagle Scouts" | 4729 |
| palomino4 | Windows Server 2022 Datacenter | x64 | 4.3.1 (2023-06-16 ucrt) -- "Beagle Scouts" | 4463 |
| lconway | macOS 12.6.5 Monterey | x86_64 | 4.3.1 Patched (2023-06-17 r84564) -- "Beagle Scouts" | 4478 |
| kunpeng2 | Linux (openEuler 22.03 LTS-SP1) | aarch64 | 4.3.1 (2023-06-16) -- "Beagle Scouts" | 4464 |
| Click on any hostname to see more info about the system (e.g. compilers) (*) as reported by 'uname -p', except on Windows and Mac OS X | ||||
| Package 1205/2266 | Hostname | OS / Arch | INSTALL | BUILD | CHECK | BUILD BIN | ||||||||
| metagene2 1.18.0 (landing page) Eric Fournier
| nebbiolo2 | Linux (Ubuntu 22.04.2 LTS) / x86_64 | OK | OK | WARNINGS | |||||||||
| palomino4 | Windows Server 2022 Datacenter / x64 | OK | OK | WARNINGS | OK | |||||||||
| lconway | macOS 12.6.5 Monterey / x86_64 | OK | OK | WARNINGS | OK | |||||||||
| kjohnson1 | macOS 13.6.1 Ventura / arm64 | see weekly results here | ||||||||||||
| kunpeng2 | Linux (openEuler 22.03 LTS-SP1) / aarch64 | OK | OK | WARNINGS | ||||||||||
|
To the developers/maintainers of the metagene2 package: - Allow up to 24 hours (and sometimes 48 hours) for your latest push to git@git.bioconductor.org:packages/metagene2.git to reflect on this report. See Troubleshooting Build Report for more information. - Use the following Renviron settings to reproduce errors and warnings. - If 'R CMD check' started to fail recently on the Linux builder(s) over a missing dependency, add the missing dependency to 'Suggests:' in your DESCRIPTION file. See Renviron.bioc for more information. - See Martin Grigorov's blog post for how to debug Linux ARM64 related issues on a x86_64 host. |
| Package: metagene2 |
| Version: 1.18.0 |
| Command: /home/biocbuild/R/R-4.3.1/bin/R CMD check --install=check:metagene2.install-out.txt --library=/home/biocbuild/R/R-4.3.1/site-library --no-vignettes --timings metagene2_1.18.0.tar.gz |
| StartedAt: 2023-11-02 11:58:19 -0000 (Thu, 02 Nov 2023) |
| EndedAt: 2023-11-02 12:05:24 -0000 (Thu, 02 Nov 2023) |
| EllapsedTime: 425.2 seconds |
| RetCode: 0 |
| Status: WARNINGS |
| CheckDir: metagene2.Rcheck |
| Warnings: 1 |
##############################################################################
##############################################################################
###
### Running command:
###
### /home/biocbuild/R/R-4.3.1/bin/R CMD check --install=check:metagene2.install-out.txt --library=/home/biocbuild/R/R-4.3.1/site-library --no-vignettes --timings metagene2_1.18.0.tar.gz
###
##############################################################################
##############################################################################
* using log directory ‘/home/biocbuild/bbs-3.18-bioc/meat/metagene2.Rcheck’
* using R version 4.3.1 (2023-06-16)
* using platform: aarch64-unknown-linux-gnu (64-bit)
* R was compiled by
gcc (GCC) 10.3.1
GNU Fortran (GCC) 10.3.1
* running under: openEuler 22.03 (LTS-SP1)
* using session charset: UTF-8
* using option ‘--no-vignettes’
* checking for file ‘metagene2/DESCRIPTION’ ... OK
* this is package ‘metagene2’ version ‘1.18.0’
* checking package namespace information ... OK
* checking package dependencies ... OK
* checking if this is a source package ... OK
* checking if there is a namespace ... OK
* checking for hidden files and directories ... OK
* checking for portable file names ... OK
* checking for sufficient/correct file permissions ... OK
* checking whether package ‘metagene2’ can be installed ... OK
* checking installed package size ... OK
* checking package directory ... OK
* checking ‘build’ directory ... OK
* checking DESCRIPTION meta-information ... OK
* checking top-level files ... OK
* checking for left-over files ... OK
* checking index information ... OK
* checking package subdirectories ... OK
* checking R files for non-ASCII characters ... OK
* checking R files for syntax errors ... OK
* checking whether the package can be loaded ... OK
* checking whether the package can be loaded with stated dependencies ... OK
* checking whether the package can be unloaded cleanly ... OK
* checking whether the namespace can be loaded with stated dependencies ... OK
* checking whether the namespace can be unloaded cleanly ... OK
* checking loading without being on the library search path ... OK
* checking dependencies in R code ... OK
* checking S3 generic/method consistency ... OK
* checking replacement functions ... OK
* checking foreign function calls ... OK
* checking R code for possible problems ... OK
* checking Rd files ... WARNING
checkRd: (5) Bam_Handler.Rd:20: \item in \describe must have non-empty label
checkRd: (5) Bam_Handler.Rd:40: \item in \describe must have non-empty label
checkRd: (5) Bam_Handler.Rd:44: \item in \describe must have non-empty label
checkRd: (5) Bam_Handler.Rd:48: \item in \describe must have non-empty label
checkRd: (5) Bam_Handler.Rd:52: \item in \describe must have non-empty label
checkRd: (5) Bam_Handler.Rd:56: \item in \describe must have non-empty label
checkRd: (5) Bam_Handler.Rd:59-60: \item in \describe must have non-empty label
checkRd: (5) Bam_Handler.Rd:69-70: \item in \describe must have non-empty label
checkRd: (5) metagene2.Rd:451: \item in \describe must have non-empty label
checkRd: (5) metagene2.Rd:456: \item in \describe must have non-empty label
checkRd: (5) metagene2.Rd:461: \item in \describe must have non-empty label
checkRd: (5) metagene2.Rd:466: \item in \describe must have non-empty label
checkRd: (5) metagene2.Rd:475: \item in \describe must have non-empty label
checkRd: (5) metagene2.Rd:480: \item in \describe must have non-empty label
checkRd: (5) metagene2.Rd:485: \item in \describe must have non-empty label
* checking Rd metadata ... OK
* checking Rd cross-references ... OK
* checking for missing documentation entries ... OK
* checking for code/documentation mismatches ... OK
* checking Rd \usage sections ... OK
* checking Rd contents ... OK
* checking for unstated dependencies in examples ... OK
* checking line endings in Makefiles ... OK
* checking for GNU extensions in Makefiles ... OK
* checking include directives in Makefiles ... OK
* checking files in ‘vignettes’ ... OK
* checking examples ... OK
Examples with CPU (user + system) or elapsed time > 5s
user system elapsed
plot_metagene 8.183 0.128 8.33
* checking for unstated dependencies in ‘tests’ ... OK
* checking tests ...
Running ‘runTests.R’
OK
* checking for unstated dependencies in vignettes ... OK
* checking package vignettes in ‘inst/doc’ ... OK
* checking running R code from vignettes ... SKIPPED
* checking re-building of vignette outputs ... SKIPPED
* checking PDF version of manual ... OK
* DONE
Status: 1 WARNING
See
‘/home/biocbuild/bbs-3.18-bioc/meat/metagene2.Rcheck/00check.log’
for details.
metagene2.Rcheck/00install.out
############################################################################## ############################################################################## ### ### Running command: ### ### /home/biocbuild/R/R-4.3.1/bin/R CMD INSTALL metagene2 ### ############################################################################## ############################################################################## * installing to library ‘/home/biocbuild/R/R-4.3.1/site-library’ * installing *source* package ‘metagene2’ ... ** using staged installation ** R ** inst ** byte-compile and prepare package for lazy loading ** help *** installing help indices ** building package indices ** installing vignettes ** testing if installed package can be loaded from temporary location ** testing if installed package can be loaded from final location ** testing if installed package keeps a record of temporary installation path * DONE (metagene2)
metagene2.Rcheck/tests/runTests.Rout
R version 4.3.1 (2023-06-16) -- "Beagle Scouts"
Copyright (C) 2023 The R Foundation for Statistical Computing
Platform: aarch64-unknown-linux-gnu (64-bit)
R is free software and comes with ABSOLUTELY NO WARRANTY.
You are welcome to redistribute it under certain conditions.
Type 'license()' or 'licence()' for distribution details.
R is a collaborative project with many contributors.
Type 'contributors()' for more information and
'citation()' on how to cite R or R packages in publications.
Type 'demo()' for some demos, 'help()' for on-line help, or
'help.start()' for an HTML browser interface to help.
Type 'q()' to quit R.
> ## Run all tests in the metagene package
> BiocGenerics:::testPackage("metagene2")
Attaching package: 'BiocGenerics'
The following objects are masked from 'package:stats':
IQR, mad, sd, var, xtabs
The following objects are masked from 'package:base':
Filter, Find, Map, Position, Reduce, anyDuplicated, aperm, append,
as.data.frame, basename, cbind, colnames, dirname, do.call,
duplicated, eval, evalq, get, grep, grepl, intersect, is.unsorted,
lapply, mapply, match, mget, order, paste, pmax, pmax.int, pmin,
pmin.int, rank, rbind, rownames, sapply, setdiff, sort, table,
tapply, union, unique, unsplit, which.max, which.min
Attaching package: 'S4Vectors'
The following object is masked from 'package:utils':
findMatches
The following objects are masked from 'package:base':
I, expand.grid, unname
region_name is missing from the new metadata. Recreating it.
region_name is missing from the new metadata. Recreating it.
region_name is missing from the new metadata. Recreating it.
Replace region_metadata with metadata which would result in a different region split. All caches at the 'split_regions' step will be invalidated, and split_by will be reset to its default value.
RUNIT TEST PROTOCOL -- Thu Nov 2 12:05:22 2023
***********************************************
Number of test functions: 128
Number of errors: 0
Number of failures: 0
1 Test Suite :
metagene2 RUnit Tests - 128 test functions, 0 errors, 0 failures
Number of test functions: 128
Number of errors: 0
Number of failures: 0
Warning messages:
1: In checkIdentical(obs, warning(exp)) :
Some bam files have discrepancies in their seqnames.
This could be caused by chromosome names present only in a subset of the bam files (i.e.: chrY in some bam files, but absent in others.
This could also be caused by discrepancies in the seqlevels style (i.e.: UCSC:chr1 versus NCBI:1)
2: In valid.GenomicRanges.seqinfo(x, suggest.trim = TRUE) :
GRanges object contains 100 out-of-bound ranges located on sequence
chr1. Note that ranges located on a sequence whose length is unknown
(NA) or on a circular sequence are not considered out-of-bound (use
seqlengths() and isCircular() to get the lengths and circularity flags
of the underlying sequences). You can use trim() to trim these ranges.
See ?`trim,GenomicRanges-method` for more information.
3: In valid.GenomicRanges.seqinfo(x, suggest.trim = TRUE) :
GRanges object contains 200 out-of-bound ranges located on sequence
chr1. Note that ranges located on a sequence whose length is unknown
(NA) or on a circular sequence are not considered out-of-bound (use
seqlengths() and isCircular() to get the lengths and circularity flags
of the underlying sequences). You can use trim() to trim these ranges.
See ?`trim,GenomicRanges-method` for more information.
4: In valid.GenomicRanges.seqinfo(x, suggest.trim = TRUE) :
GRanges object contains 600 out-of-bound ranges located on sequence
chr1. Note that ranges located on a sequence whose length is unknown
(NA) or on a circular sequence are not considered out-of-bound (use
seqlengths() and isCircular() to get the lengths and circularity flags
of the underlying sequences). You can use trim() to trim these ranges.
See ?`trim,GenomicRanges-method` for more information.
> #BiocGenerics:::testPackage("metagene2", pattern="^test_demo.*\\.R$")
>
> proc.time()
user system elapsed
117.127 3.730 122.359
metagene2.Rcheck/metagene2-Ex.timings
| name | user | system | elapsed | |
| Bam_Handler | 0.236 | 0.012 | 0.252 | |
| as_is_region_order | 3.782 | 0.143 | 3.948 | |
| coverage_order | 2.214 | 0.048 | 2.268 | |
| get_demo_bam_files | 0.001 | 0.000 | 0.001 | |
| get_demo_design | 0.002 | 0.000 | 0.002 | |
| get_demo_metagene | 1.901 | 0.020 | 1.926 | |
| get_demo_region_filenames | 0.122 | 0.000 | 0.122 | |
| get_demo_regions | 0.125 | 0.000 | 0.125 | |
| get_demo_rna_bam_files | 0.001 | 0.000 | 0.001 | |
| get_demo_rna_regions | 0.118 | 0.000 | 0.120 | |
| metagene2 | 1.914 | 0.028 | 1.947 | |
| metagene2_heatmap | 3.592 | 0.044 | 3.645 | |
| plot_metagene | 8.183 | 0.128 | 8.330 | |