| Back to Multiple platform build/check report for BioC 3.18: simplified long |
|
This page was generated on 2023-11-02 11:40:54 -0400 (Thu, 02 Nov 2023).
| Hostname | OS | Arch (*) | R version | Installed pkgs |
|---|---|---|---|---|
| nebbiolo2 | Linux (Ubuntu 22.04.2 LTS) | x86_64 | 4.3.1 (2023-06-16) -- "Beagle Scouts" | 4729 |
| palomino4 | Windows Server 2022 Datacenter | x64 | 4.3.1 (2023-06-16 ucrt) -- "Beagle Scouts" | 4463 |
| lconway | macOS 12.6.5 Monterey | x86_64 | 4.3.1 Patched (2023-06-17 r84564) -- "Beagle Scouts" | 4478 |
| kunpeng2 | Linux (openEuler 22.03 LTS-SP1) | aarch64 | 4.3.1 (2023-06-16) -- "Beagle Scouts" | 4464 |
| Click on any hostname to see more info about the system (e.g. compilers) (*) as reported by 'uname -p', except on Windows and Mac OS X | ||||
| Package 1204/2266 | Hostname | OS / Arch | INSTALL | BUILD | CHECK | BUILD BIN | ||||||||
| metagene 2.34.0 (landing page) Charles Joly Beauparlant
| nebbiolo2 | Linux (Ubuntu 22.04.2 LTS) / x86_64 | OK | OK | ERROR | |||||||||
| palomino4 | Windows Server 2022 Datacenter / x64 | OK | OK | WARNINGS | OK | |||||||||
| lconway | macOS 12.6.5 Monterey / x86_64 | OK | OK | ERROR | OK | |||||||||
| kjohnson1 | macOS 13.6.1 Ventura / arm64 | see weekly results here | ||||||||||||
| kunpeng2 | Linux (openEuler 22.03 LTS-SP1) / aarch64 | OK | OK | ERROR | ||||||||||
|
To the developers/maintainers of the metagene package: - Allow up to 24 hours (and sometimes 48 hours) for your latest push to git@git.bioconductor.org:packages/metagene.git to reflect on this report. See Troubleshooting Build Report for more information. - Use the following Renviron settings to reproduce errors and warnings. - If 'R CMD check' started to fail recently on the Linux builder(s) over a missing dependency, add the missing dependency to 'Suggests:' in your DESCRIPTION file. See Renviron.bioc for more information. - See Martin Grigorov's blog post for how to debug Linux ARM64 related issues on a x86_64 host. |
| Package: metagene |
| Version: 2.34.0 |
| Command: /home/biocbuild/R/R-4.3.1/bin/R CMD check --install=check:metagene.install-out.txt --library=/home/biocbuild/R/R-4.3.1/site-library --no-vignettes --timings metagene_2.34.0.tar.gz |
| StartedAt: 2023-11-02 11:58:11 -0000 (Thu, 02 Nov 2023) |
| EndedAt: 2023-11-02 12:06:12 -0000 (Thu, 02 Nov 2023) |
| EllapsedTime: 481.3 seconds |
| RetCode: 1 |
| Status: ERROR |
| CheckDir: metagene.Rcheck |
| Warnings: NA |
##############################################################################
##############################################################################
###
### Running command:
###
### /home/biocbuild/R/R-4.3.1/bin/R CMD check --install=check:metagene.install-out.txt --library=/home/biocbuild/R/R-4.3.1/site-library --no-vignettes --timings metagene_2.34.0.tar.gz
###
##############################################################################
##############################################################################
* using log directory ‘/home/biocbuild/bbs-3.18-bioc/meat/metagene.Rcheck’
* using R version 4.3.1 (2023-06-16)
* using platform: aarch64-unknown-linux-gnu (64-bit)
* R was compiled by
gcc (GCC) 10.3.1
GNU Fortran (GCC) 10.3.1
* running under: openEuler 22.03 (LTS-SP1)
* using session charset: UTF-8
* using option ‘--no-vignettes’
* checking for file ‘metagene/DESCRIPTION’ ... OK
* this is package ‘metagene’ version ‘2.34.0’
* checking package namespace information ... OK
* checking package dependencies ... OK
* checking if this is a source package ... OK
* checking if there is a namespace ... OK
* checking for hidden files and directories ... OK
* checking for portable file names ... OK
* checking for sufficient/correct file permissions ... OK
* checking whether package ‘metagene’ can be installed ... OK
* checking installed package size ... NOTE
installed size is 7.2Mb
sub-directories of 1Mb or more:
extdata 5.4Mb
* checking package directory ... OK
* checking ‘build’ directory ... OK
* checking DESCRIPTION meta-information ... OK
* checking top-level files ... OK
* checking for left-over files ... OK
* checking index information ... OK
* checking package subdirectories ... OK
* checking R files for non-ASCII characters ... OK
* checking R files for syntax errors ... OK
* checking whether the package can be loaded ... OK
* checking whether the package can be loaded with stated dependencies ... OK
* checking whether the package can be unloaded cleanly ... OK
* checking whether the namespace can be loaded with stated dependencies ... OK
* checking whether the namespace can be unloaded cleanly ... OK
* checking loading without being on the library search path ... OK
* checking dependencies in R code ... OK
* checking S3 generic/method consistency ... OK
* checking replacement functions ... OK
* checking foreign function calls ... OK
* checking R code for possible problems ... NOTE
NCIS.internal: no visible global function definition for
'est.norm.med.search'
avoid_gaps_update: no visible binding for global variable 'value'
avoid_gaps_update: no visible binding for global variable 'bam'
avoid_gaps_update: no visible binding for global variable 'tab'
avoid_gaps_update: no visible binding for global variable 'nuc'
bin.data: no visible global function definition for 'hist'
permutation_test: no visible global function definition for '.'
permutation_test: no visible binding for global variable 'value'
plot_metagene: no visible binding for global variable 'bin'
plot_metagene: no visible binding for global variable 'value'
plot_metagene: no visible binding for global variable 'qinf'
plot_metagene: no visible binding for global variable 'qsup'
plot_metagene: no visible binding for global variable 'group'
plot_metagene: no visible binding for global variable 'nuc'
plot_metagene: no visible binding for global variable 'design'
plot_metagene: no visible binding for global variable 'nuctot'
Undefined global functions or variables:
. bam bin design est.norm.med.search group hist nuc nuctot qinf qsup
tab value
Consider adding
importFrom("graphics", "hist")
to your NAMESPACE file.
* checking Rd files ... WARNING
checkRd: (5) Bam_Handler.Rd:22: \item in \describe must have non-empty label
checkRd: (5) Bam_Handler.Rd:42: \item in \describe must have non-empty label
checkRd: (5) Bam_Handler.Rd:46: \item in \describe must have non-empty label
checkRd: (5) Bam_Handler.Rd:50: \item in \describe must have non-empty label
checkRd: (5) Bam_Handler.Rd:54: \item in \describe must have non-empty label
checkRd: (5) Bam_Handler.Rd:58: \item in \describe must have non-empty label
checkRd: (5) Bam_Handler.Rd:61-62: \item in \describe must have non-empty label
checkRd: (5) Bam_Handler.Rd:71-72: \item in \describe must have non-empty label
checkRd: (5) Bam_Handler.Rd:81: \item in \describe must have non-empty label
checkRd: (5) metagene.Rd:23-26: \item in \describe must have non-empty label
checkRd: (5) metagene.Rd:61-62: \item in \describe must have non-empty label
checkRd: (5) metagene.Rd:77-78: \item in \describe must have non-empty label
checkRd: (5) metagene.Rd:102-103: \item in \describe must have non-empty label
checkRd: (5) metagene.Rd:116: \item in \describe must have non-empty label
checkRd: (5) metagene.Rd:119: \item in \describe must have non-empty label
checkRd: (5) metagene.Rd:122: \item in \describe must have non-empty label
checkRd: (5) metagene.Rd:127: \item in \describe must have non-empty label
checkRd: (5) metagene.Rd:130: \item in \describe must have non-empty label
checkRd: (5) metagene.Rd:133: \item in \describe must have non-empty label
checkRd: (5) metagene.Rd:144: \item in \describe must have non-empty label
checkRd: (5) metagene.Rd:147: \item in \describe must have non-empty label
checkRd: (5) metagene.Rd:155: \item in \describe must have non-empty label
checkRd: (5) metagene.Rd:164: \item in \describe must have non-empty label
checkRd: (5) metagene.Rd:170: \item in \describe must have non-empty label
checkRd: (5) metagene.Rd:179: \item in \describe must have non-empty label
checkRd: (5) metagene.Rd:183: \item in \describe must have non-empty label
checkRd: (5) metagene.Rd:186: \item in \describe must have non-empty label
* checking Rd metadata ... OK
* checking Rd cross-references ... OK
* checking for missing documentation entries ... OK
* checking for code/documentation mismatches ... OK
* checking Rd \usage sections ... OK
* checking Rd contents ... OK
* checking for unstated dependencies in examples ... OK
* checking contents of ‘data’ directory ... OK
* checking data for non-ASCII characters ... OK
* checking LazyData ... OK
* checking data for ASCII and uncompressed saves ... OK
* checking R/sysdata.rda ... OK
* checking line endings in Makefiles ... OK
* checking for GNU extensions in Makefiles ... OK
* checking include directives in Makefiles ... OK
* checking files in ‘vignettes’ ... OK
* checking examples ... OK
* checking for unstated dependencies in ‘tests’ ... OK
* checking tests ...
Running ‘runTests.R’
ERROR
Running the tests in ‘tests/runTests.R’ failed.
Last 13 lines of output:
Test files with failing tests
test_parallel_job.R
test.parallel_job_get_core_count_valid_multiple_core
test.parallel_job_get_core_count_valid_single_core
test.parallel_job_set_core_count_valid_multiple_core
test.parallel_job_set_core_count_valid_single_core
Error in BiocGenerics:::testPackage("metagene") :
unit tests failed for package metagene
In addition: There were 50 or more warnings (use warnings() to see the first 50)
Execution halted
* checking for unstated dependencies in vignettes ... OK
* checking package vignettes in ‘inst/doc’ ... OK
* checking running R code from vignettes ... SKIPPED
* checking re-building of vignette outputs ... SKIPPED
* checking PDF version of manual ... OK
* DONE
Status: 1 ERROR, 1 WARNING, 2 NOTEs
See
‘/home/biocbuild/bbs-3.18-bioc/meat/metagene.Rcheck/00check.log’
for details.
metagene.Rcheck/00install.out
############################################################################## ############################################################################## ### ### Running command: ### ### /home/biocbuild/R/R-4.3.1/bin/R CMD INSTALL metagene ### ############################################################################## ############################################################################## * installing to library ‘/home/biocbuild/R/R-4.3.1/site-library’ * installing *source* package ‘metagene’ ... ** using staged installation ** R ** data *** moving datasets to lazyload DB ** inst ** byte-compile and prepare package for lazy loading ** help *** installing help indices ** building package indices ** installing vignettes ** testing if installed package can be loaded from temporary location ** testing if installed package can be loaded from final location ** testing if installed package keeps a record of temporary installation path * DONE (metagene)
metagene.Rcheck/tests/runTests.Rout.fail
R version 4.3.1 (2023-06-16) -- "Beagle Scouts"
Copyright (C) 2023 The R Foundation for Statistical Computing
Platform: aarch64-unknown-linux-gnu (64-bit)
R is free software and comes with ABSOLUTELY NO WARRANTY.
You are welcome to redistribute it under certain conditions.
Type 'license()' or 'licence()' for distribution details.
R is a collaborative project with many contributors.
Type 'contributors()' for more information and
'citation()' on how to cite R or R packages in publications.
Type 'demo()' for some demos, 'help()' for on-line help, or
'help.start()' for an HTML browser interface to help.
Type 'q()' to quit R.
> ## Run all tests in the metagene package
> BiocGenerics:::testPackage("metagene")
Attaching package: 'BiocGenerics'
The following objects are masked from 'package:stats':
IQR, mad, sd, var, xtabs
The following objects are masked from 'package:base':
Filter, Find, Map, Position, Reduce, anyDuplicated, aperm, append,
as.data.frame, basename, cbind, colnames, dirname, do.call,
duplicated, eval, evalq, get, grep, grepl, intersect, is.unsorted,
lapply, mapply, match, mget, order, paste, pmax, pmax.int, pmin,
pmin.int, rank, rbind, rownames, sapply, setdiff, sort, table,
tapply, union, unique, unsplit, which.max, which.min
Attaching package: 'S4Vectors'
The following object is masked from 'package:utils':
findMatches
The following objects are masked from 'package:base':
I, expand.grid, unname
produce data table : ChIP-Seq
produce data frame : ChIP-Seq
produce data table : ChIP-Seq
produce data frame : ChIP-Seq
produce data table : ChIP-Seq
produce data frame : ChIP-Seq
produce data table : ChIP-Seq
produce data frame : ChIP-Seq
produce data table : ChIP-Seq
produce data frame : ChIP-Seq
produce data table : ChIP-Seq
produce data frame : ChIP-Seq
produce data table : ChIP-Seq
produce data frame : ChIP-Seq
produce data table : ChIP-Seq
produce data frame : ChIP-Seq
produce data table : ChIP-Seq
produce data frame : ChIP-Seq
produce data table : ChIP-Seq
produce data frame : ChIP-Seq
produce data table : ChIP-Seq
produce data frame : ChIP-Seq
produce data table : ChIP-Seq
produce data frame : ChIP-Seq
produce data table : ChIP-Seq
produce data table : ChIP-Seq
produce data table : ChIP-Seq
produce data table : ChIP-Seq
produce data frame : ChIP-Seq
[1] TRUE
produce data table : ChIP-Seq
produce data table : ChIP-Seq
produce data table : ChIP-Seq
produce data table : ChIP-Seq
produce data table : ChIP-Seq
produce data table : ChIP-Seq
ChIP-Seq flip/unflip
Normalization done
produce data table : ChIP-Seq
[1] TRUE
produce data table : ChIP-Seq
[1] TRUE
produce data table : ChIP-Seq
[1] TRUE
produce data table : ChIP-Seq
[1] TRUE
produce data table : ChIP-Seq
[1] TRUE
produce data table : ChIP-Seq
produce data table : ChIP-Seq
ChIP-Seq flip/unflip
ChIP-Seq flip/unflip
Timing stopped at: 1.098 0.157 1.267
Error in checkIdentical(obs, exp) : FALSE
In addition: There were 50 or more warnings (use warnings() to see the first 50)
Timing stopped at: 0.004 0 0.004
Error in checkIdentical(obs, exp) : FALSE
Timing stopped at: 1.016 0.365 1.396
Error in checkIdentical(obs, exp) : FALSE
Timing stopped at: 1.004 0.011 1.023
Error in checkIdentical(obs, exp) : FALSE
produce data table : ChIP-Seq
produce data table : ChIP-Seq
produce data table : ChIP-Seq
produce data table : ChIP-Seq
produce data table : ChIP-Seq
produce data table : ChIP-Seq
produce data table : ChIP-Seq
produce data table : ChIP-Seq
produce data table : ChIP-Seq
produce data table : ChIP-Seq
[1] TRUE
RUNIT TEST PROTOCOL -- Thu Nov 2 12:06:09 2023
***********************************************
Number of test functions: 218
Number of errors: 0
Number of failures: 4
1 Test Suite :
metagene RUnit Tests - 218 test functions, 0 errors, 4 failures
FAILURE in test.parallel_job_get_core_count_valid_multiple_core: Error in checkIdentical(obs, exp) : FALSE
FAILURE in test.parallel_job_get_core_count_valid_single_core: Error in checkIdentical(obs, exp) : FALSE
FAILURE in test.parallel_job_set_core_count_valid_multiple_core: Error in checkIdentical(obs, exp) : FALSE
FAILURE in test.parallel_job_set_core_count_valid_single_core: Error in checkIdentical(obs, exp) : FALSE
Test files with failing tests
test_parallel_job.R
test.parallel_job_get_core_count_valid_multiple_core
test.parallel_job_get_core_count_valid_single_core
test.parallel_job_set_core_count_valid_multiple_core
test.parallel_job_set_core_count_valid_single_core
Error in BiocGenerics:::testPackage("metagene") :
unit tests failed for package metagene
In addition: There were 50 or more warnings (use warnings() to see the first 50)
Execution halted
metagene.Rcheck/metagene-Ex.timings
| name | user | system | elapsed | |
| Bam_Handler | 0.109 | 0.000 | 0.116 | |
| avoid_gaps_update | 0.000 | 0.000 | 0.002 | |
| bed_file_filter | 0 | 0 | 0 | |
| exon_by_gene_with_observed_transcripts | 0 | 0 | 0 | |
| get_demo_bam_files | 0.000 | 0.004 | 0.004 | |
| get_demo_design | 0.002 | 0.000 | 0.003 | |
| get_demo_metagene | 2.335 | 0.111 | 2.463 | |
| get_demo_regions | 0.002 | 0.000 | 0.002 | |
| get_promoters_txdb | 0 | 0 | 0 | |
| metagene | 0.419 | 0.004 | 0.423 | |
| permutation_test | 0 | 0 | 0 | |
| plot_metagene | 2.161 | 0.151 | 2.318 | |
| promoters_hg18 | 0.002 | 0.000 | 0.003 | |
| promoters_hg19 | 0.001 | 0.001 | 0.001 | |
| promoters_mm10 | 0.000 | 0.000 | 0.001 | |
| promoters_mm9 | 0.001 | 0.000 | 0.001 | |
| write_bed_file_filter_result | 0 | 0 | 0 | |