| Back to Multiple platform build/check report for BioC 3.18: simplified long |
|
This page was generated on 2024-03-04 11:37:26 -0500 (Mon, 04 Mar 2024).
| Hostname | OS | Arch (*) | R version | Installed pkgs |
|---|---|---|---|---|
| nebbiolo2 | Linux (Ubuntu 22.04.3 LTS) | x86_64 | 4.3.2 Patched (2023-11-13 r85521) -- "Eye Holes" | 4692 |
| palomino4 | Windows Server 2022 Datacenter | x64 | 4.3.2 (2023-10-31 ucrt) -- "Eye Holes" | 4445 |
| lconway | macOS 12.7.1 Monterey | x86_64 | 4.3.2 Patched (2023-11-01 r85457) -- "Eye Holes" | 4466 |
| Click on any hostname to see more info about the system (e.g. compilers) (*) as reported by 'uname -p', except on Windows and Mac OS X | ||||
| Package 982/2266 | Hostname | OS / Arch | INSTALL | BUILD | CHECK | BUILD BIN | ||||||||
| hypeR 2.0.0 (landing page) Anthony Federico
| nebbiolo2 | Linux (Ubuntu 22.04.3 LTS) / x86_64 | OK | OK | WARNINGS | |||||||||
| palomino4 | Windows Server 2022 Datacenter / x64 | OK | OK | WARNINGS | OK | |||||||||
| lconway | macOS 12.7.1 Monterey / x86_64 | OK | OK | WARNINGS | OK | |||||||||
| kjohnson1 | macOS 13.6.1 Ventura / arm64 | see weekly results here | ||||||||||||
|
To the developers/maintainers of the hypeR package: - Allow up to 24 hours (and sometimes 48 hours) for your latest push to git@git.bioconductor.org:packages/hypeR.git to reflect on this report. See Troubleshooting Build Report for more information. - Use the following Renviron settings to reproduce errors and warnings. - If 'R CMD check' started to fail recently on the Linux builder(s) over a missing dependency, add the missing dependency to 'Suggests:' in your DESCRIPTION file. See Renviron.bioc for more information. |
| Package: hypeR |
| Version: 2.0.0 |
| Command: /Library/Frameworks/R.framework/Resources/bin/R CMD check --install=check:hypeR.install-out.txt --library=/Library/Frameworks/R.framework/Resources/library --no-vignettes --timings hypeR_2.0.0.tar.gz |
| StartedAt: 2024-03-03 21:12:52 -0500 (Sun, 03 Mar 2024) |
| EndedAt: 2024-03-03 21:16:05 -0500 (Sun, 03 Mar 2024) |
| EllapsedTime: 192.8 seconds |
| RetCode: 0 |
| Status: WARNINGS |
| CheckDir: hypeR.Rcheck |
| Warnings: 2 |
##############################################################################
##############################################################################
###
### Running command:
###
### /Library/Frameworks/R.framework/Resources/bin/R CMD check --install=check:hypeR.install-out.txt --library=/Library/Frameworks/R.framework/Resources/library --no-vignettes --timings hypeR_2.0.0.tar.gz
###
##############################################################################
##############################################################################
* using log directory ‘/Users/biocbuild/bbs-3.18-bioc/meat/hypeR.Rcheck’
* using R version 4.3.2 Patched (2023-11-01 r85457)
* using platform: x86_64-apple-darwin20 (64-bit)
* R was compiled by
Apple clang version 14.0.3 (clang-1403.0.22.14.1)
GNU Fortran (GCC) 12.2.0
* running under: macOS Monterey 12.7.1
* using session charset: UTF-8
* using option ‘--no-vignettes’
* checking for file ‘hypeR/DESCRIPTION’ ... OK
* this is package ‘hypeR’ version ‘2.0.0’
* package encoding: UTF-8
* checking package namespace information ... OK
* checking package dependencies ... OK
* checking if this is a source package ... OK
* checking if there is a namespace ... OK
* checking for hidden files and directories ... OK
* checking for portable file names ... OK
* checking for sufficient/correct file permissions ... OK
* checking whether package ‘hypeR’ can be installed ... OK
* checking installed package size ... OK
* checking package directory ... OK
* checking ‘build’ directory ... OK
* checking DESCRIPTION meta-information ... OK
* checking top-level files ... OK
* checking for left-over files ... OK
* checking index information ... OK
* checking package subdirectories ... OK
* checking R files for non-ASCII characters ... OK
* checking R files for syntax errors ... OK
* checking whether the package can be loaded ... OK
* checking whether the package can be loaded with stated dependencies ... OK
* checking whether the package can be unloaded cleanly ... OK
* checking whether the namespace can be loaded with stated dependencies ... OK
* checking whether the namespace can be unloaded cleanly ... OK
* checking dependencies in R code ... WARNING
'::' or ':::' import not declared from: ‘tibble’
Namespace in Imports field not imported from: ‘BiocStyle’
All declared Imports should be used.
* checking S3 generic/method consistency ... OK
* checking replacement functions ... OK
* checking foreign function calls ... OK
* checking R code for possible problems ... NOTE
.dots_multi_plot : <anonymous>: no visible binding for global variable
‘pval’
.dots_multi_plot : <anonymous>: no visible binding for global variable
‘fdr’
.dots_multi_plot : <anonymous>: no visible binding for global variable
‘label’
.dots_multi_plot: no visible global function definition for ‘head’
.dots_multi_plot: no visible binding for global variable ‘.’
.dots_multi_plot: no visible binding for global variable ‘label’
.dots_multi_plot: no visible binding for global variable ‘geneset’
.dots_multi_plot: no visible binding for global variable ‘size’
.dots_multi_plot: no visible binding for global variable ‘overlap’
.dots_multi_plot: no visible binding for global variable ‘significance’
.dots_multi_plot: no visible binding for global variable ‘signature’
.dots_plot: no visible binding for global variable ‘pval’
.dots_plot: no visible binding for global variable ‘fdr’
.dots_plot: no visible binding for global variable ‘significance’
.dots_plot: no visible binding for global variable ‘size’
.enrichment_map: no visible binding for global variable ‘pval’
.enrichment_map: no visible binding for global variable ‘fdr’
.find_members: no visible binding for global variable ‘from’
.find_members: no visible binding for global variable ‘to’
.hiearchy_map: no visible binding for global variable ‘pval’
.hiearchy_map: no visible binding for global variable ‘fdr’
.hiearchy_map : <anonymous>: no visible binding for global variable
‘label’
.hyper_enrichment: no visible global function definition for ‘is’
.ks_enrichment: no visible global function definition for ‘is’
.ks_enrichment: no visible binding for global variable ‘fdr’
.ks_enrichment: no visible binding for global variable ‘pval’
.ks_enrichment: no visible binding for global variable ‘geneset’
.ks_enrichment: no visible binding for global variable ‘label’
enrichr_available: no visible binding for global variable ‘.’
ggvenn: no visible binding for global variable ‘x’
ggvenn: no visible binding for global variable ‘y’
hyp_dots: no visible global function definition for ‘is’
hyp_emap: no visible global function definition for ‘is’
hyp_hmap: no visible global function definition for ‘is’
hyp_show: no visible global function definition for ‘is’
hyp_to_excel: no visible global function definition for ‘is’
hyp_to_graph: no visible global function definition for ‘is’
hyp_to_rmd: no visible global function definition for ‘is’
hyp_to_rmd : <anonymous>: no visible global function definition for
‘is’
hyp_to_table: no visible global function definition for ‘is’
hyp_to_table: no visible global function definition for ‘write.table’
hypeR: no visible global function definition for ‘is’
hypeR: no visible global function definition for ‘packageVersion’
hypeR: no visible global function definition for ‘head’
msigdb_available: no visible binding for global variable ‘gs_cat’
msigdb_available: no visible binding for global variable ‘gs_subcat’
msigdb_download: no visible binding for global variable ‘gs_name’
msigdb_download: no visible binding for global variable ‘gene_symbol’
msigdb_version: no visible global function definition for
‘packageVersion’
rctbl_build: no visible global function definition for ‘is’
Undefined global functions or variables:
. fdr from gene_symbol geneset gs_cat gs_name gs_subcat head is label
overlap packageVersion pval signature significance size to
write.table x y
Consider adding
importFrom("methods", "is", "signature")
importFrom("utils", "head", "packageVersion", "write.table")
to your NAMESPACE file (and ensure that your DESCRIPTION Imports field
contains 'methods').
* checking Rd files ... OK
* checking Rd metadata ... OK
* checking Rd cross-references ... OK
* checking for missing documentation entries ... OK
* checking for code/documentation mismatches ... WARNING
Codoc mismatches from documentation object '.dots_multi_plot':
.dots_multi_plot
Code: function(multihyp_data, top = 20, abrv = 50, size_by =
c("genesets", "significance", "overlap", "none"),
pval_cutoff = 1, fdr_cutoff = 1, val = c("fdr",
"pval"), title = "")
Docs: function(multihyp_data, top = 20, abrv = 50, size_by =
c("genesets", "significance", "none"), pval_cutoff =
1, fdr_cutoff = 1, val = c("fdr", "pval"), title = "")
Mismatches in argument default values:
Name: 'size_by' Code: c("genesets", "significance", "overlap", "none") Docs: c("genesets", "significance", "none")
* checking Rd \usage sections ... OK
* checking Rd contents ... OK
* checking for unstated dependencies in examples ... OK
* checking files in ‘vignettes’ ... OK
* checking examples ... OK
Examples with CPU (user + system) or elapsed time > 5s
user system elapsed
msigdb_available 18.830 1.594 20.589
hyp_hmap 5.560 0.097 7.251
enrichr_download 0.096 0.009 12.247
* checking for unstated dependencies in ‘tests’ ... OK
* checking tests ...
Running ‘testthat.R’
OK
* checking for unstated dependencies in vignettes ... OK
* checking package vignettes in ‘inst/doc’ ... OK
* checking running R code from vignettes ... SKIPPED
* checking re-building of vignette outputs ... SKIPPED
* checking PDF version of manual ... OK
* DONE
Status: 2 WARNINGs, 1 NOTE
See
‘/Users/biocbuild/bbs-3.18-bioc/meat/hypeR.Rcheck/00check.log’
for details.
hypeR.Rcheck/00install.out
############################################################################## ############################################################################## ### ### Running command: ### ### /Library/Frameworks/R.framework/Resources/bin/R CMD INSTALL hypeR ### ############################################################################## ############################################################################## * installing to library ‘/Library/Frameworks/R.framework/Versions/4.3-x86_64/Resources/library’ * installing *source* package ‘hypeR’ ... ** using staged installation ** R ** data ** inst ** byte-compile and prepare package for lazy loading ** help *** installing help indices ** building package indices ** installing vignettes ** testing if installed package can be loaded from temporary location ** testing if installed package can be loaded from final location ** testing if installed package keeps a record of temporary installation path * DONE (hypeR)
hypeR.Rcheck/tests/testthat.Rout
R version 4.3.2 Patched (2023-11-01 r85457) -- "Eye Holes"
Copyright (C) 2023 The R Foundation for Statistical Computing
Platform: x86_64-apple-darwin20 (64-bit)
R is free software and comes with ABSOLUTELY NO WARRANTY.
You are welcome to redistribute it under certain conditions.
Type 'license()' or 'licence()' for distribution details.
R is a collaborative project with many contributors.
Type 'contributors()' for more information and
'citation()' on how to cite R or R packages in publications.
Type 'demo()' for some demos, 'help()' for on-line help, or
'help.start()' for an HTML browser interface to help.
Type 'q()' to quit R.
> library(testthat)
> library(magrittr)
Attaching package: 'magrittr'
The following objects are masked from 'package:testthat':
equals, is_less_than, not
> library(hypeR)
>
> test_check("hypeR")
/usr/local/bin/pandoc +RTS -K512m -RTS hyp.1.knit.md --to html4 --from markdown+autolink_bare_uris+tex_math_single_backslash --output hyp.1.html --lua-filter /Library/Frameworks/R.framework/Versions/4.3-x86_64/Resources/library/rmarkdown/rmarkdown/lua/pagebreak.lua --lua-filter /Library/Frameworks/R.framework/Versions/4.3-x86_64/Resources/library/rmarkdown/rmarkdown/lua/latex-div.lua --self-contained --variable bs3=TRUE --section-divs --table-of-contents --toc-depth 1 --variable toc_float=1 --variable toc_selectors=h1 --variable toc_collapsed=1 --variable toc_smooth_scroll=1 --variable toc_print=1 --template /Library/Frameworks/R.framework/Versions/4.3-x86_64/Resources/library/rmarkdown/rmd/h/default.html --no-highlight --variable highlightjs=1 --variable theme=united --mathjax --variable 'mathjax-url=https://mathjax.rstudio.com/latest/MathJax.js?config=TeX-AMS-MML_HTMLorMML' --include-in-header /tmp/Rtmpr3JLwJ/rmarkdown-str140a16d004b74.html --variable code_folding=hide --variable code_menu=1
/usr/local/bin/pandoc +RTS -K512m -RTS multihyp.1.knit.md --to html4 --from markdown+autolink_bare_uris+tex_math_single_backslash --output multihyp.1.html --lua-filter /Library/Frameworks/R.framework/Versions/4.3-x86_64/Resources/library/rmarkdown/rmarkdown/lua/pagebreak.lua --lua-filter /Library/Frameworks/R.framework/Versions/4.3-x86_64/Resources/library/rmarkdown/rmarkdown/lua/latex-div.lua --self-contained --variable bs3=TRUE --section-divs --table-of-contents --toc-depth 1 --variable toc_float=1 --variable toc_selectors=h1 --variable toc_collapsed=1 --variable toc_smooth_scroll=1 --variable toc_print=1 --template /Library/Frameworks/R.framework/Versions/4.3-x86_64/Resources/library/rmarkdown/rmd/h/default.html --no-highlight --variable highlightjs=1 --variable theme=united --mathjax --variable 'mathjax-url=https://mathjax.rstudio.com/latest/MathJax.js?config=TeX-AMS-MML_HTMLorMML' --include-in-header /tmp/Rtmpr3JLwJ/rmarkdown-str140a1761554dc.html --variable code_folding=hide --variable code_menu=1
/usr/local/bin/pandoc +RTS -K512m -RTS lmultihyp.1.knit.md --to html4 --from markdown+autolink_bare_uris+tex_math_single_backslash --output lmultihyp.1.html --lua-filter /Library/Frameworks/R.framework/Versions/4.3-x86_64/Resources/library/rmarkdown/rmarkdown/lua/pagebreak.lua --lua-filter /Library/Frameworks/R.framework/Versions/4.3-x86_64/Resources/library/rmarkdown/rmarkdown/lua/latex-div.lua --self-contained --variable bs3=TRUE --section-divs --table-of-contents --toc-depth 1 --variable toc_float=1 --variable toc_selectors=h1 --variable toc_collapsed=1 --variable toc_smooth_scroll=1 --variable toc_print=1 --template /Library/Frameworks/R.framework/Versions/4.3-x86_64/Resources/library/rmarkdown/rmd/h/default.html --no-highlight --variable highlightjs=1 --variable theme=united --mathjax --variable 'mathjax-url=https://mathjax.rstudio.com/latest/MathJax.js?config=TeX-AMS-MML_HTMLorMML' --include-in-header /tmp/Rtmpr3JLwJ/rmarkdown-str140a12e44a1db.html --variable code_folding=hide --variable code_menu=1
/usr/local/bin/pandoc +RTS -K512m -RTS hyp.2.knit.md --to html4 --from markdown+autolink_bare_uris+tex_math_single_backslash --output hyp.2.html --lua-filter /Library/Frameworks/R.framework/Versions/4.3-x86_64/Resources/library/rmarkdown/rmarkdown/lua/pagebreak.lua --lua-filter /Library/Frameworks/R.framework/Versions/4.3-x86_64/Resources/library/rmarkdown/rmarkdown/lua/latex-div.lua --self-contained --variable bs3=TRUE --section-divs --table-of-contents --toc-depth 1 --variable toc_float=1 --variable toc_selectors=h1 --variable toc_collapsed=1 --variable toc_smooth_scroll=1 --variable toc_print=1 --template /Library/Frameworks/R.framework/Versions/4.3-x86_64/Resources/library/rmarkdown/rmd/h/default.html --no-highlight --variable highlightjs=1 --variable theme=united --mathjax --variable 'mathjax-url=https://mathjax.rstudio.com/latest/MathJax.js?config=TeX-AMS-MML_HTMLorMML' --include-in-header /tmp/Rtmpr3JLwJ/rmarkdown-str140a1692444ae.html --variable code_folding=hide --variable code_menu=1
/usr/local/bin/pandoc +RTS -K512m -RTS multihyp.2.knit.md --to html4 --from markdown+autolink_bare_uris+tex_math_single_backslash --output multihyp.2.html --lua-filter /Library/Frameworks/R.framework/Versions/4.3-x86_64/Resources/library/rmarkdown/rmarkdown/lua/pagebreak.lua --lua-filter /Library/Frameworks/R.framework/Versions/4.3-x86_64/Resources/library/rmarkdown/rmarkdown/lua/latex-div.lua --self-contained --variable bs3=TRUE --section-divs --table-of-contents --toc-depth 1 --variable toc_float=1 --variable toc_selectors=h1 --variable toc_collapsed=1 --variable toc_smooth_scroll=1 --variable toc_print=1 --template /Library/Frameworks/R.framework/Versions/4.3-x86_64/Resources/library/rmarkdown/rmd/h/default.html --no-highlight --variable highlightjs=1 --variable theme=united --mathjax --variable 'mathjax-url=https://mathjax.rstudio.com/latest/MathJax.js?config=TeX-AMS-MML_HTMLorMML' --include-in-header /tmp/Rtmpr3JLwJ/rmarkdown-str140a119b00b5c.html --variable code_folding=hide --variable code_menu=1
/usr/local/bin/pandoc +RTS -K512m -RTS lmultihyp.2.knit.md --to html4 --from markdown+autolink_bare_uris+tex_math_single_backslash --output lmultihyp.2.html --lua-filter /Library/Frameworks/R.framework/Versions/4.3-x86_64/Resources/library/rmarkdown/rmarkdown/lua/pagebreak.lua --lua-filter /Library/Frameworks/R.framework/Versions/4.3-x86_64/Resources/library/rmarkdown/rmarkdown/lua/latex-div.lua --self-contained --variable bs3=TRUE --section-divs --table-of-contents --toc-depth 1 --variable toc_float=1 --variable toc_selectors=h1 --variable toc_collapsed=1 --variable toc_smooth_scroll=1 --variable toc_print=1 --template /Library/Frameworks/R.framework/Versions/4.3-x86_64/Resources/library/rmarkdown/rmd/h/default.html --no-highlight --variable highlightjs=1 --variable theme=united --mathjax --variable 'mathjax-url=https://mathjax.rstudio.com/latest/MathJax.js?config=TeX-AMS-MML_HTMLorMML' --include-in-header /tmp/Rtmpr3JLwJ/rmarkdown-str140a17323b23e.html --variable code_folding=hide --variable code_menu=1
/usr/local/bin/pandoc +RTS -K512m -RTS lmultihyp.3.knit.md --to html4 --from markdown+autolink_bare_uris+tex_math_single_backslash --output lmultihyp.3.html --lua-filter /Library/Frameworks/R.framework/Versions/4.3-x86_64/Resources/library/rmarkdown/rmarkdown/lua/pagebreak.lua --lua-filter /Library/Frameworks/R.framework/Versions/4.3-x86_64/Resources/library/rmarkdown/rmarkdown/lua/latex-div.lua --self-contained --variable bs3=TRUE --section-divs --table-of-contents --toc-depth 1 --variable toc_float=1 --variable toc_selectors=h1 --variable toc_collapsed=1 --variable toc_smooth_scroll=1 --variable toc_print=1 --template /Library/Frameworks/R.framework/Versions/4.3-x86_64/Resources/library/rmarkdown/rmd/h/default.html --no-highlight --variable highlightjs=1 --variable theme=united --mathjax --variable 'mathjax-url=https://mathjax.rstudio.com/latest/MathJax.js?config=TeX-AMS-MML_HTMLorMML' --include-in-header /tmp/Rtmpr3JLwJ/rmarkdown-str140a13dcacafe.html --variable code_folding=hide --variable code_menu=1
/usr/local/bin/pandoc +RTS -K512m -RTS hyp.4.knit.md --to html4 --from markdown+autolink_bare_uris+tex_math_single_backslash --output hyp.4.html --lua-filter /Library/Frameworks/R.framework/Versions/4.3-x86_64/Resources/library/rmarkdown/rmarkdown/lua/pagebreak.lua --lua-filter /Library/Frameworks/R.framework/Versions/4.3-x86_64/Resources/library/rmarkdown/rmarkdown/lua/latex-div.lua --self-contained --variable bs3=TRUE --section-divs --table-of-contents --toc-depth 1 --variable toc_float=1 --variable toc_selectors=h1 --variable toc_collapsed=1 --variable toc_smooth_scroll=1 --variable toc_print=1 --template /Library/Frameworks/R.framework/Versions/4.3-x86_64/Resources/library/rmarkdown/rmd/h/default.html --no-highlight --variable highlightjs=1 --variable theme=united --mathjax --variable 'mathjax-url=https://mathjax.rstudio.com/latest/MathJax.js?config=TeX-AMS-MML_HTMLorMML' --include-in-header /tmp/Rtmpr3JLwJ/rmarkdown-str140a1d925ab5.html --variable code_folding=hide --variable code_menu=1
/usr/local/bin/pandoc +RTS -K512m -RTS multihyp.4.knit.md --to html4 --from markdown+autolink_bare_uris+tex_math_single_backslash --output multihyp.4.html --lua-filter /Library/Frameworks/R.framework/Versions/4.3-x86_64/Resources/library/rmarkdown/rmarkdown/lua/pagebreak.lua --lua-filter /Library/Frameworks/R.framework/Versions/4.3-x86_64/Resources/library/rmarkdown/rmarkdown/lua/latex-div.lua --self-contained --variable bs3=TRUE --section-divs --table-of-contents --toc-depth 1 --variable toc_float=1 --variable toc_selectors=h1 --variable toc_collapsed=1 --variable toc_smooth_scroll=1 --variable toc_print=1 --template /Library/Frameworks/R.framework/Versions/4.3-x86_64/Resources/library/rmarkdown/rmd/h/default.html --no-highlight --variable highlightjs=1 --variable theme=united --mathjax --variable 'mathjax-url=https://mathjax.rstudio.com/latest/MathJax.js?config=TeX-AMS-MML_HTMLorMML' --include-in-header /tmp/Rtmpr3JLwJ/rmarkdown-str140a15cfc162b.html --variable code_folding=hide --variable code_menu=1
/usr/local/bin/pandoc +RTS -K512m -RTS combo.1.knit.md --to html4 --from markdown+autolink_bare_uris+tex_math_single_backslash --output combo.1.html --lua-filter /Library/Frameworks/R.framework/Versions/4.3-x86_64/Resources/library/rmarkdown/rmarkdown/lua/pagebreak.lua --lua-filter /Library/Frameworks/R.framework/Versions/4.3-x86_64/Resources/library/rmarkdown/rmarkdown/lua/latex-div.lua --self-contained --variable bs3=TRUE --section-divs --table-of-contents --toc-depth 1 --variable toc_float=1 --variable toc_selectors=h1 --variable toc_collapsed=1 --variable toc_smooth_scroll=1 --variable toc_print=1 --template /Library/Frameworks/R.framework/Versions/4.3-x86_64/Resources/library/rmarkdown/rmd/h/default.html --no-highlight --variable highlightjs=1 --variable theme=united --mathjax --variable 'mathjax-url=https://mathjax.rstudio.com/latest/MathJax.js?config=TeX-AMS-MML_HTMLorMML' --include-in-header /tmp/Rtmpr3JLwJ/rmarkdown-str140a16fa0d9a7.html --variable code_folding=hide --variable code_menu=1
/usr/local/bin/pandoc +RTS -K512m -RTS combo.2.knit.md --to html4 --from markdown+autolink_bare_uris+tex_math_single_backslash --output combo.2.html --lua-filter /Library/Frameworks/R.framework/Versions/4.3-x86_64/Resources/library/rmarkdown/rmarkdown/lua/pagebreak.lua --lua-filter /Library/Frameworks/R.framework/Versions/4.3-x86_64/Resources/library/rmarkdown/rmarkdown/lua/latex-div.lua --self-contained --variable bs3=TRUE --section-divs --table-of-contents --toc-depth 1 --variable toc_float=1 --variable toc_selectors=h1 --variable toc_collapsed=1 --variable toc_smooth_scroll=1 --variable toc_print=1 --template /Library/Frameworks/R.framework/Versions/4.3-x86_64/Resources/library/rmarkdown/rmd/h/default.html --no-highlight --variable highlightjs=1 --variable theme=united --mathjax --variable 'mathjax-url=https://mathjax.rstudio.com/latest/MathJax.js?config=TeX-AMS-MML_HTMLorMML' --include-in-header /tmp/Rtmpr3JLwJ/rmarkdown-str140a1f1aa76c.html --variable code_folding=hide --variable code_menu=1
/usr/local/bin/pandoc +RTS -K512m -RTS combo.3.knit.md --to html4 --from markdown+autolink_bare_uris+tex_math_single_backslash --output combo.3.html --lua-filter /Library/Frameworks/R.framework/Versions/4.3-x86_64/Resources/library/rmarkdown/rmarkdown/lua/pagebreak.lua --lua-filter /Library/Frameworks/R.framework/Versions/4.3-x86_64/Resources/library/rmarkdown/rmarkdown/lua/latex-div.lua --self-contained --variable bs3=TRUE --section-divs --table-of-contents --toc-depth 1 --variable toc_float=1 --variable toc_selectors=h1 --variable toc_collapsed=1 --variable toc_smooth_scroll=1 --variable toc_print=1 --template /Library/Frameworks/R.framework/Versions/4.3-x86_64/Resources/library/rmarkdown/rmd/h/default.html --no-highlight --variable highlightjs=1 --variable theme=united --mathjax --variable 'mathjax-url=https://mathjax.rstudio.com/latest/MathJax.js?config=TeX-AMS-MML_HTMLorMML' --include-in-header /tmp/Rtmpr3JLwJ/rmarkdown-str140a1604e66cd.html --variable code_folding=hide --variable code_menu=1
[ FAIL 0 | WARN 2 | SKIP 0 | PASS 424 ]
[ FAIL 0 | WARN 2 | SKIP 0 | PASS 424 ]
>
> proc.time()
user system elapsed
67.362 3.063 72.075
hypeR.Rcheck/hypeR-Ex.timings
| name | user | system | elapsed | |
| clean_genesets | 2.660 | 0.187 | 2.882 | |
| dot-format_str | 0.000 | 0.000 | 0.001 | |
| dot-string_args | 0 | 0 | 0 | |
| enrichr_available | 0.208 | 0.045 | 0.484 | |
| enrichr_download | 0.096 | 0.009 | 12.247 | |
| enrichr_gsets | 0.083 | 0.007 | 0.314 | |
| gsets | 0.001 | 0.000 | 0.001 | |
| hyp | 0.036 | 0.002 | 0.039 | |
| hyp_dots | 1.304 | 0.074 | 1.394 | |
| hyp_emap | 1.020 | 0.057 | 1.092 | |
| hyp_hmap | 5.560 | 0.097 | 7.251 | |
| hyp_show | 1.288 | 0.077 | 1.382 | |
| hyp_to_excel | 1.319 | 0.070 | 1.410 | |
| hyp_to_graph | 3.918 | 0.043 | 4.095 | |
| hyp_to_table | 0.729 | 0.049 | 0.786 | |
| hypeR | 0.816 | 0.039 | 0.862 | |
| hyperdb_available | 0.022 | 0.002 | 0.197 | |
| hyperdb_gsets | 0.029 | 0.003 | 0.238 | |
| hyperdb_rgsets | 0.039 | 0.004 | 0.091 | |
| msigdb_available | 18.830 | 1.594 | 20.589 | |
| msigdb_check_species | 0.000 | 0.000 | 0.001 | |
| msigdb_download | 0.312 | 0.007 | 0.321 | |
| msigdb_gsets | 0.313 | 0.011 | 0.327 | |
| msigdb_info | 0.001 | 0.000 | 0.002 | |
| msigdb_species | 0.019 | 0.000 | 0.020 | |
| msigdb_version | 0.001 | 0.000 | 0.001 | |
| multihyp | 0.001 | 0.000 | 0.001 | |
| rctbl_build | 0.476 | 0.055 | 0.535 | |
| rctbl_hyp | 0.353 | 0.009 | 0.365 | |
| rctbl_mhyp | 0.469 | 0.063 | 0.537 | |