| Back to Multiple platform build/check report for BioC 3.18: simplified long |
|
This page was generated on 2024-04-17 11:36:02 -0400 (Wed, 17 Apr 2024).
| Hostname | OS | Arch (*) | R version | Installed pkgs |
|---|---|---|---|---|
| nebbiolo2 | Linux (Ubuntu 22.04.3 LTS) | x86_64 | 4.3.3 (2024-02-29) -- "Angel Food Cake" | 4676 |
| palomino4 | Windows Server 2022 Datacenter | x64 | 4.3.3 (2024-02-29 ucrt) -- "Angel Food Cake" | 4414 |
| merida1 | macOS 12.7.1 Monterey | x86_64 | 4.3.3 (2024-02-29) -- "Angel Food Cake" | 4437 |
| Click on any hostname to see more info about the system (e.g. compilers) (*) as reported by 'uname -p', except on Windows and Mac OS X | ||||
| Package 982/2266 | Hostname | OS / Arch | INSTALL | BUILD | CHECK | BUILD BIN | ||||||||
| hypeR 2.0.0 (landing page) Anthony Federico
| nebbiolo2 | Linux (Ubuntu 22.04.3 LTS) / x86_64 | OK | OK | ERROR | |||||||||
| palomino4 | Windows Server 2022 Datacenter / x64 | OK | OK | WARNINGS | OK | |||||||||
| merida1 | macOS 12.7.1 Monterey / x86_64 | OK | OK | WARNINGS | OK | |||||||||
| kjohnson1 | macOS 13.6.1 Ventura / arm64 | see weekly results here | ||||||||||||
|
To the developers/maintainers of the hypeR package: - Allow up to 24 hours (and sometimes 48 hours) for your latest push to git@git.bioconductor.org:packages/hypeR.git to reflect on this report. See Troubleshooting Build Report for more information. - Use the following Renviron settings to reproduce errors and warnings. - If 'R CMD check' started to fail recently on the Linux builder(s) over a missing dependency, add the missing dependency to 'Suggests:' in your DESCRIPTION file. See Renviron.bioc for more information. |
| Package: hypeR |
| Version: 2.0.0 |
| Command: /home/biocbuild/bbs-3.18-bioc/R/bin/R CMD check --install=check:hypeR.install-out.txt --library=/home/biocbuild/bbs-3.18-bioc/R/site-library --timings hypeR_2.0.0.tar.gz |
| StartedAt: 2024-04-15 23:51:54 -0400 (Mon, 15 Apr 2024) |
| EndedAt: 2024-04-15 23:54:47 -0400 (Mon, 15 Apr 2024) |
| EllapsedTime: 172.8 seconds |
| RetCode: 1 |
| Status: ERROR |
| CheckDir: hypeR.Rcheck |
| Warnings: NA |
##############################################################################
##############################################################################
###
### Running command:
###
### /home/biocbuild/bbs-3.18-bioc/R/bin/R CMD check --install=check:hypeR.install-out.txt --library=/home/biocbuild/bbs-3.18-bioc/R/site-library --timings hypeR_2.0.0.tar.gz
###
##############################################################################
##############################################################################
* using log directory ‘/home/biocbuild/bbs-3.18-bioc/meat/hypeR.Rcheck’
* using R version 4.3.3 (2024-02-29)
* using platform: x86_64-pc-linux-gnu (64-bit)
* R was compiled by
gcc (Ubuntu 11.4.0-1ubuntu1~22.04) 11.4.0
GNU Fortran (Ubuntu 11.4.0-1ubuntu1~22.04) 11.4.0
* running under: Ubuntu 22.04.4 LTS
* using session charset: UTF-8
* checking for file ‘hypeR/DESCRIPTION’ ... OK
* this is package ‘hypeR’ version ‘2.0.0’
* package encoding: UTF-8
* checking package namespace information ... OK
* checking package dependencies ... OK
* checking if this is a source package ... OK
* checking if there is a namespace ... OK
* checking for hidden files and directories ... OK
* checking for portable file names ... OK
* checking for sufficient/correct file permissions ... OK
* checking whether package ‘hypeR’ can be installed ... OK
* checking installed package size ... OK
* checking package directory ... OK
* checking ‘build’ directory ... OK
* checking DESCRIPTION meta-information ... OK
* checking top-level files ... OK
* checking for left-over files ... OK
* checking index information ... OK
* checking package subdirectories ... OK
* checking R files for non-ASCII characters ... OK
* checking R files for syntax errors ... OK
* checking whether the package can be loaded ... OK
* checking whether the package can be loaded with stated dependencies ... OK
* checking whether the package can be unloaded cleanly ... OK
* checking whether the namespace can be loaded with stated dependencies ... OK
* checking whether the namespace can be unloaded cleanly ... OK
* checking loading without being on the library search path ... OK
* checking dependencies in R code ... WARNING
'::' or ':::' import not declared from: ‘tibble’
Namespace in Imports field not imported from: ‘BiocStyle’
All declared Imports should be used.
* checking S3 generic/method consistency ... OK
* checking replacement functions ... OK
* checking foreign function calls ... OK
* checking R code for possible problems ... NOTE
.dots_multi_plot : <anonymous>: no visible binding for global variable
‘pval’
.dots_multi_plot : <anonymous>: no visible binding for global variable
‘fdr’
.dots_multi_plot : <anonymous>: no visible binding for global variable
‘label’
.dots_multi_plot: no visible global function definition for ‘head’
.dots_multi_plot: no visible binding for global variable ‘.’
.dots_multi_plot: no visible binding for global variable ‘label’
.dots_multi_plot: no visible binding for global variable ‘geneset’
.dots_multi_plot: no visible binding for global variable ‘size’
.dots_multi_plot: no visible binding for global variable ‘overlap’
.dots_multi_plot: no visible binding for global variable ‘significance’
.dots_multi_plot: no visible binding for global variable ‘signature’
.dots_plot: no visible binding for global variable ‘pval’
.dots_plot: no visible binding for global variable ‘fdr’
.dots_plot: no visible binding for global variable ‘significance’
.dots_plot: no visible binding for global variable ‘size’
.enrichment_map: no visible binding for global variable ‘pval’
.enrichment_map: no visible binding for global variable ‘fdr’
.find_members: no visible binding for global variable ‘from’
.find_members: no visible binding for global variable ‘to’
.hiearchy_map: no visible binding for global variable ‘pval’
.hiearchy_map: no visible binding for global variable ‘fdr’
.hiearchy_map : <anonymous>: no visible binding for global variable
‘label’
.hyper_enrichment: no visible global function definition for ‘is’
.ks_enrichment: no visible global function definition for ‘is’
.ks_enrichment: no visible binding for global variable ‘fdr’
.ks_enrichment: no visible binding for global variable ‘pval’
.ks_enrichment: no visible binding for global variable ‘geneset’
.ks_enrichment: no visible binding for global variable ‘label’
enrichr_available: no visible binding for global variable ‘.’
ggvenn: no visible binding for global variable ‘x’
ggvenn: no visible binding for global variable ‘y’
hyp_dots: no visible global function definition for ‘is’
hyp_emap: no visible global function definition for ‘is’
hyp_hmap: no visible global function definition for ‘is’
hyp_show: no visible global function definition for ‘is’
hyp_to_excel: no visible global function definition for ‘is’
hyp_to_graph: no visible global function definition for ‘is’
hyp_to_rmd: no visible global function definition for ‘is’
hyp_to_rmd : <anonymous>: no visible global function definition for
‘is’
hyp_to_table: no visible global function definition for ‘is’
hyp_to_table: no visible global function definition for ‘write.table’
hypeR: no visible global function definition for ‘is’
hypeR: no visible global function definition for ‘packageVersion’
hypeR: no visible global function definition for ‘head’
msigdb_available: no visible binding for global variable ‘gs_cat’
msigdb_available: no visible binding for global variable ‘gs_subcat’
msigdb_download: no visible binding for global variable ‘gs_name’
msigdb_download: no visible binding for global variable ‘gene_symbol’
msigdb_version: no visible global function definition for
‘packageVersion’
rctbl_build: no visible global function definition for ‘is’
Undefined global functions or variables:
. fdr from gene_symbol geneset gs_cat gs_name gs_subcat head is label
overlap packageVersion pval signature significance size to
write.table x y
Consider adding
importFrom("methods", "is", "signature")
importFrom("utils", "head", "packageVersion", "write.table")
to your NAMESPACE file (and ensure that your DESCRIPTION Imports field
contains 'methods').
* checking Rd files ... OK
* checking Rd metadata ... OK
* checking Rd cross-references ... OK
* checking for missing documentation entries ... OK
* checking for code/documentation mismatches ... WARNING
Codoc mismatches from documentation object '.dots_multi_plot':
.dots_multi_plot
Code: function(multihyp_data, top = 20, abrv = 50, size_by =
c("genesets", "significance", "overlap", "none"),
pval_cutoff = 1, fdr_cutoff = 1, val = c("fdr",
"pval"), title = "")
Docs: function(multihyp_data, top = 20, abrv = 50, size_by =
c("genesets", "significance", "none"), pval_cutoff =
1, fdr_cutoff = 1, val = c("fdr", "pval"), title = "")
Mismatches in argument default values:
Name: 'size_by' Code: c("genesets", "significance", "overlap", "none") Docs: c("genesets", "significance", "none")
* checking Rd \usage sections ... OK
* checking Rd contents ... OK
* checking for unstated dependencies in examples ... OK
* checking files in ‘vignettes’ ... OK
* checking examples ... OK
Examples with CPU (user + system) or elapsed time > 5s
user system elapsed
msigdb_available 15.718 2.276 17.994
hyp_hmap 4.543 0.164 5.076
enrichr_download 0.058 0.008 30.157
* checking for unstated dependencies in ‘tests’ ... OK
* checking tests ...
Running ‘testthat.R’
OK
* checking for unstated dependencies in vignettes ... OK
* checking package vignettes in ‘inst/doc’ ... OK
* checking running R code from vignettes ...
‘hypeR.Rmd’ using ‘UTF-8’... failed
ERROR
Errors in running code in vignettes:
when running code in ‘hypeR.Rmd’
...
> library(reactable)
> devtools::load_all(".")
When sourcing ‘hypeR.R’:
Error: Could not find a root 'DESCRIPTION' file that starts with '^Package' in
'/tmp/RtmpdMDIJ7/file315eb970bb8405/vignettes'.
ℹ Are you in your project directory and does your project have a 'DESCRIPTION'
file?
Execution halted
* checking re-building of vignette outputs ... OK
* checking PDF version of manual ... OK
* DONE
Status: 1 ERROR, 2 WARNINGs, 1 NOTE
See
‘/home/biocbuild/bbs-3.18-bioc/meat/hypeR.Rcheck/00check.log’
for details.
hypeR.Rcheck/00install.out
############################################################################## ############################################################################## ### ### Running command: ### ### /home/biocbuild/bbs-3.18-bioc/R/bin/R CMD INSTALL hypeR ### ############################################################################## ############################################################################## * installing to library ‘/home/biocbuild/bbs-3.18-bioc/R/site-library’ * installing *source* package ‘hypeR’ ... ** using staged installation ** R ** data ** inst ** byte-compile and prepare package for lazy loading ** help *** installing help indices ** building package indices ** installing vignettes ** testing if installed package can be loaded from temporary location ** testing if installed package can be loaded from final location ** testing if installed package keeps a record of temporary installation path * DONE (hypeR)
hypeR.Rcheck/tests/testthat.Rout
R version 4.3.3 (2024-02-29) -- "Angel Food Cake"
Copyright (C) 2024 The R Foundation for Statistical Computing
Platform: x86_64-pc-linux-gnu (64-bit)
R is free software and comes with ABSOLUTELY NO WARRANTY.
You are welcome to redistribute it under certain conditions.
Type 'license()' or 'licence()' for distribution details.
R is a collaborative project with many contributors.
Type 'contributors()' for more information and
'citation()' on how to cite R or R packages in publications.
Type 'demo()' for some demos, 'help()' for on-line help, or
'help.start()' for an HTML browser interface to help.
Type 'q()' to quit R.
> library(testthat)
> library(magrittr)
Attaching package: 'magrittr'
The following objects are masked from 'package:testthat':
equals, is_less_than, not
> library(hypeR)
>
> test_check("hypeR")
/usr/bin/pandoc +RTS -K512m -RTS hyp.1.knit.md --to html4 --from markdown+autolink_bare_uris+tex_math_single_backslash --output hyp.1.html --lua-filter /home/biocbuild/bbs-3.18-bioc/R/site-library/rmarkdown/rmarkdown/lua/pagebreak.lua --lua-filter /home/biocbuild/bbs-3.18-bioc/R/site-library/rmarkdown/rmarkdown/lua/latex-div.lua --self-contained --variable bs3=TRUE --section-divs --table-of-contents --toc-depth 1 --variable toc_float=1 --variable toc_selectors=h1 --variable toc_collapsed=1 --variable toc_smooth_scroll=1 --variable toc_print=1 --template /home/biocbuild/bbs-3.18-bioc/R/site-library/rmarkdown/rmd/h/default.html --no-highlight --variable highlightjs=1 --variable theme=united --mathjax --variable 'mathjax-url=https://mathjax.rstudio.com/latest/MathJax.js?config=TeX-AMS-MML_HTMLorMML' --include-in-header /tmp/RtmpcS0Mxk/rmarkdown-str3129683bd33fc4.html --variable code_folding=hide --variable code_menu=1
/usr/bin/pandoc +RTS -K512m -RTS multihyp.1.knit.md --to html4 --from markdown+autolink_bare_uris+tex_math_single_backslash --output multihyp.1.html --lua-filter /home/biocbuild/bbs-3.18-bioc/R/site-library/rmarkdown/rmarkdown/lua/pagebreak.lua --lua-filter /home/biocbuild/bbs-3.18-bioc/R/site-library/rmarkdown/rmarkdown/lua/latex-div.lua --self-contained --variable bs3=TRUE --section-divs --table-of-contents --toc-depth 1 --variable toc_float=1 --variable toc_selectors=h1 --variable toc_collapsed=1 --variable toc_smooth_scroll=1 --variable toc_print=1 --template /home/biocbuild/bbs-3.18-bioc/R/site-library/rmarkdown/rmd/h/default.html --no-highlight --variable highlightjs=1 --variable theme=united --mathjax --variable 'mathjax-url=https://mathjax.rstudio.com/latest/MathJax.js?config=TeX-AMS-MML_HTMLorMML' --include-in-header /tmp/RtmpcS0Mxk/rmarkdown-str31296866fe666f.html --variable code_folding=hide --variable code_menu=1
/usr/bin/pandoc +RTS -K512m -RTS lmultihyp.1.knit.md --to html4 --from markdown+autolink_bare_uris+tex_math_single_backslash --output lmultihyp.1.html --lua-filter /home/biocbuild/bbs-3.18-bioc/R/site-library/rmarkdown/rmarkdown/lua/pagebreak.lua --lua-filter /home/biocbuild/bbs-3.18-bioc/R/site-library/rmarkdown/rmarkdown/lua/latex-div.lua --self-contained --variable bs3=TRUE --section-divs --table-of-contents --toc-depth 1 --variable toc_float=1 --variable toc_selectors=h1 --variable toc_collapsed=1 --variable toc_smooth_scroll=1 --variable toc_print=1 --template /home/biocbuild/bbs-3.18-bioc/R/site-library/rmarkdown/rmd/h/default.html --no-highlight --variable highlightjs=1 --variable theme=united --mathjax --variable 'mathjax-url=https://mathjax.rstudio.com/latest/MathJax.js?config=TeX-AMS-MML_HTMLorMML' --include-in-header /tmp/RtmpcS0Mxk/rmarkdown-str312968b3d412c.html --variable code_folding=hide --variable code_menu=1
/usr/bin/pandoc +RTS -K512m -RTS hyp.2.knit.md --to html4 --from markdown+autolink_bare_uris+tex_math_single_backslash --output hyp.2.html --lua-filter /home/biocbuild/bbs-3.18-bioc/R/site-library/rmarkdown/rmarkdown/lua/pagebreak.lua --lua-filter /home/biocbuild/bbs-3.18-bioc/R/site-library/rmarkdown/rmarkdown/lua/latex-div.lua --self-contained --variable bs3=TRUE --section-divs --table-of-contents --toc-depth 1 --variable toc_float=1 --variable toc_selectors=h1 --variable toc_collapsed=1 --variable toc_smooth_scroll=1 --variable toc_print=1 --template /home/biocbuild/bbs-3.18-bioc/R/site-library/rmarkdown/rmd/h/default.html --no-highlight --variable highlightjs=1 --variable theme=united --mathjax --variable 'mathjax-url=https://mathjax.rstudio.com/latest/MathJax.js?config=TeX-AMS-MML_HTMLorMML' --include-in-header /tmp/RtmpcS0Mxk/rmarkdown-str312968169d6088.html --variable code_folding=hide --variable code_menu=1
/usr/bin/pandoc +RTS -K512m -RTS multihyp.2.knit.md --to html4 --from markdown+autolink_bare_uris+tex_math_single_backslash --output multihyp.2.html --lua-filter /home/biocbuild/bbs-3.18-bioc/R/site-library/rmarkdown/rmarkdown/lua/pagebreak.lua --lua-filter /home/biocbuild/bbs-3.18-bioc/R/site-library/rmarkdown/rmarkdown/lua/latex-div.lua --self-contained --variable bs3=TRUE --section-divs --table-of-contents --toc-depth 1 --variable toc_float=1 --variable toc_selectors=h1 --variable toc_collapsed=1 --variable toc_smooth_scroll=1 --variable toc_print=1 --template /home/biocbuild/bbs-3.18-bioc/R/site-library/rmarkdown/rmd/h/default.html --no-highlight --variable highlightjs=1 --variable theme=united --mathjax --variable 'mathjax-url=https://mathjax.rstudio.com/latest/MathJax.js?config=TeX-AMS-MML_HTMLorMML' --include-in-header /tmp/RtmpcS0Mxk/rmarkdown-str3129687d84b0e8.html --variable code_folding=hide --variable code_menu=1
/usr/bin/pandoc +RTS -K512m -RTS lmultihyp.2.knit.md --to html4 --from markdown+autolink_bare_uris+tex_math_single_backslash --output lmultihyp.2.html --lua-filter /home/biocbuild/bbs-3.18-bioc/R/site-library/rmarkdown/rmarkdown/lua/pagebreak.lua --lua-filter /home/biocbuild/bbs-3.18-bioc/R/site-library/rmarkdown/rmarkdown/lua/latex-div.lua --self-contained --variable bs3=TRUE --section-divs --table-of-contents --toc-depth 1 --variable toc_float=1 --variable toc_selectors=h1 --variable toc_collapsed=1 --variable toc_smooth_scroll=1 --variable toc_print=1 --template /home/biocbuild/bbs-3.18-bioc/R/site-library/rmarkdown/rmd/h/default.html --no-highlight --variable highlightjs=1 --variable theme=united --mathjax --variable 'mathjax-url=https://mathjax.rstudio.com/latest/MathJax.js?config=TeX-AMS-MML_HTMLorMML' --include-in-header /tmp/RtmpcS0Mxk/rmarkdown-str3129682c600abc.html --variable code_folding=hide --variable code_menu=1
/usr/bin/pandoc +RTS -K512m -RTS lmultihyp.3.knit.md --to html4 --from markdown+autolink_bare_uris+tex_math_single_backslash --output lmultihyp.3.html --lua-filter /home/biocbuild/bbs-3.18-bioc/R/site-library/rmarkdown/rmarkdown/lua/pagebreak.lua --lua-filter /home/biocbuild/bbs-3.18-bioc/R/site-library/rmarkdown/rmarkdown/lua/latex-div.lua --self-contained --variable bs3=TRUE --section-divs --table-of-contents --toc-depth 1 --variable toc_float=1 --variable toc_selectors=h1 --variable toc_collapsed=1 --variable toc_smooth_scroll=1 --variable toc_print=1 --template /home/biocbuild/bbs-3.18-bioc/R/site-library/rmarkdown/rmd/h/default.html --no-highlight --variable highlightjs=1 --variable theme=united --mathjax --variable 'mathjax-url=https://mathjax.rstudio.com/latest/MathJax.js?config=TeX-AMS-MML_HTMLorMML' --include-in-header /tmp/RtmpcS0Mxk/rmarkdown-str31296860f05465.html --variable code_folding=hide --variable code_menu=1
/usr/bin/pandoc +RTS -K512m -RTS hyp.4.knit.md --to html4 --from markdown+autolink_bare_uris+tex_math_single_backslash --output hyp.4.html --lua-filter /home/biocbuild/bbs-3.18-bioc/R/site-library/rmarkdown/rmarkdown/lua/pagebreak.lua --lua-filter /home/biocbuild/bbs-3.18-bioc/R/site-library/rmarkdown/rmarkdown/lua/latex-div.lua --self-contained --variable bs3=TRUE --section-divs --table-of-contents --toc-depth 1 --variable toc_float=1 --variable toc_selectors=h1 --variable toc_collapsed=1 --variable toc_smooth_scroll=1 --variable toc_print=1 --template /home/biocbuild/bbs-3.18-bioc/R/site-library/rmarkdown/rmd/h/default.html --no-highlight --variable highlightjs=1 --variable theme=united --mathjax --variable 'mathjax-url=https://mathjax.rstudio.com/latest/MathJax.js?config=TeX-AMS-MML_HTMLorMML' --include-in-header /tmp/RtmpcS0Mxk/rmarkdown-str3129682b9b7440.html --variable code_folding=hide --variable code_menu=1
/usr/bin/pandoc +RTS -K512m -RTS multihyp.4.knit.md --to html4 --from markdown+autolink_bare_uris+tex_math_single_backslash --output multihyp.4.html --lua-filter /home/biocbuild/bbs-3.18-bioc/R/site-library/rmarkdown/rmarkdown/lua/pagebreak.lua --lua-filter /home/biocbuild/bbs-3.18-bioc/R/site-library/rmarkdown/rmarkdown/lua/latex-div.lua --self-contained --variable bs3=TRUE --section-divs --table-of-contents --toc-depth 1 --variable toc_float=1 --variable toc_selectors=h1 --variable toc_collapsed=1 --variable toc_smooth_scroll=1 --variable toc_print=1 --template /home/biocbuild/bbs-3.18-bioc/R/site-library/rmarkdown/rmd/h/default.html --no-highlight --variable highlightjs=1 --variable theme=united --mathjax --variable 'mathjax-url=https://mathjax.rstudio.com/latest/MathJax.js?config=TeX-AMS-MML_HTMLorMML' --include-in-header /tmp/RtmpcS0Mxk/rmarkdown-str312968552d7939.html --variable code_folding=hide --variable code_menu=1
/usr/bin/pandoc +RTS -K512m -RTS combo.1.knit.md --to html4 --from markdown+autolink_bare_uris+tex_math_single_backslash --output combo.1.html --lua-filter /home/biocbuild/bbs-3.18-bioc/R/site-library/rmarkdown/rmarkdown/lua/pagebreak.lua --lua-filter /home/biocbuild/bbs-3.18-bioc/R/site-library/rmarkdown/rmarkdown/lua/latex-div.lua --self-contained --variable bs3=TRUE --section-divs --table-of-contents --toc-depth 1 --variable toc_float=1 --variable toc_selectors=h1 --variable toc_collapsed=1 --variable toc_smooth_scroll=1 --variable toc_print=1 --template /home/biocbuild/bbs-3.18-bioc/R/site-library/rmarkdown/rmd/h/default.html --no-highlight --variable highlightjs=1 --variable theme=united --mathjax --variable 'mathjax-url=https://mathjax.rstudio.com/latest/MathJax.js?config=TeX-AMS-MML_HTMLorMML' --include-in-header /tmp/RtmpcS0Mxk/rmarkdown-str3129686f3dad96.html --variable code_folding=hide --variable code_menu=1
/usr/bin/pandoc +RTS -K512m -RTS combo.2.knit.md --to html4 --from markdown+autolink_bare_uris+tex_math_single_backslash --output combo.2.html --lua-filter /home/biocbuild/bbs-3.18-bioc/R/site-library/rmarkdown/rmarkdown/lua/pagebreak.lua --lua-filter /home/biocbuild/bbs-3.18-bioc/R/site-library/rmarkdown/rmarkdown/lua/latex-div.lua --self-contained --variable bs3=TRUE --section-divs --table-of-contents --toc-depth 1 --variable toc_float=1 --variable toc_selectors=h1 --variable toc_collapsed=1 --variable toc_smooth_scroll=1 --variable toc_print=1 --template /home/biocbuild/bbs-3.18-bioc/R/site-library/rmarkdown/rmd/h/default.html --no-highlight --variable highlightjs=1 --variable theme=united --mathjax --variable 'mathjax-url=https://mathjax.rstudio.com/latest/MathJax.js?config=TeX-AMS-MML_HTMLorMML' --include-in-header /tmp/RtmpcS0Mxk/rmarkdown-str31296840cd6328.html --variable code_folding=hide --variable code_menu=1
/usr/bin/pandoc +RTS -K512m -RTS combo.3.knit.md --to html4 --from markdown+autolink_bare_uris+tex_math_single_backslash --output combo.3.html --lua-filter /home/biocbuild/bbs-3.18-bioc/R/site-library/rmarkdown/rmarkdown/lua/pagebreak.lua --lua-filter /home/biocbuild/bbs-3.18-bioc/R/site-library/rmarkdown/rmarkdown/lua/latex-div.lua --self-contained --variable bs3=TRUE --section-divs --table-of-contents --toc-depth 1 --variable toc_float=1 --variable toc_selectors=h1 --variable toc_collapsed=1 --variable toc_smooth_scroll=1 --variable toc_print=1 --template /home/biocbuild/bbs-3.18-bioc/R/site-library/rmarkdown/rmd/h/default.html --no-highlight --variable highlightjs=1 --variable theme=united --mathjax --variable 'mathjax-url=https://mathjax.rstudio.com/latest/MathJax.js?config=TeX-AMS-MML_HTMLorMML' --include-in-header /tmp/RtmpcS0Mxk/rmarkdown-str31296845b069f8.html --variable code_folding=hide --variable code_menu=1
[ FAIL 0 | WARN 2 | SKIP 0 | PASS 424 ]
[ FAIL 0 | WARN 2 | SKIP 0 | PASS 424 ]
>
> proc.time()
user system elapsed
55.148 1.246 56.460
hypeR.Rcheck/hypeR-Ex.timings
| name | user | system | elapsed | |
| clean_genesets | 2.190 | 0.236 | 2.426 | |
| dot-format_str | 0 | 0 | 0 | |
| dot-string_args | 0 | 0 | 0 | |
| enrichr_available | 0.200 | 0.025 | 0.482 | |
| enrichr_download | 0.058 | 0.008 | 30.157 | |
| enrichr_gsets | 0.093 | 0.008 | 1.043 | |
| gsets | 0.001 | 0.000 | 0.000 | |
| hyp | 0.002 | 0.004 | 0.006 | |
| hyp_dots | 1.112 | 0.100 | 1.213 | |
| hyp_emap | 0.838 | 0.076 | 0.914 | |
| hyp_hmap | 4.543 | 0.164 | 5.076 | |
| hyp_show | 0.705 | 0.040 | 0.755 | |
| hyp_to_excel | 0.943 | 0.040 | 0.982 | |
| hyp_to_graph | 3.115 | 0.084 | 3.256 | |
| hyp_to_table | 0.720 | 0.047 | 0.768 | |
| hypeR | 0.698 | 0.008 | 0.706 | |
| hyperdb_available | 0.077 | 0.004 | 0.262 | |
| hyperdb_gsets | 0.028 | 0.000 | 0.249 | |
| hyperdb_rgsets | 0.037 | 0.000 | 0.094 | |
| msigdb_available | 15.718 | 2.276 | 17.994 | |
| msigdb_check_species | 0.000 | 0.000 | 0.001 | |
| msigdb_download | 0.26 | 0.06 | 0.32 | |
| msigdb_gsets | 0.254 | 0.068 | 0.323 | |
| msigdb_info | 0.001 | 0.000 | 0.001 | |
| msigdb_species | 0.016 | 0.000 | 0.015 | |
| msigdb_version | 0.001 | 0.000 | 0.000 | |
| multihyp | 0.001 | 0.000 | 0.000 | |
| rctbl_build | 0.430 | 0.051 | 0.482 | |
| rctbl_hyp | 0.324 | 0.000 | 0.323 | |
| rctbl_mhyp | 0.398 | 0.040 | 0.437 | |