| Back to Multiple platform build/check report for BioC 3.18: simplified long |
|
This page was generated on 2023-11-02 11:40:47 -0400 (Thu, 02 Nov 2023).
| Hostname | OS | Arch (*) | R version | Installed pkgs |
|---|---|---|---|---|
| nebbiolo2 | Linux (Ubuntu 22.04.2 LTS) | x86_64 | 4.3.1 (2023-06-16) -- "Beagle Scouts" | 4729 |
| palomino4 | Windows Server 2022 Datacenter | x64 | 4.3.1 (2023-06-16 ucrt) -- "Beagle Scouts" | 4463 |
| lconway | macOS 12.6.5 Monterey | x86_64 | 4.3.1 Patched (2023-06-17 r84564) -- "Beagle Scouts" | 4478 |
| kunpeng2 | Linux (openEuler 22.03 LTS-SP1) | aarch64 | 4.3.1 (2023-06-16) -- "Beagle Scouts" | 4464 |
| Click on any hostname to see more info about the system (e.g. compilers) (*) as reported by 'uname -p', except on Windows and Mac OS X | ||||
| Package 930/2266 | Hostname | OS / Arch | INSTALL | BUILD | CHECK | BUILD BIN | ||||||||
| hapFabia 1.44.0 (landing page) Andreas Mitterecker
| nebbiolo2 | Linux (Ubuntu 22.04.2 LTS) / x86_64 | OK | OK | WARNINGS | |||||||||
| palomino4 | Windows Server 2022 Datacenter / x64 | OK | OK | WARNINGS | OK | |||||||||
| lconway | macOS 12.6.5 Monterey / x86_64 | OK | OK | WARNINGS | OK | |||||||||
| kjohnson1 | macOS 13.6.1 Ventura / arm64 | see weekly results here | ||||||||||||
| kunpeng2 | Linux (openEuler 22.03 LTS-SP1) / aarch64 | OK | OK | WARNINGS | ||||||||||
|
To the developers/maintainers of the hapFabia package: - Allow up to 24 hours (and sometimes 48 hours) for your latest push to git@git.bioconductor.org:packages/hapFabia.git to reflect on this report. See Troubleshooting Build Report for more information. - Use the following Renviron settings to reproduce errors and warnings. - If 'R CMD check' started to fail recently on the Linux builder(s) over a missing dependency, add the missing dependency to 'Suggests:' in your DESCRIPTION file. See Renviron.bioc for more information. - See Martin Grigorov's blog post for how to debug Linux ARM64 related issues on a x86_64 host. |
| Package: hapFabia |
| Version: 1.44.0 |
| Command: /home/biocbuild/R/R-4.3.1/bin/R CMD check --install=check:hapFabia.install-out.txt --library=/home/biocbuild/R/R-4.3.1/site-library --no-vignettes --timings hapFabia_1.44.0.tar.gz |
| StartedAt: 2023-11-02 11:12:54 -0000 (Thu, 02 Nov 2023) |
| EndedAt: 2023-11-02 11:14:07 -0000 (Thu, 02 Nov 2023) |
| EllapsedTime: 73.1 seconds |
| RetCode: 0 |
| Status: WARNINGS |
| CheckDir: hapFabia.Rcheck |
| Warnings: 2 |
##############################################################################
##############################################################################
###
### Running command:
###
### /home/biocbuild/R/R-4.3.1/bin/R CMD check --install=check:hapFabia.install-out.txt --library=/home/biocbuild/R/R-4.3.1/site-library --no-vignettes --timings hapFabia_1.44.0.tar.gz
###
##############################################################################
##############################################################################
* using log directory ‘/home/biocbuild/bbs-3.18-bioc/meat/hapFabia.Rcheck’
* using R version 4.3.1 (2023-06-16)
* using platform: aarch64-unknown-linux-gnu (64-bit)
* R was compiled by
gcc (GCC) 10.3.1
GNU Fortran (GCC) 10.3.1
* running under: openEuler 22.03 (LTS-SP1)
* using session charset: UTF-8
* using option ‘--no-vignettes’
* checking for file ‘hapFabia/DESCRIPTION’ ... OK
* this is package ‘hapFabia’ version ‘1.44.0’
* checking package namespace information ... OK
* checking package dependencies ... OK
* checking if this is a source package ... OK
* checking if there is a namespace ... OK
* checking for hidden files and directories ... OK
* checking for portable file names ... OK
* checking for sufficient/correct file permissions ... OK
* checking whether package ‘hapFabia’ can be installed ... WARNING
Found the following significant warnings:
vcftoFABIAB.c:352:5: warning: ‘strncat’ output may be truncated copying 190 bytes from a string of length 1999999 [-Wstringop-truncation]
vcftoFABIAB.c:382:5: warning: ‘strncat’ output may be truncated copying 190 bytes from a string of length 19999 [-Wstringop-truncation]
vcftoFABIAB.c:394:5: warning: ‘strncat’ output may be truncated copying 19 bytes from a string of length 1999 [-Wstringop-truncation]
vcftoFABIAB.c:362:5: warning: ‘strncat’ output may be truncated copying 19 bytes from a string of length 1999 [-Wstringop-truncation]
vcftoFABIAB.c:372:5: warning: ‘strncat’ output may be truncated copying 19 bytes from a string of length 1999 [-Wstringop-truncation]
vcftoFABIAB.c:332:5: warning: ‘strncat’ output may be truncated copying 49 bytes from a string of length 4999 [-Wstringop-truncation]
vcftoFABIAB.c:342:5: warning: ‘strncat’ output may be truncated copying 190 bytes from a string of length 1999999 [-Wstringop-truncation]
See ‘/home/biocbuild/bbs-3.18-bioc/meat/hapFabia.Rcheck/00install.out’ for details.
* used C compiler: ‘gcc (GCC) 10.3.1’
* checking installed package size ... OK
* checking package directory ... OK
* checking ‘build’ directory ... OK
* checking DESCRIPTION meta-information ... OK
* checking top-level files ... OK
* checking for left-over files ... OK
* checking index information ... OK
* checking package subdirectories ... NOTE
Problems with news in ‘NEWS’:
Cannot process chunk/lines:
The beginning
* checking R files for non-ASCII characters ... OK
* checking R files for syntax errors ... OK
* checking whether the package can be loaded ... OK
* checking whether the package can be loaded with stated dependencies ... OK
* checking whether the package can be unloaded cleanly ... OK
* checking whether the namespace can be loaded with stated dependencies ... OK
* checking whether the namespace can be unloaded cleanly ... OK
* checking loading without being on the library search path ... OK
* checking startup messages can be suppressed ... OK
* checking dependencies in R code ... OK
* checking S3 generic/method consistency ... OK
* checking replacement functions ... OK
* checking foreign function calls ... OK
* checking R code for possible problems ... NOTE
File ‘hapFabia/R/zzz.R’:
.onLoad calls:
packageStartupMessage("+--------------------------+ # # ## ##### \n", "|#.....#...#.......#.#....#| # # # # # # \n", "|#.....#...#.......#.#....#| ###### # # # # \n", "|#.....#...#...............| # # ###### ##### \n", "|#.....#...#.......#.#....#| # # # # # \n", "|#.....#...#...............| # # # # # \n", "|#.....#...#.......#.#....#| ####### \n", "|..................#.#....#| # ## ##### # ## \n", "|#.....#...#.......#.#....#| # # # # # # # # \n", "|..................#.#....#| ##### # # ##### # # # \n", "|#.....#...#.......#.#....#| # ###### # # # ###### \n", "|#.....#...#.......#.#....#| # # # # # # # # \n", "+--------------------------+ # # # ##### # # # \n")
packageStartupMessage("Citation: S. Hochreiter,", "\n", "HapFABIA: Identification of very short segments of identity by descent characterized by rare variants in large sequencing data,", "\n", "Nucleic Acids Research, 2013, doi: 10.1093/nar/gkt1013.", "\n", "BibTex: enter 'toBibtex(citation(\"hapFabia\"))'", "\n\n", "Homepage: http://www.bioinf.jku.at/software/hapFabia/index.html", "\n\n", "hapFabia Package Version ", version, "\n")
See section ‘Good practice’ in '?.onAttach'.
* checking Rd files ... WARNING
checkRd: (5) IBDsegment-class.Rd:439: \item in \value must have non-empty label
checkRd: (5) IBDsegment-class.Rd:205-209: \item in \describe must have non-empty label
checkRd: (5) IBDsegment-class.Rd:211-215: \item in \describe must have non-empty label
checkRd: (5) IBDsegment-class.Rd:219-223: \item in \describe must have non-empty label
checkRd: (5) IBDsegment-class.Rd:227-231: \item in \describe must have non-empty label
checkRd: (5) IBDsegment-class.Rd:235-239: \item in \describe must have non-empty label
checkRd: (5) IBDsegment-class.Rd:243-247: \item in \describe must have non-empty label
checkRd: (5) IBDsegment-class.Rd:251-255: \item in \describe must have non-empty label
checkRd: (5) IBDsegment-class.Rd:259-263: \item in \describe must have non-empty label
checkRd: (5) IBDsegment-class.Rd:267-271: \item in \describe must have non-empty label
checkRd: (5) IBDsegment-class.Rd:275-279: \item in \describe must have non-empty label
checkRd: (5) IBDsegment-class.Rd:283-287: \item in \describe must have non-empty label
checkRd: (5) IBDsegment-class.Rd:291-295: \item in \describe must have non-empty label
checkRd: (5) IBDsegment-class.Rd:299-303: \item in \describe must have non-empty label
checkRd: (5) IBDsegment-class.Rd:307-311: \item in \describe must have non-empty label
checkRd: (5) IBDsegment-class.Rd:315-319: \item in \describe must have non-empty label
checkRd: (5) IBDsegment-class.Rd:323-327: \item in \describe must have non-empty label
checkRd: (5) IBDsegment-class.Rd:331-335: \item in \describe must have non-empty label
checkRd: (5) IBDsegment-class.Rd:339-343: \item in \describe must have non-empty label
checkRd: (5) IBDsegment-class.Rd:347-351: \item in \describe must have non-empty label
checkRd: (5) IBDsegment-class.Rd:355-359: \item in \describe must have non-empty label
checkRd: (5) IBDsegment-class.Rd:363-367: \item in \describe must have non-empty label
checkRd: (5) IBDsegment-class.Rd:371-375: \item in \describe must have non-empty label
checkRd: (5) IBDsegment-class.Rd:379-383: \item in \describe must have non-empty label
checkRd: (5) IBDsegmentList-class.Rd:171: \item in \value must have non-empty label
checkRd: (5) IBDsegmentList-class.Rd:92-96: \item in \describe must have non-empty label
checkRd: (5) IBDsegmentList-class.Rd:98-102: \item in \describe must have non-empty label
checkRd: (5) IBDsegmentList-class.Rd:104-108: \item in \describe must have non-empty label
checkRd: (5) IBDsegmentList-class.Rd:111-116: \item in \describe must have non-empty label
checkRd: (5) IBDsegmentList-class.Rd:118-123: \item in \describe must have non-empty label
checkRd: (5) toolsFactorizationClass.Rd:83: \item in \value must have non-empty label
checkRd: (5) toolsFactorizationClass.Rd:84: \item in \value must have non-empty label
checkRd: (5) toolsFactorizationClass.Rd:85: \item in \value must have non-empty label
* checking Rd metadata ... OK
* checking Rd cross-references ... OK
* checking for missing documentation entries ... OK
* checking for code/documentation mismatches ... OK
* checking Rd \usage sections ... OK
* checking Rd contents ... OK
* checking for unstated dependencies in examples ... OK
* checking contents of ‘data’ directory ... OK
* checking data for non-ASCII characters ... OK
* checking data for ASCII and uncompressed saves ... OK
* checking line endings in shell scripts ... OK
* checking line endings in C/C++/Fortran sources/headers ... OK
* checking line endings in Makefiles ... OK
* checking compilation flags in Makevars ... OK
* checking for GNU extensions in Makefiles ... OK
* checking for portable use of $(BLAS_LIBS) and $(LAPACK_LIBS) ... OK
* checking use of PKG_*FLAGS in Makefiles ... OK
* checking compiled code ... NOTE
Note: information on .o files is not available
* checking files in ‘vignettes’ ... OK
* checking examples ... OK
Examples with CPU (user + system) or elapsed time > 5s
user system elapsed
iterateIntervals 5.02 0.07 5.103
* checking for unstated dependencies in vignettes ... OK
* checking package vignettes in ‘inst/doc’ ... OK
* checking running R code from vignettes ... SKIPPED
* checking re-building of vignette outputs ... SKIPPED
* checking PDF version of manual ... OK
* DONE
Status: 2 WARNINGs, 3 NOTEs
See
‘/home/biocbuild/bbs-3.18-bioc/meat/hapFabia.Rcheck/00check.log’
for details.
hapFabia.Rcheck/00install.out
##############################################################################
##############################################################################
###
### Running command:
###
### /home/biocbuild/R/R-4.3.1/bin/R CMD INSTALL hapFabia
###
##############################################################################
##############################################################################
* installing to library ‘/home/biocbuild/R/R-4.3.1/site-library’
* installing *source* package ‘hapFabia’ ...
** using staged installation
** libs
using C compiler: ‘gcc (GCC) 10.3.1’
gcc -I"/home/biocbuild/R/R-4.3.1/include" -DNDEBUG -I/usr/local/include -fPIC -g -O2 -Wall -c interfaceR.c -o interfaceR.o
gcc -I"/home/biocbuild/R/R-4.3.1/include" -DNDEBUG -I/usr/local/include -fPIC -g -O2 -Wall -c split_sparse_matrixB.c -o split_sparse_matrixB.o
gcc -I"/home/biocbuild/R/R-4.3.1/include" -DNDEBUG -I/usr/local/include -fPIC -g -O2 -Wall -c vcftoFABIAB.c -o vcftoFABIAB.o
vcftoFABIAB.c: In function ‘getdelimS’:
vcftoFABIAB.c:50:7: warning: this ‘if’ clause does not guard... [-Wmisleading-indentation]
50 | if (ch == EOF)
| ^~
vcftoFABIAB.c:54:10: note: ...this statement, but the latter is misleadingly indented as if it were guarded by the ‘if’
54 | while (idx > *linebufsz - 2) {
| ^~~~~
vcftoFABIAB.c: In function ‘vcftoFABIAB’:
vcftoFABIAB.c:352:5: warning: ‘strncat’ output may be truncated copying 190 bytes from a string of length 1999999 [-Wstringop-truncation]
352 | strncat(minor[j],Iminor,190);
| ^~~~~~~~~~~~~~~~~~~~~~~~~~~~
vcftoFABIAB.c:382:5: warning: ‘strncat’ output may be truncated copying 190 bytes from a string of length 19999 [-Wstringop-truncation]
382 | strncat(info[j],Iinfo,190);
| ^~~~~~~~~~~~~~~~~~~~~~~~~~
vcftoFABIAB.c:394:5: warning: ‘strncat’ output may be truncated copying 19 bytes from a string of length 1999 [-Wstringop-truncation]
394 | strncat(format[j],Iformat,19);
| ^~~~~~~~~~~~~~~~~~~~~~~~~~~~~
vcftoFABIAB.c:362:5: warning: ‘strncat’ output may be truncated copying 19 bytes from a string of length 1999 [-Wstringop-truncation]
362 | strncat(qual[j],Iqual,19);
| ^~~~~~~~~~~~~~~~~~~~~~~~~
vcftoFABIAB.c:372:5: warning: ‘strncat’ output may be truncated copying 19 bytes from a string of length 1999 [-Wstringop-truncation]
372 | strncat(filter[j],Ifilter,19);
| ^~~~~~~~~~~~~~~~~~~~~~~~~~~~~
vcftoFABIAB.c:332:5: warning: ‘strncat’ output may be truncated copying 49 bytes from a string of length 4999 [-Wstringop-truncation]
332 | strncat(snpName[j],IsnpName,49);
| ^~~~~~~~~~~~~~~~~~~~~~~~~~~~~~~
vcftoFABIAB.c:342:5: warning: ‘strncat’ output may be truncated copying 190 bytes from a string of length 1999999 [-Wstringop-truncation]
342 | strncat(major[j],Imajor,190);
| ^~~~~~~~~~~~~~~~~~~~~~~~~~~~
gcc -shared -L/home/biocbuild/R/R-4.3.1/lib -L/usr/local/lib -o hapFabia.so interfaceR.o split_sparse_matrixB.o vcftoFABIAB.o -L/home/biocbuild/R/R-4.3.1/lib -lR
gcc -c ./commandLine/split_sparse_matrix.c -o ./commandLine/split_sparse_matrix.o -g -O2 -Wall
gcc -c split_sparse_matrixB.c -o ./commandLine/split_sparse_matrixB.o -g -O2 -Wall
gcc ./commandLine/split_sparse_matrix.o ./commandLine/split_sparse_matrixB.o -o ./commandLine/split_sparse_matrix
mv ./commandLine/split_sparse_matrix ../inst/commandLine/
gcc -c ./commandLine/vcftoFABIA.c -o ./commandLine/vcftoFABIA.o -g -O2 -Wall
gcc -c vcftoFABIAB.c -o ./commandLine/vcftoFABIAB.o -g -O2 -Wall
vcftoFABIAB.c: In function ‘getdelimS’:
vcftoFABIAB.c:50:7: warning: this ‘if’ clause does not guard... [-Wmisleading-indentation]
50 | if (ch == EOF)
| ^~
vcftoFABIAB.c:54:10: note: ...this statement, but the latter is misleadingly indented as if it were guarded by the ‘if’
54 | while (idx > *linebufsz - 2) {
| ^~~~~
vcftoFABIAB.c: In function ‘vcftoFABIAB’:
vcftoFABIAB.c:352:5: warning: ‘strncat’ output may be truncated copying 190 bytes from a string of length 1999999 [-Wstringop-truncation]
352 | strncat(minor[j],Iminor,190);
| ^~~~~~~~~~~~~~~~~~~~~~~~~~~~
vcftoFABIAB.c:382:5: warning: ‘strncat’ output may be truncated copying 190 bytes from a string of length 19999 [-Wstringop-truncation]
382 | strncat(info[j],Iinfo,190);
| ^~~~~~~~~~~~~~~~~~~~~~~~~~
vcftoFABIAB.c:394:5: warning: ‘strncat’ output may be truncated copying 19 bytes from a string of length 1999 [-Wstringop-truncation]
394 | strncat(format[j],Iformat,19);
| ^~~~~~~~~~~~~~~~~~~~~~~~~~~~~
vcftoFABIAB.c:362:5: warning: ‘strncat’ output may be truncated copying 19 bytes from a string of length 1999 [-Wstringop-truncation]
362 | strncat(qual[j],Iqual,19);
| ^~~~~~~~~~~~~~~~~~~~~~~~~
vcftoFABIAB.c:372:5: warning: ‘strncat’ output may be truncated copying 19 bytes from a string of length 1999 [-Wstringop-truncation]
372 | strncat(filter[j],Ifilter,19);
| ^~~~~~~~~~~~~~~~~~~~~~~~~~~~~
vcftoFABIAB.c:332:5: warning: ‘strncat’ output may be truncated copying 49 bytes from a string of length 4999 [-Wstringop-truncation]
332 | strncat(snpName[j],IsnpName,49);
| ^~~~~~~~~~~~~~~~~~~~~~~~~~~~~~~
vcftoFABIAB.c:342:5: warning: ‘strncat’ output may be truncated copying 190 bytes from a string of length 1999999 [-Wstringop-truncation]
342 | strncat(major[j],Imajor,190);
| ^~~~~~~~~~~~~~~~~~~~~~~~~~~~
gcc ./commandLine/vcftoFABIA.o ./commandLine/vcftoFABIAB.o -o ./commandLine/vcftoFABIA
mv ./commandLine/vcftoFABIA ../inst/commandLine/
installing to /home/biocbuild/R/R-4.3.1/site-library/00LOCK-hapFabia/00new/hapFabia/libs
** R
** data
** inst
** byte-compile and prepare package for lazy loading
** help
*** installing help indices
** building package indices
** installing vignettes
** testing if installed package can be loaded from temporary location
** checking absolute paths in shared objects and dynamic libraries
** testing if installed package can be loaded from final location
** testing if installed package keeps a record of temporary installation path
* DONE (hapFabia)
hapFabia.Rcheck/hapFabia-Ex.timings
| name | user | system | elapsed | |
| IBDsegment-class | 0.352 | 0.013 | 0.365 | |
| IBDsegmentList-class | 0.009 | 0.002 | 0.012 | |
| IBDsegmentList2excel | 0.009 | 0.000 | 0.008 | |
| analyzeIBDsegments | 0.001 | 0.000 | 0.001 | |
| compareIBDsegmentLists | 0.018 | 0.000 | 0.018 | |
| extractIBDsegments | 0.048 | 0.000 | 0.049 | |
| findDenseRegions | 0.003 | 0.000 | 0.004 | |
| hapFabia | 2.408 | 0.123 | 3.953 | |
| hapFabiaVersion | 0.001 | 0.000 | 0.001 | |
| identifyDuplicates | 0.000 | 0.001 | 0.001 | |
| iterateIntervals | 5.020 | 0.070 | 5.103 | |
| makePipelineFile | 0.003 | 0.001 | 0.004 | |
| matrixPlot | 0.003 | 0.002 | 0.005 | |
| mergeIBDsegmentLists | 0.014 | 0.000 | 0.014 | |
| plotIBDsegment | 0.285 | 0.008 | 0.293 | |
| setAnnotation | 0.066 | 0.000 | 0.066 | |
| setStatistics | 0.055 | 0.000 | 0.055 | |
| sim | 0 | 0 | 0 | |
| simulateIBDsegments | 0 | 0 | 0 | |
| simulateIBDsegmentsFabia | 1.451 | 0.028 | 1.482 | |
| split_sparse_matrix | 0.000 | 0.001 | 0.000 | |
| toolsFactorizationClass | 0.636 | 0.010 | 0.655 | |
| vcftoFABIA | 0.000 | 0.001 | 0.000 | |