| Back to Multiple platform build/check report for BioC 3.18: simplified long |
|
This page was generated on 2024-03-04 11:37:22 -0500 (Mon, 04 Mar 2024).
| Hostname | OS | Arch (*) | R version | Installed pkgs |
|---|---|---|---|---|
| nebbiolo2 | Linux (Ubuntu 22.04.3 LTS) | x86_64 | 4.3.2 Patched (2023-11-13 r85521) -- "Eye Holes" | 4692 |
| palomino4 | Windows Server 2022 Datacenter | x64 | 4.3.2 (2023-10-31 ucrt) -- "Eye Holes" | 4445 |
| lconway | macOS 12.7.1 Monterey | x86_64 | 4.3.2 Patched (2023-11-01 r85457) -- "Eye Holes" | 4466 |
| Click on any hostname to see more info about the system (e.g. compilers) (*) as reported by 'uname -p', except on Windows and Mac OS X | ||||
| Package 794/2266 | Hostname | OS / Arch | INSTALL | BUILD | CHECK | BUILD BIN | ||||||||
| genefu 2.34.0 (landing page) Benjamin Haibe-Kains
| nebbiolo2 | Linux (Ubuntu 22.04.3 LTS) / x86_64 | OK | OK | WARNINGS | |||||||||
| palomino4 | Windows Server 2022 Datacenter / x64 | OK | OK | WARNINGS | OK | |||||||||
| lconway | macOS 12.7.1 Monterey / x86_64 | OK | OK | WARNINGS | OK | |||||||||
| kjohnson1 | macOS 13.6.1 Ventura / arm64 | see weekly results here | ||||||||||||
|
To the developers/maintainers of the genefu package: - Allow up to 24 hours (and sometimes 48 hours) for your latest push to git@git.bioconductor.org:packages/genefu.git to reflect on this report. See Troubleshooting Build Report for more information. - Use the following Renviron settings to reproduce errors and warnings. - If 'R CMD check' started to fail recently on the Linux builder(s) over a missing dependency, add the missing dependency to 'Suggests:' in your DESCRIPTION file. See Renviron.bioc for more information. |
| Package: genefu |
| Version: 2.34.0 |
| Command: /Library/Frameworks/R.framework/Resources/bin/R CMD check --install=check:genefu.install-out.txt --library=/Library/Frameworks/R.framework/Resources/library --no-vignettes --timings genefu_2.34.0.tar.gz |
| StartedAt: 2024-03-03 20:45:57 -0500 (Sun, 03 Mar 2024) |
| EndedAt: 2024-03-03 20:48:50 -0500 (Sun, 03 Mar 2024) |
| EllapsedTime: 172.3 seconds |
| RetCode: 0 |
| Status: WARNINGS |
| CheckDir: genefu.Rcheck |
| Warnings: 1 |
##############################################################################
##############################################################################
###
### Running command:
###
### /Library/Frameworks/R.framework/Resources/bin/R CMD check --install=check:genefu.install-out.txt --library=/Library/Frameworks/R.framework/Resources/library --no-vignettes --timings genefu_2.34.0.tar.gz
###
##############################################################################
##############################################################################
* using log directory ‘/Users/biocbuild/bbs-3.18-bioc/meat/genefu.Rcheck’
* using R version 4.3.2 Patched (2023-11-01 r85457)
* using platform: x86_64-apple-darwin20 (64-bit)
* R was compiled by
Apple clang version 14.0.3 (clang-1403.0.22.14.1)
GNU Fortran (GCC) 12.2.0
* running under: macOS Monterey 12.7.1
* using session charset: UTF-8
* using option ‘--no-vignettes’
* checking for file ‘genefu/DESCRIPTION’ ... OK
* checking extension type ... Package
* this is package ‘genefu’ version ‘2.34.0’
* package encoding: UTF-8
* checking package namespace information ... OK
* checking package dependencies ... OK
* checking if this is a source package ... OK
* checking if there is a namespace ... OK
* checking for hidden files and directories ... OK
* checking for portable file names ... OK
* checking for sufficient/correct file permissions ... OK
* checking whether package ‘genefu’ can be installed ... WARNING
Found the following significant warnings:
Warning: replacing previous import ‘limma::logsumexp’ by ‘mclust::logsumexp’ when loading ‘genefu’
See ‘/Users/biocbuild/bbs-3.18-bioc/meat/genefu.Rcheck/00install.out’ for details.
* checking installed package size ... NOTE
installed size is 5.2Mb
sub-directories of 1Mb or more:
data 4.0Mb
* checking package directory ... OK
* checking ‘build’ directory ... OK
* checking DESCRIPTION meta-information ... OK
* checking top-level files ... OK
* checking for left-over files ... OK
* checking index information ... OK
* checking package subdirectories ... OK
* checking R files for non-ASCII characters ... OK
* checking R files for syntax errors ... OK
* checking whether the package can be loaded ... OK
* checking whether the package can be loaded with stated dependencies ... OK
* checking whether the package can be unloaded cleanly ... OK
* checking whether the namespace can be loaded with stated dependencies ... OK
* checking whether the namespace can be unloaded cleanly ... OK
* checking dependencies in R code ... NOTE
Packages in Depends field not imported from:
‘AIMS’ ‘biomaRt’ ‘iC10’
These packages need to be imported from (in the NAMESPACE file)
for when this namespace is loaded but not attached.
Unexported objects imported by ':::' calls:
‘mclust:::grid1’ ‘mclust:::grid2’
See the note in ?`:::` about the use of this operator.
* checking S3 generic/method consistency ... OK
* checking replacement functions ... OK
* checking foreign function calls ... OK
* checking R code for possible problems ... OK
* checking Rd files ... OK
* checking Rd metadata ... OK
* checking Rd cross-references ... OK
* checking for missing documentation entries ... OK
* checking for code/documentation mismatches ... OK
* checking Rd \usage sections ... OK
* checking Rd contents ... OK
* checking for unstated dependencies in examples ... OK
* checking contents of ‘data’ directory ... OK
* checking data for non-ASCII characters ... OK
* checking data for ASCII and uncompressed saves ... OK
* checking files in ‘vignettes’ ... OK
* checking examples ... OK
* checking for unstated dependencies in vignettes ... OK
* checking package vignettes in ‘inst/doc’ ... OK
* checking running R code from vignettes ... SKIPPED
* checking re-building of vignette outputs ... SKIPPED
* checking PDF version of manual ... OK
* DONE
Status: 1 WARNING, 2 NOTEs
See
‘/Users/biocbuild/bbs-3.18-bioc/meat/genefu.Rcheck/00check.log’
for details.
genefu.Rcheck/00install.out
############################################################################## ############################################################################## ### ### Running command: ### ### /Library/Frameworks/R.framework/Resources/bin/R CMD INSTALL genefu ### ############################################################################## ############################################################################## * installing to library ‘/Library/Frameworks/R.framework/Versions/4.3-x86_64/Resources/library’ * installing *source* package ‘genefu’ ... ** using staged installation ** R ** data ** inst ** byte-compile and prepare package for lazy loading Warning: replacing previous import ‘limma::logsumexp’ by ‘mclust::logsumexp’ when loading ‘genefu’ ** help *** installing help indices ** building package indices ** installing vignettes ** testing if installed package can be loaded from temporary location Warning: replacing previous import ‘limma::logsumexp’ by ‘mclust::logsumexp’ when loading ‘genefu’ ** testing if installed package can be loaded from final location Warning: replacing previous import ‘limma::logsumexp’ by ‘mclust::logsumexp’ when loading ‘genefu’ ** testing if installed package keeps a record of temporary installation path * DONE (genefu)
genefu.Rcheck/genefu-Ex.timings
| name | user | system | elapsed | |
| bimod | 0.242 | 0.017 | 0.262 | |
| boxplotplus2 | 0.007 | 0.001 | 0.009 | |
| claudinLow | 1.178 | 0.038 | 1.226 | |
| compareProtoCor | 1.343 | 0.031 | 1.387 | |
| compute.pairw.cor.meta | 1.673 | 0.040 | 1.728 | |
| compute.proto.cor.meta | 1.281 | 0.025 | 1.316 | |
| cordiff.dep | 0.132 | 0.005 | 0.136 | |
| endoPredict | 0.135 | 0.008 | 0.145 | |
| fuzzy.ttest | 0.126 | 0.011 | 0.138 | |
| gene70 | 0.308 | 0.015 | 0.326 | |
| gene76 | 0.144 | 0.008 | 0.155 | |
| geneid.map | 0.159 | 0.020 | 0.182 | |
| genius | 0.231 | 0.022 | 0.256 | |
| ggi | 0.127 | 0.006 | 0.136 | |
| ihc4 | 0.155 | 0.022 | 0.179 | |
| intrinsic.cluster | 0.385 | 0.015 | 0.381 | |
| intrinsic.cluster.predict | 0.188 | 0.009 | 0.200 | |
| map.datasets | 1.238 | 0.027 | 1.276 | |
| molecular.subtyping | 2.321 | 0.127 | 2.475 | |
| npi | 0.151 | 0.012 | 0.164 | |
| oncotypedx | 0.149 | 0.007 | 0.158 | |
| ovcAngiogenic | 0.147 | 0.010 | 0.160 | |
| ovcCrijns | 0.143 | 0.006 | 0.152 | |
| ovcTCGA | 0.270 | 0.010 | 0.286 | |
| ovcYoshihara | 0.166 | 0.008 | 0.175 | |
| pik3cags | 0.150 | 0.007 | 0.159 | |
| power.cor | 0 | 0 | 0 | |
| ps.cluster | 0.440 | 0.015 | 0.442 | |
| read.m.file | 0.022 | 0.004 | 0.026 | |
| rename.duplicate | 0.002 | 0.001 | 0.003 | |
| rescale | 0.279 | 0.012 | 0.298 | |
| rorS | 0.243 | 0.010 | 0.255 | |
| setcolclass.df | 0.002 | 0.000 | 0.002 | |
| sig.score | 0.155 | 0.008 | 0.164 | |
| spearmanCI | 0.000 | 0.000 | 0.001 | |
| st.gallen | 0.134 | 0.006 | 0.142 | |
| stab.fs | 0.161 | 0.019 | 0.182 | |
| stab.fs.ranking | 0.642 | 0.051 | 0.700 | |
| strescR | 0.001 | 0.001 | 0.001 | |
| subtype.cluster | 0.778 | 0.067 | 0.867 | |
| subtype.cluster.predict | 0.337 | 0.018 | 0.363 | |
| tamr13 | 0.171 | 0.010 | 0.185 | |
| tbrm | 0 | 0 | 0 | |
| weighted.meanvar | 0.000 | 0.001 | 0.000 | |
| write.m.file | 0.004 | 0.002 | 0.006 | |