| Back to Multiple platform build/check report for BioC 3.18: simplified long |
|
This page was generated on 2024-04-17 11:35:58 -0400 (Wed, 17 Apr 2024).
| Hostname | OS | Arch (*) | R version | Installed pkgs |
|---|---|---|---|---|
| nebbiolo2 | Linux (Ubuntu 22.04.3 LTS) | x86_64 | 4.3.3 (2024-02-29) -- "Angel Food Cake" | 4676 |
| palomino4 | Windows Server 2022 Datacenter | x64 | 4.3.3 (2024-02-29 ucrt) -- "Angel Food Cake" | 4414 |
| merida1 | macOS 12.7.1 Monterey | x86_64 | 4.3.3 (2024-02-29) -- "Angel Food Cake" | 4437 |
| Click on any hostname to see more info about the system (e.g. compilers) (*) as reported by 'uname -p', except on Windows and Mac OS X | ||||
| Package 794/2266 | Hostname | OS / Arch | INSTALL | BUILD | CHECK | BUILD BIN | ||||||||
| genefu 2.34.0 (landing page) Benjamin Haibe-Kains
| nebbiolo2 | Linux (Ubuntu 22.04.3 LTS) / x86_64 | OK | OK | WARNINGS | |||||||||
| palomino4 | Windows Server 2022 Datacenter / x64 | OK | OK | WARNINGS | OK | |||||||||
| merida1 | macOS 12.7.1 Monterey / x86_64 | OK | OK | WARNINGS | OK | |||||||||
| kjohnson1 | macOS 13.6.1 Ventura / arm64 | see weekly results here | ||||||||||||
|
To the developers/maintainers of the genefu package: - Allow up to 24 hours (and sometimes 48 hours) for your latest push to git@git.bioconductor.org:packages/genefu.git to reflect on this report. See Troubleshooting Build Report for more information. - Use the following Renviron settings to reproduce errors and warnings. - If 'R CMD check' started to fail recently on the Linux builder(s) over a missing dependency, add the missing dependency to 'Suggests:' in your DESCRIPTION file. See Renviron.bioc for more information. |
| Package: genefu |
| Version: 2.34.0 |
| Command: /home/biocbuild/bbs-3.18-bioc/R/bin/R CMD check --install=check:genefu.install-out.txt --library=/home/biocbuild/bbs-3.18-bioc/R/site-library --timings genefu_2.34.0.tar.gz |
| StartedAt: 2024-04-15 23:02:09 -0400 (Mon, 15 Apr 2024) |
| EndedAt: 2024-04-15 23:06:00 -0400 (Mon, 15 Apr 2024) |
| EllapsedTime: 231.3 seconds |
| RetCode: 0 |
| Status: WARNINGS |
| CheckDir: genefu.Rcheck |
| Warnings: 1 |
##############################################################################
##############################################################################
###
### Running command:
###
### /home/biocbuild/bbs-3.18-bioc/R/bin/R CMD check --install=check:genefu.install-out.txt --library=/home/biocbuild/bbs-3.18-bioc/R/site-library --timings genefu_2.34.0.tar.gz
###
##############################################################################
##############################################################################
* using log directory ‘/home/biocbuild/bbs-3.18-bioc/meat/genefu.Rcheck’
* using R version 4.3.3 (2024-02-29)
* using platform: x86_64-pc-linux-gnu (64-bit)
* R was compiled by
gcc (Ubuntu 11.4.0-1ubuntu1~22.04) 11.4.0
GNU Fortran (Ubuntu 11.4.0-1ubuntu1~22.04) 11.4.0
* running under: Ubuntu 22.04.4 LTS
* using session charset: UTF-8
* checking for file ‘genefu/DESCRIPTION’ ... OK
* checking extension type ... Package
* this is package ‘genefu’ version ‘2.34.0’
* package encoding: UTF-8
* checking package namespace information ... OK
* checking package dependencies ... OK
* checking if this is a source package ... OK
* checking if there is a namespace ... OK
* checking for hidden files and directories ... OK
* checking for portable file names ... OK
* checking for sufficient/correct file permissions ... OK
* checking whether package ‘genefu’ can be installed ... WARNING
Found the following significant warnings:
Warning: replacing previous import ‘limma::logsumexp’ by ‘mclust::logsumexp’ when loading ‘genefu’
See ‘/home/biocbuild/bbs-3.18-bioc/meat/genefu.Rcheck/00install.out’ for details.
* checking installed package size ... NOTE
installed size is 5.2Mb
sub-directories of 1Mb or more:
data 4.0Mb
* checking package directory ... OK
* checking ‘build’ directory ... OK
* checking DESCRIPTION meta-information ... OK
* checking top-level files ... OK
* checking for left-over files ... OK
* checking index information ... OK
* checking package subdirectories ... OK
* checking R files for non-ASCII characters ... OK
* checking R files for syntax errors ... OK
* checking whether the package can be loaded ... OK
* checking whether the package can be loaded with stated dependencies ... OK
* checking whether the package can be unloaded cleanly ... OK
* checking whether the namespace can be loaded with stated dependencies ... OK
* checking whether the namespace can be unloaded cleanly ... OK
* checking loading without being on the library search path ... OK
* checking dependencies in R code ... NOTE
Packages in Depends field not imported from:
‘AIMS’ ‘biomaRt’ ‘iC10’
These packages need to be imported from (in the NAMESPACE file)
for when this namespace is loaded but not attached.
Unexported objects imported by ':::' calls:
‘mclust:::grid1’ ‘mclust:::grid2’
See the note in ?`:::` about the use of this operator.
* checking S3 generic/method consistency ... OK
* checking replacement functions ... OK
* checking foreign function calls ... OK
* checking R code for possible problems ... OK
* checking Rd files ... OK
* checking Rd metadata ... OK
* checking Rd cross-references ... OK
* checking for missing documentation entries ... OK
* checking for code/documentation mismatches ... OK
* checking Rd \usage sections ... OK
* checking Rd contents ... OK
* checking for unstated dependencies in examples ... OK
* checking contents of ‘data’ directory ... OK
* checking data for non-ASCII characters ... OK
* checking data for ASCII and uncompressed saves ... OK
* checking files in ‘vignettes’ ... OK
* checking examples ... OK
* checking for unstated dependencies in vignettes ... OK
* checking package vignettes in ‘inst/doc’ ... OK
* checking running R code from vignettes ...
‘genefu.Rmd’ using ‘UTF-8’... OK
OK
* checking re-building of vignette outputs ... OK
* checking PDF version of manual ... OK
* DONE
Status: 1 WARNING, 2 NOTEs
See
‘/home/biocbuild/bbs-3.18-bioc/meat/genefu.Rcheck/00check.log’
for details.
genefu.Rcheck/00install.out
############################################################################## ############################################################################## ### ### Running command: ### ### /home/biocbuild/bbs-3.18-bioc/R/bin/R CMD INSTALL genefu ### ############################################################################## ############################################################################## * installing to library ‘/home/biocbuild/bbs-3.18-bioc/R/site-library’ * installing *source* package ‘genefu’ ... ** using staged installation ** R ** data ** inst ** byte-compile and prepare package for lazy loading Warning: replacing previous import ‘limma::logsumexp’ by ‘mclust::logsumexp’ when loading ‘genefu’ ** help *** installing help indices ** building package indices ** installing vignettes ** testing if installed package can be loaded from temporary location Warning: replacing previous import ‘limma::logsumexp’ by ‘mclust::logsumexp’ when loading ‘genefu’ ** testing if installed package can be loaded from final location Warning: replacing previous import ‘limma::logsumexp’ by ‘mclust::logsumexp’ when loading ‘genefu’ ** testing if installed package keeps a record of temporary installation path * DONE (genefu)
genefu.Rcheck/genefu-Ex.timings
| name | user | system | elapsed | |
| bimod | 0.204 | 0.005 | 0.208 | |
| boxplotplus2 | 0.007 | 0.000 | 0.007 | |
| claudinLow | 1.004 | 0.020 | 1.024 | |
| compareProtoCor | 1.156 | 0.072 | 1.228 | |
| compute.pairw.cor.meta | 1.579 | 0.068 | 1.647 | |
| compute.proto.cor.meta | 1.283 | 0.004 | 1.287 | |
| cordiff.dep | 0.097 | 0.016 | 0.113 | |
| endoPredict | 0.118 | 0.000 | 0.118 | |
| fuzzy.ttest | 0.091 | 0.004 | 0.096 | |
| gene70 | 0.253 | 0.011 | 0.265 | |
| gene76 | 0.120 | 0.004 | 0.124 | |
| geneid.map | 0.139 | 0.012 | 0.151 | |
| genius | 0.185 | 0.004 | 0.188 | |
| ggi | 0.114 | 0.004 | 0.117 | |
| ihc4 | 0.123 | 0.000 | 0.123 | |
| intrinsic.cluster | 0.348 | 0.012 | 0.346 | |
| intrinsic.cluster.predict | 0.167 | 0.004 | 0.170 | |
| map.datasets | 1.251 | 0.092 | 1.343 | |
| molecular.subtyping | 1.806 | 0.036 | 1.844 | |
| npi | 0.135 | 0.002 | 0.138 | |
| oncotypedx | 0.124 | 0.001 | 0.124 | |
| ovcAngiogenic | 0.122 | 0.008 | 0.129 | |
| ovcCrijns | 0.125 | 0.000 | 0.125 | |
| ovcTCGA | 0.225 | 0.004 | 0.229 | |
| ovcYoshihara | 0.15 | 0.00 | 0.15 | |
| pik3cags | 0.119 | 0.008 | 0.127 | |
| power.cor | 0 | 0 | 0 | |
| ps.cluster | 0.358 | 0.012 | 0.356 | |
| read.m.file | 0.020 | 0.000 | 0.021 | |
| rename.duplicate | 0.001 | 0.000 | 0.002 | |
| rescale | 0.238 | 0.008 | 0.247 | |
| rorS | 0.192 | 0.000 | 0.193 | |
| setcolclass.df | 0.002 | 0.000 | 0.001 | |
| sig.score | 0.124 | 0.004 | 0.128 | |
| spearmanCI | 0 | 0 | 0 | |
| st.gallen | 0.113 | 0.000 | 0.113 | |
| stab.fs | 0.125 | 0.008 | 0.134 | |
| stab.fs.ranking | 0.527 | 0.068 | 0.596 | |
| strescR | 0.001 | 0.000 | 0.000 | |
| subtype.cluster | 0.685 | 0.032 | 0.716 | |
| subtype.cluster.predict | 0.257 | 0.020 | 0.277 | |
| tamr13 | 0.137 | 0.000 | 0.136 | |
| tbrm | 0.001 | 0.000 | 0.000 | |
| weighted.meanvar | 0 | 0 | 0 | |
| write.m.file | 0.000 | 0.004 | 0.004 | |