| Back to Multiple platform build/check report for BioC 3.18: simplified long |
|
This page was generated on 2023-11-02 11:40:39 -0400 (Thu, 02 Nov 2023).
| Hostname | OS | Arch (*) | R version | Installed pkgs |
|---|---|---|---|---|
| nebbiolo2 | Linux (Ubuntu 22.04.2 LTS) | x86_64 | 4.3.1 (2023-06-16) -- "Beagle Scouts" | 4729 |
| palomino4 | Windows Server 2022 Datacenter | x64 | 4.3.1 (2023-06-16 ucrt) -- "Beagle Scouts" | 4463 |
| lconway | macOS 12.6.5 Monterey | x86_64 | 4.3.1 Patched (2023-06-17 r84564) -- "Beagle Scouts" | 4478 |
| kunpeng2 | Linux (openEuler 22.03 LTS-SP1) | aarch64 | 4.3.1 (2023-06-16) -- "Beagle Scouts" | 4464 |
| Click on any hostname to see more info about the system (e.g. compilers) (*) as reported by 'uname -p', except on Windows and Mac OS X | ||||
| Package 652/2266 | Hostname | OS / Arch | INSTALL | BUILD | CHECK | BUILD BIN | ||||||||
| epigraHMM 1.10.0 (landing page) Pedro Baldoni
| nebbiolo2 | Linux (Ubuntu 22.04.2 LTS) / x86_64 | OK | OK | WARNINGS | |||||||||
| palomino4 | Windows Server 2022 Datacenter / x64 | OK | OK | OK | OK | |||||||||
| lconway | macOS 12.6.5 Monterey / x86_64 | OK | OK | WARNINGS | OK | |||||||||
| kjohnson1 | macOS 13.6.1 Ventura / arm64 | see weekly results here | ||||||||||||
| kunpeng2 | Linux (openEuler 22.03 LTS-SP1) / aarch64 | OK | OK | ERROR | ||||||||||
|
To the developers/maintainers of the epigraHMM package: - Allow up to 24 hours (and sometimes 48 hours) for your latest push to git@git.bioconductor.org:packages/epigraHMM.git to reflect on this report. See Troubleshooting Build Report for more information. - Use the following Renviron settings to reproduce errors and warnings. - If 'R CMD check' started to fail recently on the Linux builder(s) over a missing dependency, add the missing dependency to 'Suggests:' in your DESCRIPTION file. See Renviron.bioc for more information. - See Martin Grigorov's blog post for how to debug Linux ARM64 related issues on a x86_64 host. |
| Package: epigraHMM |
| Version: 1.10.0 |
| Command: /home/biocbuild/R/R-4.3.1/bin/R CMD check --install=check:epigraHMM.install-out.txt --library=/home/biocbuild/R/R-4.3.1/site-library --no-vignettes --timings epigraHMM_1.10.0.tar.gz |
| StartedAt: 2023-11-02 10:16:45 -0000 (Thu, 02 Nov 2023) |
| EndedAt: 2023-11-02 10:25:58 -0000 (Thu, 02 Nov 2023) |
| EllapsedTime: 552.7 seconds |
| RetCode: 1 |
| Status: ERROR |
| CheckDir: epigraHMM.Rcheck |
| Warnings: NA |
##############################################################################
##############################################################################
###
### Running command:
###
### /home/biocbuild/R/R-4.3.1/bin/R CMD check --install=check:epigraHMM.install-out.txt --library=/home/biocbuild/R/R-4.3.1/site-library --no-vignettes --timings epigraHMM_1.10.0.tar.gz
###
##############################################################################
##############################################################################
* using log directory ‘/home/biocbuild/bbs-3.18-bioc/meat/epigraHMM.Rcheck’
* using R version 4.3.1 (2023-06-16)
* using platform: aarch64-unknown-linux-gnu (64-bit)
* R was compiled by
gcc (GCC) 10.3.1
GNU Fortran (GCC) 10.3.1
* running under: openEuler 22.03 (LTS-SP1)
* using session charset: UTF-8
* using option ‘--no-vignettes’
* checking for file ‘epigraHMM/DESCRIPTION’ ... OK
* this is package ‘epigraHMM’ version ‘1.10.0’
* package encoding: UTF-8
* checking package namespace information ... OK
* checking package dependencies ... OK
* checking if this is a source package ... OK
* checking if there is a namespace ... OK
* checking for hidden files and directories ... OK
* checking for portable file names ... OK
* checking for sufficient/correct file permissions ... OK
* checking whether package ‘epigraHMM’ can be installed ... OK
* used C++ compiler: ‘g++ (GCC) 10.3.1’
* checking C++ specification ... NOTE
Specified C++11: please drop specification unless essential
* checking installed package size ... NOTE
installed size is 29.1Mb
sub-directories of 1Mb or more:
libs 28.8Mb
* checking package directory ... OK
* checking ‘build’ directory ... OK
* checking DESCRIPTION meta-information ... OK
* checking top-level files ... OK
* checking for left-over files ... OK
* checking index information ... OK
* checking package subdirectories ... OK
* checking R files for non-ASCII characters ... OK
* checking R files for syntax errors ... OK
* checking whether the package can be loaded ... OK
* checking whether the package can be loaded with stated dependencies ... OK
* checking whether the package can be unloaded cleanly ... OK
* checking whether the namespace can be loaded with stated dependencies ... OK
* checking whether the namespace can be unloaded cleanly ... OK
* checking loading without being on the library search path ... OK
* checking dependencies in R code ... OK
* checking S3 generic/method consistency ... OK
* checking replacement functions ... OK
* checking foreign function calls ... OK
* checking R code for possible problems ... OK
* checking Rd files ... OK
* checking Rd metadata ... OK
* checking Rd cross-references ... OK
* checking for missing documentation entries ... OK
* checking for code/documentation mismatches ... OK
* checking Rd \usage sections ... OK
* checking Rd contents ... OK
* checking for unstated dependencies in examples ... OK
* checking contents of ‘data’ directory ... OK
* checking data for non-ASCII characters ... OK
* checking LazyData ... OK
* checking data for ASCII and uncompressed saves ... OK
* checking line endings in C/C++/Fortran sources/headers ... OK
* checking line endings in Makefiles ... OK
* checking compilation flags in Makevars ... OK
* checking for GNU extensions in Makefiles ... NOTE
GNU make is a SystemRequirements.
* checking for portable use of $(BLAS_LIBS) and $(LAPACK_LIBS) ... OK
* checking use of PKG_*FLAGS in Makefiles ... OK
* checking compiled code ... WARNING
Note: information on .o files is not available
File ‘/home/biocbuild/R/R-4.3.1/site-library/epigraHMM/libs/epigraHMM.so’:
Found ‘abort’, possibly from ‘abort’ (C)
Found ‘rand_r’, possibly from ‘rand_r’ (C)
Found ‘sprintf’, possibly from ‘sprintf’ (C)
Found ‘stderr’, possibly from ‘stderr’ (C)
Found ‘stdout’, possibly from ‘stdout’ (C)
Compiled code should not call entry points which might terminate R nor
write to stdout/stderr instead of to the console, nor use Fortran I/O
nor system RNGs nor [v]sprintf. The detected symbols are linked into
the code but might come from libraries and not actually be called.
See ‘Writing portable packages’ in the ‘Writing R Extensions’ manual.
* checking files in ‘vignettes’ ... OK
* checking examples ... OK
Examples with CPU (user + system) or elapsed time > 5s
user system elapsed
epigraHMMDataSetFromBam 16.108 2.554 65.452
segmentGenome 14.478 1.556 32.840
callPatterns 14.065 1.827 16.940
plotPatterns 12.791 0.366 13.122
* checking for unstated dependencies in ‘tests’ ... OK
* checking tests ...
Running ‘testthat.R’/home/biocbuild/R/R-4.3.1/bin/BATCH: line 60: 998078 Killed ${R_HOME}/bin/R -f ${in} ${opts} ${R_BATCH_OPTIONS} > ${out} 2>&1
ERROR
Running the tests in ‘tests/testthat.R’ failed.
Complete output:
> library(testthat)
> library(epigraHMM)
>
> test_check("epigraHMM")
* checking for unstated dependencies in vignettes ... OK
* checking package vignettes in ‘inst/doc’ ... OK
* checking running R code from vignettes ... SKIPPED
* checking re-building of vignette outputs ... SKIPPED
* checking PDF version of manual ... OK
* DONE
Status: 1 ERROR, 1 WARNING, 3 NOTEs
See
‘/home/biocbuild/bbs-3.18-bioc/meat/epigraHMM.Rcheck/00check.log’
for details.
epigraHMM.Rcheck/00install.out
##############################################################################
##############################################################################
###
### Running command:
###
### /home/biocbuild/R/R-4.3.1/bin/R CMD INSTALL epigraHMM
###
##############################################################################
##############################################################################
* installing to library ‘/home/biocbuild/R/R-4.3.1/site-library’
* installing *source* package ‘epigraHMM’ ...
** using staged installation
** libs
using C++ compiler: ‘g++ (GCC) 10.3.1’
using C++11
g++ -std=gnu++11 -I"/home/biocbuild/R/R-4.3.1/include" -DNDEBUG -I'/home/biocbuild/R/R-4.3.1/site-library/Rcpp/include' -I'/home/biocbuild/R/R-4.3.1/site-library/RcppArmadillo/include' -I'/home/biocbuild/R/R-4.3.1/site-library/Rhdf5lib/include' -I/usr/local/include -fopenmp -DARMA_USE_HDF5 -fPIC -g -O2 -Wall -c RcppExports.cpp -o RcppExports.o
g++ -std=gnu++11 -I"/home/biocbuild/R/R-4.3.1/include" -DNDEBUG -I'/home/biocbuild/R/R-4.3.1/site-library/Rcpp/include' -I'/home/biocbuild/R/R-4.3.1/site-library/RcppArmadillo/include' -I'/home/biocbuild/R/R-4.3.1/site-library/Rhdf5lib/include' -I/usr/local/include -fopenmp -DARMA_USE_HDF5 -fPIC -g -O2 -Wall -c aggregate.cpp -o aggregate.o
aggregate.cpp: In function ‘arma::mat aggregate(arma::vec, arma::vec)’:
aggregate.cpp:26:22: warning: comparison of integer expressions of different signedness: ‘int’ and ‘std::vector<double>::size_type’ {aka ‘long unsigned int’} [-Wsign-compare]
26 | while( index >= vec.size() ){
| ~~~~~~^~~~~~~~~~~~~
g++ -std=gnu++11 -I"/home/biocbuild/R/R-4.3.1/include" -DNDEBUG -I'/home/biocbuild/R/R-4.3.1/site-library/Rcpp/include' -I'/home/biocbuild/R/R-4.3.1/site-library/RcppArmadillo/include' -I'/home/biocbuild/R/R-4.3.1/site-library/Rhdf5lib/include' -I/usr/local/include -fopenmp -DARMA_USE_HDF5 -fPIC -g -O2 -Wall -c computeBIC.cpp -o computeBIC.o
g++ -std=gnu++11 -I"/home/biocbuild/R/R-4.3.1/include" -DNDEBUG -I'/home/biocbuild/R/R-4.3.1/site-library/Rcpp/include' -I'/home/biocbuild/R/R-4.3.1/site-library/RcppArmadillo/include' -I'/home/biocbuild/R/R-4.3.1/site-library/Rhdf5lib/include' -I/usr/local/include -fopenmp -DARMA_USE_HDF5 -fPIC -g -O2 -Wall -c computeQFunction.cpp -o computeQFunction.o
g++ -std=gnu++11 -I"/home/biocbuild/R/R-4.3.1/include" -DNDEBUG -I'/home/biocbuild/R/R-4.3.1/site-library/Rcpp/include' -I'/home/biocbuild/R/R-4.3.1/site-library/RcppArmadillo/include' -I'/home/biocbuild/R/R-4.3.1/site-library/Rhdf5lib/include' -I/usr/local/include -fopenmp -DARMA_USE_HDF5 -fPIC -g -O2 -Wall -c computeViterbiSequence.cpp -o computeViterbiSequence.o
g++ -std=gnu++11 -I"/home/biocbuild/R/R-4.3.1/include" -DNDEBUG -I'/home/biocbuild/R/R-4.3.1/site-library/Rcpp/include' -I'/home/biocbuild/R/R-4.3.1/site-library/RcppArmadillo/include' -I'/home/biocbuild/R/R-4.3.1/site-library/Rhdf5lib/include' -I/usr/local/include -fopenmp -DARMA_USE_HDF5 -fPIC -g -O2 -Wall -c consensusRejectionControlled.cpp -o consensusRejectionControlled.o
g++ -std=gnu++11 -I"/home/biocbuild/R/R-4.3.1/include" -DNDEBUG -I'/home/biocbuild/R/R-4.3.1/site-library/Rcpp/include' -I'/home/biocbuild/R/R-4.3.1/site-library/RcppArmadillo/include' -I'/home/biocbuild/R/R-4.3.1/site-library/Rhdf5lib/include' -I/usr/local/include -fopenmp -DARMA_USE_HDF5 -fPIC -g -O2 -Wall -c differentialRejectionControlled.cpp -o differentialRejectionControlled.o
g++ -std=gnu++11 -I"/home/biocbuild/R/R-4.3.1/include" -DNDEBUG -I'/home/biocbuild/R/R-4.3.1/site-library/Rcpp/include' -I'/home/biocbuild/R/R-4.3.1/site-library/RcppArmadillo/include' -I'/home/biocbuild/R/R-4.3.1/site-library/Rhdf5lib/include' -I/usr/local/include -fopenmp -DARMA_USE_HDF5 -fPIC -g -O2 -Wall -c expStep.cpp -o expStep.o
g++ -std=gnu++11 -I"/home/biocbuild/R/R-4.3.1/include" -DNDEBUG -I'/home/biocbuild/R/R-4.3.1/site-library/Rcpp/include' -I'/home/biocbuild/R/R-4.3.1/site-library/RcppArmadillo/include' -I'/home/biocbuild/R/R-4.3.1/site-library/Rhdf5lib/include' -I/usr/local/include -fopenmp -DARMA_USE_HDF5 -fPIC -g -O2 -Wall -c getMarginalProbability.cpp -o getMarginalProbability.o
g++ -std=gnu++11 -I"/home/biocbuild/R/R-4.3.1/include" -DNDEBUG -I'/home/biocbuild/R/R-4.3.1/site-library/Rcpp/include' -I'/home/biocbuild/R/R-4.3.1/site-library/RcppArmadillo/include' -I'/home/biocbuild/R/R-4.3.1/site-library/Rhdf5lib/include' -I/usr/local/include -fopenmp -DARMA_USE_HDF5 -fPIC -g -O2 -Wall -c innerMaxStepProb.cpp -o innerMaxStepProb.o
g++ -std=gnu++11 -I"/home/biocbuild/R/R-4.3.1/include" -DNDEBUG -I'/home/biocbuild/R/R-4.3.1/site-library/Rcpp/include' -I'/home/biocbuild/R/R-4.3.1/site-library/RcppArmadillo/include' -I'/home/biocbuild/R/R-4.3.1/site-library/Rhdf5lib/include' -I/usr/local/include -fopenmp -DARMA_USE_HDF5 -fPIC -g -O2 -Wall -c maxStepProb.cpp -o maxStepProb.o
g++ -std=gnu++11 -I"/home/biocbuild/R/R-4.3.1/include" -DNDEBUG -I'/home/biocbuild/R/R-4.3.1/site-library/Rcpp/include' -I'/home/biocbuild/R/R-4.3.1/site-library/RcppArmadillo/include' -I'/home/biocbuild/R/R-4.3.1/site-library/Rhdf5lib/include' -I/usr/local/include -fopenmp -DARMA_USE_HDF5 -fPIC -g -O2 -Wall -c rbinomVectorized.cpp -o rbinomVectorized.o
g++ -std=gnu++11 -I"/home/biocbuild/R/R-4.3.1/include" -DNDEBUG -I'/home/biocbuild/R/R-4.3.1/site-library/Rcpp/include' -I'/home/biocbuild/R/R-4.3.1/site-library/RcppArmadillo/include' -I'/home/biocbuild/R/R-4.3.1/site-library/Rhdf5lib/include' -I/usr/local/include -fopenmp -DARMA_USE_HDF5 -fPIC -g -O2 -Wall -c reweight.cpp -o reweight.o
g++ -std=gnu++11 -I"/home/biocbuild/R/R-4.3.1/include" -DNDEBUG -I'/home/biocbuild/R/R-4.3.1/site-library/Rcpp/include' -I'/home/biocbuild/R/R-4.3.1/site-library/RcppArmadillo/include' -I'/home/biocbuild/R/R-4.3.1/site-library/Rhdf5lib/include' -I/usr/local/include -fopenmp -DARMA_USE_HDF5 -fPIC -g -O2 -Wall -c simulateMarkovChain.cpp -o simulateMarkovChain.o
g++ -std=gnu++11 -shared -L/home/biocbuild/R/R-4.3.1/lib -L/usr/local/lib -o epigraHMM.so RcppExports.o aggregate.o computeBIC.o computeQFunction.o computeViterbiSequence.o consensusRejectionControlled.o differentialRejectionControlled.o expStep.o getMarginalProbability.o innerMaxStepProb.o maxStepProb.o rbinomVectorized.o reweight.o simulateMarkovChain.o /home/biocbuild/R/R-4.3.1/site-library/Rhdf5lib/lib/libhdf5_cpp.a /home/biocbuild/R/R-4.3.1/site-library/Rhdf5lib/lib/libhdf5.a -lcrypto -lcurl -lsz -laec -lz -ldl -lm -fopenmp -llapack -lblas -lgfortran -lm -L/home/biocbuild/R/R-4.3.1/lib -lR
installing to /home/biocbuild/R/R-4.3.1/site-library/00LOCK-epigraHMM/00new/epigraHMM/libs
** R
** data
*** moving datasets to lazyload DB
** byte-compile and prepare package for lazy loading
** help
*** installing help indices
** building package indices
** installing vignettes
** testing if installed package can be loaded from temporary location
** checking absolute paths in shared objects and dynamic libraries
** testing if installed package can be loaded from final location
** testing if installed package keeps a record of temporary installation path
* DONE (epigraHMM)
epigraHMM.Rcheck/tests/testthat.Rout.fail
R version 4.3.1 (2023-06-16) -- "Beagle Scouts"
Copyright (C) 2023 The R Foundation for Statistical Computing
Platform: aarch64-unknown-linux-gnu (64-bit)
R is free software and comes with ABSOLUTELY NO WARRANTY.
You are welcome to redistribute it under certain conditions.
Type 'license()' or 'licence()' for distribution details.
R is a collaborative project with many contributors.
Type 'contributors()' for more information and
'citation()' on how to cite R or R packages in publications.
Type 'demo()' for some demos, 'help()' for on-line help, or
'help.start()' for an HTML browser interface to help.
Type 'q()' to quit R.
> library(testthat)
> library(epigraHMM)
>
> test_check("epigraHMM")
epigraHMM.Rcheck/epigraHMM-Ex.timings
| name | user | system | elapsed | |
| addOffsets | 0.360 | 0.012 | 0.378 | |
| callPatterns | 14.065 | 1.827 | 16.940 | |
| callPeaks | 1.169 | 0.044 | 1.167 | |
| cleanCounts | 0.787 | 0.040 | 0.803 | |
| controlEM | 0 | 0 | 0 | |
| epigraHMM | 0.924 | 0.033 | 0.910 | |
| epigraHMMDataSetFromBam | 16.108 | 2.554 | 65.452 | |
| epigraHMMDataSetFromMatrix | 0.15 | 0.00 | 0.15 | |
| estimateTransitionProb | 0.000 | 0.003 | 0.008 | |
| expStep | 0.880 | 0.105 | 0.965 | |
| helas3 | 0.011 | 0.004 | 0.017 | |
| info | 0.914 | 0.032 | 0.898 | |
| initializer | 0.609 | 0.045 | 0.625 | |
| maxStepProb | 0.873 | 0.063 | 0.889 | |
| normalizeCounts | 0.291 | 0.033 | 0.313 | |
| plotCounts | 0.357 | 0.015 | 0.378 | |
| plotPatterns | 12.791 | 0.366 | 13.122 | |
| segmentGenome | 14.478 | 1.556 | 32.840 | |
| simulateMarkovChain | 0.001 | 0.000 | 0.000 | |