| Back to Multiple platform build/check report for BioC 3.18: simplified long |
|
This page was generated on 2023-11-02 11:40:34 -0400 (Thu, 02 Nov 2023).
| Hostname | OS | Arch (*) | R version | Installed pkgs |
|---|---|---|---|---|
| nebbiolo2 | Linux (Ubuntu 22.04.2 LTS) | x86_64 | 4.3.1 (2023-06-16) -- "Beagle Scouts" | 4729 |
| palomino4 | Windows Server 2022 Datacenter | x64 | 4.3.1 (2023-06-16 ucrt) -- "Beagle Scouts" | 4463 |
| lconway | macOS 12.6.5 Monterey | x86_64 | 4.3.1 Patched (2023-06-17 r84564) -- "Beagle Scouts" | 4478 |
| kunpeng2 | Linux (openEuler 22.03 LTS-SP1) | aarch64 | 4.3.1 (2023-06-16) -- "Beagle Scouts" | 4464 |
| Click on any hostname to see more info about the system (e.g. compilers) (*) as reported by 'uname -p', except on Windows and Mac OS X | ||||
| Package 463/2266 | Hostname | OS / Arch | INSTALL | BUILD | CHECK | BUILD BIN | ||||||||
| crlmm 1.60.0 (landing page) Benilton S Carvalho
| nebbiolo2 | Linux (Ubuntu 22.04.2 LTS) / x86_64 | OK | OK | WARNINGS | |||||||||
| palomino4 | Windows Server 2022 Datacenter / x64 | OK | OK | WARNINGS | OK | |||||||||
| lconway | macOS 12.6.5 Monterey / x86_64 | OK | OK | WARNINGS | OK | |||||||||
| kjohnson1 | macOS 13.6.1 Ventura / arm64 | see weekly results here | ||||||||||||
| kunpeng2 | Linux (openEuler 22.03 LTS-SP1) / aarch64 | OK | OK | ERROR | ||||||||||
|
To the developers/maintainers of the crlmm package: - Allow up to 24 hours (and sometimes 48 hours) for your latest push to git@git.bioconductor.org:packages/crlmm.git to reflect on this report. See Troubleshooting Build Report for more information. - Use the following Renviron settings to reproduce errors and warnings. - If 'R CMD check' started to fail recently on the Linux builder(s) over a missing dependency, add the missing dependency to 'Suggests:' in your DESCRIPTION file. See Renviron.bioc for more information. - See Martin Grigorov's blog post for how to debug Linux ARM64 related issues on a x86_64 host. |
| Package: crlmm |
| Version: 1.60.0 |
| Command: /home/biocbuild/R/R-4.3.1/bin/R CMD check --install=check:crlmm.install-out.txt --library=/home/biocbuild/R/R-4.3.1/site-library --no-vignettes --timings crlmm_1.60.0.tar.gz |
| StartedAt: 2023-11-02 09:40:45 -0000 (Thu, 02 Nov 2023) |
| EndedAt: 2023-11-02 09:47:14 -0000 (Thu, 02 Nov 2023) |
| EllapsedTime: 388.9 seconds |
| RetCode: 1 |
| Status: ERROR |
| CheckDir: crlmm.Rcheck |
| Warnings: NA |
##############################################################################
##############################################################################
###
### Running command:
###
### /home/biocbuild/R/R-4.3.1/bin/R CMD check --install=check:crlmm.install-out.txt --library=/home/biocbuild/R/R-4.3.1/site-library --no-vignettes --timings crlmm_1.60.0.tar.gz
###
##############################################################################
##############################################################################
* using log directory ‘/home/biocbuild/bbs-3.18-bioc/meat/crlmm.Rcheck’
* using R version 4.3.1 (2023-06-16)
* using platform: aarch64-unknown-linux-gnu (64-bit)
* R was compiled by
gcc (GCC) 10.3.1
GNU Fortran (GCC) 10.3.1
* running under: openEuler 22.03 (LTS-SP1)
* using session charset: UTF-8
* using option ‘--no-vignettes’
* checking for file ‘crlmm/DESCRIPTION’ ... OK
* checking extension type ... Package
* this is package ‘crlmm’ version ‘1.60.0’
* checking package namespace information ... OK
* checking package dependencies ... OK
* checking if this is a source package ... OK
* checking if there is a namespace ... OK
* checking for hidden files and directories ... OK
* checking for portable file names ... OK
* checking for sufficient/correct file permissions ... OK
* checking whether package ‘crlmm’ can be installed ... OK
* used C compiler: ‘gcc (GCC) 10.3.1’
* checking installed package size ... NOTE
installed size is 5.0Mb
sub-directories of 1Mb or more:
R 1.2Mb
data 2.7Mb
* checking package directory ... OK
* checking ‘build’ directory ... OK
* checking DESCRIPTION meta-information ... NOTE
Versioned 'LinkingTo' value for ‘preprocessCore’ is only usable in R >= 3.0.2
* checking top-level files ... OK
* checking for left-over files ... OK
* checking index information ... OK
* checking package subdirectories ... OK
* checking R files for non-ASCII characters ... OK
* checking R files for syntax errors ... OK
* checking whether the package can be loaded ... OK
* checking whether the package can be loaded with stated dependencies ... OK
* checking whether the package can be unloaded cleanly ... OK
* checking whether the namespace can be loaded with stated dependencies ... OK
* checking whether the namespace can be unloaded cleanly ... OK
* checking loading without being on the library search path ... OK
* checking startup messages can be suppressed ... NOTE
No methods found in package ‘oligoClasses’ for request: ‘mean’ when loading ‘crlmm’
It looks like this package (or a package it requires) has a startup
message which cannot be suppressed: see ?packageStartupMessage.
* checking dependencies in R code ... NOTE
'library' or 'require' call to ‘RUnit’ in package code.
Please use :: or requireNamespace() instead.
See section 'Suggested packages' in the 'Writing R Extensions' manual.
Namespace in Imports field not imported from: ‘splines’
All declared Imports should be used.
Unexported object imported by a ':::' call: ‘Biobase:::assayDataEnvLock’
See the note in ?`:::` about the use of this operator.
* checking S3 generic/method consistency ... OK
* checking replacement functions ... OK
* checking foreign function calls ... OK
* checking R code for possible problems ... OK
* checking Rd files ... WARNING
checkRd: (5) CNSet-methods.Rd:39-41: \item in \describe must have non-empty label
checkRd: (5) CNSet-methods.Rd:65-67: \item in \describe must have non-empty label
checkRd: (5) CNSet-methods.Rd:69-71: \item in \describe must have non-empty label
checkRd: (-1) constructInf.Rd:35: Escaped LaTeX specials: \_ \_
checkRd: (-1) genotype.Illumina.Rd:48: Escaped LaTeX specials: \_ \_
checkRd: (-1) preprocessInf.Rd:55: Escaped LaTeX specials: \_ \_
checkRd: (-1) readIdatFiles.Rd:39: Escaped LaTeX specials: \_ \_
checkRd: (-1) readIdatFiles.Rd:55: Escaped LaTeX specials: \_ \_
checkRd: (-1) readIdatFiles.Rd:56: Escaped LaTeX specials: \_
checkRd: (-1) snprma.Rd:38: Escaped LaTeX specials: \_ \_
* checking Rd metadata ... OK
* checking Rd cross-references ... OK
* checking for missing documentation entries ... OK
* checking for code/documentation mismatches ... OK
* checking Rd \usage sections ... OK
* checking Rd contents ... OK
* checking for unstated dependencies in examples ... OK
* checking contents of ‘data’ directory ... OK
* checking data for non-ASCII characters ... OK
* checking data for ASCII and uncompressed saves ... OK
* checking line endings in C/C++/Fortran sources/headers ... OK
* checking line endings in Makefiles ... OK
* checking for GNU extensions in Makefiles ... OK
* checking include directives in Makefiles ... OK
* checking compiled code ... NOTE
Note: information on .o files is not available
* checking files in ‘vignettes’ ... OK
* checking examples ... ERROR
Running examples in ‘crlmm-Ex.R’ failed
The error most likely occurred in:
> base::assign(".ptime", proc.time(), pos = "CheckExEnv")
> ### Name: crlmm
> ### Title: Genotype oligonucleotide arrays with CRLMM
> ### Aliases: crlmm crlmm2
> ### Keywords: classif
>
> ### ** Examples
>
> ## this can be slow
> library(oligoClasses)
> if (require(genomewidesnp6Crlmm) & require(hapmapsnp6)){
+ path <- system.file("celFiles", package="hapmapsnp6")
+
+ ## the filenames with full path...
+ ## very useful when genotyping samples not in the working directory
+ cels <- list.celfiles(path, full.names=TRUE)
+ (crlmmOutput <- crlmm(cels))
+ ## If gender is known, one should check that the assigned gender is
+ ## correct, or pass the integer coding of gender as an argument to the
+ ## crlmm function as done below
+ }
Loading required package: genomewidesnp6Crlmm
Annotation for genomewidesnp6Crlmm version 1.0.7 supports UCSC builds hg18 and hg19.
Loading required package: hapmapsnp6
/-------------------------------------------\
| SAMPLE HAPMAP SNP 6.0 |
|-------------------------------------------|
| Data obtained from http://www.hapmap.org |
| This package is meant to be used only for |
| demonstration of BioConductor packages. |
| Access http://www.hapmap.org for details. |
|-------------------------------------------|
| The contents of this package are provided |
| in good faith and the maintainer does not |
| warrant their accuracy. |
\-------------------------------------------/
Loading annotations and mixture model parameters.
* checking for unstated dependencies in ‘tests’ ... OK
* checking tests ...
Running ‘crlmm_unit_tests.R’/home/biocbuild/R/R-4.3.1/bin/BATCH: line 60: 874484 Killed ${R_HOME}/bin/R -f ${in} ${opts} ${R_BATCH_OPTIONS} > ${out} 2>&1
ERROR
Running the tests in ‘tests/crlmm_unit_tests.R’ failed.
Last 13 lines of output:
Annotation for genomewidesnp6Crlmm version 1.0.7 supports UCSC builds hg18 and hg19.
Loading required package: hapmapsnp6
/-------------------------------------------\
| SAMPLE HAPMAP SNP 6.0 |
|-------------------------------------------|
| Data obtained from http://www.hapmap.org |
| This package is meant to be used only for |
| demonstration of BioConductor packages. |
| Access http://www.hapmap.org for details. |
|-------------------------------------------|
| The contents of this package are provided |
| in good faith and the maintainer does not |
| warrant their accuracy. |
\-------------------------------------------/
Loading annotations and mixture model parameters.
* checking for unstated dependencies in vignettes ... OK
* checking package vignettes in ‘inst/doc’ ... OK
* checking running R code from vignettes ... SKIPPED
* checking re-building of vignette outputs ... SKIPPED
* checking PDF version of manual ... OK
* DONE
Status: 2 ERRORs, 1 WARNING, 5 NOTEs
See
‘/home/biocbuild/bbs-3.18-bioc/meat/crlmm.Rcheck/00check.log’
for details.
crlmm.Rcheck/00install.out
############################################################################## ############################################################################## ### ### Running command: ### ### /home/biocbuild/R/R-4.3.1/bin/R CMD INSTALL crlmm ### ############################################################################## ############################################################################## * installing to library ‘/home/biocbuild/R/R-4.3.1/site-library’ * installing *source* package ‘crlmm’ ... ** using staged installation ** libs using C compiler: ‘gcc (GCC) 10.3.1’ gcc -I"/home/biocbuild/R/R-4.3.1/include" -DNDEBUG -I'/home/biocbuild/R/R-4.3.1/site-library/preprocessCore/include' -I/usr/local/include -fPIC -g -O2 -Wall -c gtypeCaller.c -o gtypeCaller.o gcc -I"/home/biocbuild/R/R-4.3.1/include" -DNDEBUG -I'/home/biocbuild/R/R-4.3.1/site-library/preprocessCore/include' -I/usr/local/include -fPIC -g -O2 -Wall -c init.c -o init.o gcc -I"/home/biocbuild/R/R-4.3.1/include" -DNDEBUG -I'/home/biocbuild/R/R-4.3.1/site-library/preprocessCore/include' -I/usr/local/include -fPIC -g -O2 -Wall -c trimmed.c -o trimmed.o gcc -I"/home/biocbuild/R/R-4.3.1/include" -DNDEBUG -I'/home/biocbuild/R/R-4.3.1/site-library/preprocessCore/include' -I/usr/local/include -fPIC -g -O2 -Wall -c utils.c -o utils.o gcc -shared -L/home/biocbuild/R/R-4.3.1/lib -L/usr/local/lib -o crlmm.so gtypeCaller.o init.o trimmed.o utils.o -L/home/biocbuild/R/R-4.3.1/lib -lR installing to /home/biocbuild/R/R-4.3.1/site-library/00LOCK-crlmm/00new/crlmm/libs ** R ** data ** inst ** byte-compile and prepare package for lazy loading No methods found in package ‘oligoClasses’ for request: ‘mean’ when loading ‘crlmm’ ** help *** installing help indices ** building package indices ** installing vignettes ** testing if installed package can be loaded from temporary location No methods found in package ‘oligoClasses’ for request: ‘mean’ when loading ‘crlmm’ ** checking absolute paths in shared objects and dynamic libraries ** testing if installed package can be loaded from final location No methods found in package ‘oligoClasses’ for request: ‘mean’ when loading ‘crlmm’ ** testing if installed package keeps a record of temporary installation path * DONE (crlmm)
crlmm.Rcheck/tests/crlmm_unit_tests.Rout.fail
R version 4.3.1 (2023-06-16) -- "Beagle Scouts"
Copyright (C) 2023 The R Foundation for Statistical Computing
Platform: aarch64-unknown-linux-gnu (64-bit)
R is free software and comes with ABSOLUTELY NO WARRANTY.
You are welcome to redistribute it under certain conditions.
Type 'license()' or 'licence()' for distribution details.
R is a collaborative project with many contributors.
Type 'contributors()' for more information and
'citation()' on how to cite R or R packages in publications.
Type 'demo()' for some demos, 'help()' for on-line help, or
'help.start()' for an HTML browser interface to help.
Type 'q()' to quit R.
> require("crlmm") || stop("unable to load crlmm package")
Loading required package: crlmm
Loading required package: oligoClasses
Welcome to oligoClasses version 1.64.0
Loading required package: preprocessCore
No methods found in package 'oligoClasses' for request: 'mean' when loading 'crlmm'
Welcome to crlmm version 1.60.0
[1] TRUE
> crlmm:::.test()
Loading required package: genomewidesnp6Crlmm
Annotation for genomewidesnp6Crlmm version 1.0.7 supports UCSC builds hg18 and hg19.
Loading required package: hapmapsnp6
/-------------------------------------------\
| SAMPLE HAPMAP SNP 6.0 |
|-------------------------------------------|
| Data obtained from http://www.hapmap.org |
| This package is meant to be used only for |
| demonstration of BioConductor packages. |
| Access http://www.hapmap.org for details. |
|-------------------------------------------|
| The contents of this package are provided |
| in good faith and the maintainer does not |
| warrant their accuracy. |
\-------------------------------------------/
Loading annotations and mixture model parameters.
crlmm.Rcheck/crlmm-Ex.timings
| name | user | system | elapsed | |
| ListClassConstructors | 2.341 | 0.151 | 2.499 | |
| PredictionRegion-class | 0.001 | 0.000 | 0.002 | |
| batchStatisticAccessors | 0.251 | 0.007 | 0.260 | |
| calculateRBaf | 1.185 | 0.076 | 1.267 | |
| celfile-utils | 1.878 | 0.855 | 3.856 | |
| cnSetExample | 1.212 | 0.052 | 1.269 | |
| constructInf | 0 | 0 | 0 | |
| copynumberAccessors | 0.000 | 0.000 | 0.001 | |