| Back to Multiple platform build/check report for BioC 3.18: simplified long |
|
This page was generated on 2023-11-02 11:40:33 -0400 (Thu, 02 Nov 2023).
| Hostname | OS | Arch (*) | R version | Installed pkgs |
|---|---|---|---|---|
| nebbiolo2 | Linux (Ubuntu 22.04.2 LTS) | x86_64 | 4.3.1 (2023-06-16) -- "Beagle Scouts" | 4729 |
| palomino4 | Windows Server 2022 Datacenter | x64 | 4.3.1 (2023-06-16 ucrt) -- "Beagle Scouts" | 4463 |
| lconway | macOS 12.6.5 Monterey | x86_64 | 4.3.1 Patched (2023-06-17 r84564) -- "Beagle Scouts" | 4478 |
| kunpeng2 | Linux (openEuler 22.03 LTS-SP1) | aarch64 | 4.3.1 (2023-06-16) -- "Beagle Scouts" | 4464 |
| Click on any hostname to see more info about the system (e.g. compilers) (*) as reported by 'uname -p', except on Windows and Mac OS X | ||||
| Package 409/2266 | Hostname | OS / Arch | INSTALL | BUILD | CHECK | BUILD BIN | ||||||||
| coMET 1.34.0 (landing page) Tiphaine Martin
| nebbiolo2 | Linux (Ubuntu 22.04.2 LTS) / x86_64 | OK | OK | WARNINGS | |||||||||
| palomino4 | Windows Server 2022 Datacenter / x64 | OK | OK | WARNINGS | OK | |||||||||
| lconway | macOS 12.6.5 Monterey / x86_64 | OK | OK | WARNINGS | OK | |||||||||
| kjohnson1 | macOS 13.6.1 Ventura / arm64 | see weekly results here | ||||||||||||
| kunpeng2 | Linux (openEuler 22.03 LTS-SP1) / aarch64 | OK | OK | ERROR | ||||||||||
|
To the developers/maintainers of the coMET package: - Allow up to 24 hours (and sometimes 48 hours) for your latest push to git@git.bioconductor.org:packages/coMET.git to reflect on this report. See Troubleshooting Build Report for more information. - Use the following Renviron settings to reproduce errors and warnings. - If 'R CMD check' started to fail recently on the Linux builder(s) over a missing dependency, add the missing dependency to 'Suggests:' in your DESCRIPTION file. See Renviron.bioc for more information. - See Martin Grigorov's blog post for how to debug Linux ARM64 related issues on a x86_64 host. |
| Package: coMET |
| Version: 1.34.0 |
| Command: /home/biocbuild/R/R-4.3.1/bin/R CMD check --install=check:coMET.install-out.txt --library=/home/biocbuild/R/R-4.3.1/site-library --no-vignettes --timings coMET_1.34.0.tar.gz |
| StartedAt: 2023-11-02 09:29:28 -0000 (Thu, 02 Nov 2023) |
| EndedAt: 2023-11-02 09:39:12 -0000 (Thu, 02 Nov 2023) |
| EllapsedTime: 583.9 seconds |
| RetCode: 1 |
| Status: ERROR |
| CheckDir: coMET.Rcheck |
| Warnings: NA |
##############################################################################
##############################################################################
###
### Running command:
###
### /home/biocbuild/R/R-4.3.1/bin/R CMD check --install=check:coMET.install-out.txt --library=/home/biocbuild/R/R-4.3.1/site-library --no-vignettes --timings coMET_1.34.0.tar.gz
###
##############################################################################
##############################################################################
* using log directory ‘/home/biocbuild/bbs-3.18-bioc/meat/coMET.Rcheck’
* using R version 4.3.1 (2023-06-16)
* using platform: aarch64-unknown-linux-gnu (64-bit)
* R was compiled by
gcc (GCC) 10.3.1
GNU Fortran (GCC) 10.3.1
* running under: openEuler 22.03 (LTS-SP1)
* using session charset: UTF-8
* using option ‘--no-vignettes’
* checking for file ‘coMET/DESCRIPTION’ ... OK
* checking extension type ... Package
* this is package ‘coMET’ version ‘1.34.0’
* checking package namespace information ... OK
* checking package dependencies ... OK
* checking if this is a source package ... OK
* checking if there is a namespace ... OK
* checking for hidden files and directories ... OK
* checking for portable file names ... OK
* checking for sufficient/correct file permissions ... OK
* checking whether package ‘coMET’ can be installed ... WARNING
Found the following significant warnings:
Warning: replacing previous import 'utils::findMatches' by 'S4Vectors::findMatches' when loading 'coMET'
See ‘/home/biocbuild/bbs-3.18-bioc/meat/coMET.Rcheck/00install.out’ for details.
* checking installed package size ... NOTE
installed size is 19.0Mb
sub-directories of 1Mb or more:
data 7.6Mb
extdata 10.7Mb
* checking package directory ... OK
* checking ‘build’ directory ... OK
* checking DESCRIPTION meta-information ... OK
* checking top-level files ... NOTE
File
LICENSE
is not mentioned in the DESCRIPTION file.
* checking for left-over files ... OK
* checking index information ... OK
* checking package subdirectories ... OK
* checking R files for non-ASCII characters ... OK
* checking R files for syntax errors ... OK
* checking whether the package can be loaded ... OK
* checking whether the package can be loaded with stated dependencies ... OK
* checking whether the package can be unloaded cleanly ... OK
* checking whether the namespace can be loaded with stated dependencies ... OK
* checking whether the namespace can be unloaded cleanly ... OK
* checking loading without being on the library search path ... OK
* checking dependencies in R code ... OK
* checking S3 generic/method consistency ... OK
* checking replacement functions ... OK
* checking foreign function calls ... OK
* checking R code for possible problems ... OK
* checking Rd files ... NOTE
checkRd: (-1) ChIPTF_ENCODE.Rd:36: Escaped LaTeX specials: \#
* checking Rd metadata ... OK
* checking Rd cross-references ... OK
* checking for missing documentation entries ... OK
* checking for code/documentation mismatches ... OK
* checking Rd \usage sections ... OK
* checking Rd contents ... OK
* checking for unstated dependencies in examples ... OK
* checking contents of ‘data’ directory ... OK
* checking data for non-ASCII characters ... OK
* checking data for ASCII and uncompressed saves ... OK
* checking files in ‘vignettes’ ... OK
* checking examples ... ERROR
Running examples in ‘coMET-Ex.R’ failed
The error most likely occurred in:
> base::assign(".ptime", proc.time(), pos = "CheckExEnv")
> ### Name: DNaseI_FANTOM
> ### Title: Creates a enhancer/promoter track from FANTOM
> ### Aliases: DNaseI_FANTOM
> ### Keywords: hplot
>
> ### ** Examples
>
> library("Gviz")
> gen <- "hg19"
> chr<- "chr1"
> start <- 6000000
> end <- 6500000
>
> extdata <- system.file("extdata", package="coMET",mustWork=TRUE)
> enhFantomFile <- file.path(extdata,
+ "/FANTOM/human_permissive_enhancers_phase_1_and_2_example970.bed")
>
> if(interactive()){
+ enhFANTOMtrack <- DNaseI_FANTOM(gen,chr,start, end,
+ enhFantomFile, featureDisplay='enhancer')
+ plotTracks(enhFANTOMtrack, from = start, to = end,
+ fontfamily="sans",fontfamily.title="sans")
+ } else {
+ data(enhFANTOMtrack)
+ plotTracks(enhFANTOMtrack, from = start, to = end,
+ fontfamily="sans",fontfamily.title="sans")
+ }
* checking for unstated dependencies in ‘tests’ ... OK
* checking tests ...
Running ‘runTests.R’
OK
* checking for unstated dependencies in vignettes ... OK
* checking package vignettes in ‘inst/doc’ ... OK
* checking running R code from vignettes ... SKIPPED
* checking re-building of vignette outputs ... SKIPPED
* checking PDF version of manual ... OK
* DONE
Status: 1 ERROR, 1 WARNING, 3 NOTEs
See
‘/home/biocbuild/bbs-3.18-bioc/meat/coMET.Rcheck/00check.log’
for details.
coMET.Rcheck/00install.out
############################################################################## ############################################################################## ### ### Running command: ### ### /home/biocbuild/R/R-4.3.1/bin/R CMD INSTALL coMET ### ############################################################################## ############################################################################## * installing to library ‘/home/biocbuild/R/R-4.3.1/site-library’ * installing *source* package ‘coMET’ ... ** using staged installation ** R ** data ** inst ** byte-compile and prepare package for lazy loading Warning: replacing previous import 'utils::findMatches' by 'S4Vectors::findMatches' when loading 'coMET' ** help *** installing help indices ** building package indices ** installing vignettes ** testing if installed package can be loaded from temporary location Warning: replacing previous import 'utils::findMatches' by 'S4Vectors::findMatches' when loading 'coMET' ** testing if installed package can be loaded from final location Warning: replacing previous import 'utils::findMatches' by 'S4Vectors::findMatches' when loading 'coMET' ** testing if installed package keeps a record of temporary installation path * DONE (coMET)
coMET.Rcheck/tests/runTests.Rout
R version 4.3.1 (2023-06-16) -- "Beagle Scouts"
Copyright (C) 2023 The R Foundation for Statistical Computing
Platform: aarch64-unknown-linux-gnu (64-bit)
R is free software and comes with ABSOLUTELY NO WARRANTY.
You are welcome to redistribute it under certain conditions.
Type 'license()' or 'licence()' for distribution details.
R is a collaborative project with many contributors.
Type 'contributors()' for more information and
'citation()' on how to cite R or R packages in publications.
Type 'demo()' for some demos, 'help()' for on-line help, or
'help.start()' for an HTML browser interface to help.
Type 'q()' to quit R.
> require("coMET") || stop("unable to load Package:coMET")
Loading required package: coMET
Loading required package: grid
Loading required package: biomaRt
Loading required package: Gviz
Loading required package: S4Vectors
Loading required package: stats4
Loading required package: BiocGenerics
Attaching package: 'BiocGenerics'
The following objects are masked from 'package:stats':
IQR, mad, sd, var, xtabs
The following objects are masked from 'package:base':
Filter, Find, Map, Position, Reduce, anyDuplicated, aperm, append,
as.data.frame, basename, cbind, colnames, dirname, do.call,
duplicated, eval, evalq, get, grep, grepl, intersect, is.unsorted,
lapply, mapply, match, mget, order, paste, pmax, pmax.int, pmin,
pmin.int, rank, rbind, rownames, sapply, setdiff, sort, table,
tapply, union, unique, unsplit, which.max, which.min
Attaching package: 'S4Vectors'
The following object is masked from 'package:utils':
findMatches
The following objects are masked from 'package:base':
I, expand.grid, unname
Loading required package: IRanges
Loading required package: GenomicRanges
Loading required package: GenomeInfoDb
Loading required package: psych
Attaching package: 'psych'
The following object is masked from 'package:GenomicRanges':
distance
The following objects are masked from 'package:IRanges':
distance, reflect
[1] TRUE
Warning message:
replacing previous import 'utils::findMatches' by 'S4Vectors::findMatches' when loading 'coMET'
> BiocGenerics:::testPackage("coMET")
RUNIT TEST PROTOCOL -- Thu Nov 2 09:39:07 2023
***********************************************
Number of test functions: 1
Number of errors: 0
Number of failures: 0
1 Test Suite :
coMET RUnit Tests - 1 test function, 0 errors, 0 failures
Number of test functions: 1
Number of errors: 0
Number of failures: 0
>
> proc.time()
user system elapsed
20.681 3.965 27.710
coMET.Rcheck/coMET-Ex.timings
| name | user | system | elapsed | |
| COSMIC_UCSC | 2.490 | 0.503 | 3.012 | |
| ChIPTF_ENCODE | 1.065 | 0.086 | 1.154 | |
| ClinVarCnv_UCSC | 0.558 | 0.084 | 0.644 | |
| ClinVarMain_UCSC | 0.656 | 0.071 | 0.732 | |
| CoreillCNV_UCSC | 0.658 | 0.020 | 0.689 | |
| DNAse_UCSC | 0 | 0 | 0 | |