| Back to Multiple platform build/check report for BioC 3.18: simplified long |
|
This page was generated on 2023-11-02 11:40:25 -0400 (Thu, 02 Nov 2023).
| Hostname | OS | Arch (*) | R version | Installed pkgs |
|---|---|---|---|---|
| nebbiolo2 | Linux (Ubuntu 22.04.2 LTS) | x86_64 | 4.3.1 (2023-06-16) -- "Beagle Scouts" | 4729 |
| palomino4 | Windows Server 2022 Datacenter | x64 | 4.3.1 (2023-06-16 ucrt) -- "Beagle Scouts" | 4463 |
| lconway | macOS 12.6.5 Monterey | x86_64 | 4.3.1 Patched (2023-06-17 r84564) -- "Beagle Scouts" | 4478 |
| kunpeng2 | Linux (openEuler 22.03 LTS-SP1) | aarch64 | 4.3.1 (2023-06-16) -- "Beagle Scouts" | 4464 |
| Click on any hostname to see more info about the system (e.g. compilers) (*) as reported by 'uname -p', except on Windows and Mac OS X | ||||
| Package 123/2266 | Hostname | OS / Arch | INSTALL | BUILD | CHECK | BUILD BIN | ||||||||
| bandle 1.6.0 (landing page) Oliver M. Crook
| nebbiolo2 | Linux (Ubuntu 22.04.2 LTS) / x86_64 | OK | OK | OK | |||||||||
| palomino4 | Windows Server 2022 Datacenter / x64 | OK | OK | OK | OK | |||||||||
| lconway | macOS 12.6.5 Monterey / x86_64 | OK | OK | OK | OK | |||||||||
| kjohnson1 | macOS 13.6.1 Ventura / arm64 | see weekly results here | ||||||||||||
| kunpeng2 | Linux (openEuler 22.03 LTS-SP1) / aarch64 | OK | OK | ERROR | ||||||||||
|
To the developers/maintainers of the bandle package: - Allow up to 24 hours (and sometimes 48 hours) for your latest push to git@git.bioconductor.org:packages/bandle.git to reflect on this report. See Troubleshooting Build Report for more information. - Use the following Renviron settings to reproduce errors and warnings. - If 'R CMD check' started to fail recently on the Linux builder(s) over a missing dependency, add the missing dependency to 'Suggests:' in your DESCRIPTION file. See Renviron.bioc for more information. - See Martin Grigorov's blog post for how to debug Linux ARM64 related issues on a x86_64 host. |
| Package: bandle |
| Version: 1.6.0 |
| Command: /home/biocbuild/R/R-4.3.1/bin/R CMD check --install=check:bandle.install-out.txt --library=/home/biocbuild/R/R-4.3.1/site-library --no-vignettes --timings bandle_1.6.0.tar.gz |
| StartedAt: 2023-11-02 08:29:43 -0000 (Thu, 02 Nov 2023) |
| EndedAt: 2023-11-02 08:38:06 -0000 (Thu, 02 Nov 2023) |
| EllapsedTime: 503.2 seconds |
| RetCode: 1 |
| Status: ERROR |
| CheckDir: bandle.Rcheck |
| Warnings: NA |
##############################################################################
##############################################################################
###
### Running command:
###
### /home/biocbuild/R/R-4.3.1/bin/R CMD check --install=check:bandle.install-out.txt --library=/home/biocbuild/R/R-4.3.1/site-library --no-vignettes --timings bandle_1.6.0.tar.gz
###
##############################################################################
##############################################################################
* using log directory ‘/home/biocbuild/bbs-3.18-bioc/meat/bandle.Rcheck’
* using R version 4.3.1 (2023-06-16)
* using platform: aarch64-unknown-linux-gnu (64-bit)
* R was compiled by
gcc (GCC) 10.3.1
GNU Fortran (GCC) 10.3.1
* running under: openEuler 22.03 (LTS-SP1)
* using session charset: UTF-8
* using option ‘--no-vignettes’
* checking for file ‘bandle/DESCRIPTION’ ... OK
* checking extension type ... Package
* this is package ‘bandle’ version ‘1.6.0’
* package encoding: UTF-8
* checking package namespace information ... OK
* checking package dependencies ... OK
* checking if this is a source package ... OK
* checking if there is a namespace ... OK
* checking for hidden files and directories ... OK
* checking for portable file names ... OK
* checking for sufficient/correct file permissions ... OK
* checking whether package ‘bandle’ can be installed ... OK
* used C++ compiler: ‘g++ (GCC) 10.3.1’
* checking C++ specification ... NOTE
Specified C++11: please drop specification unless essential
* checking installed package size ... NOTE
installed size is 9.1Mb
sub-directories of 1Mb or more:
libs 8.3Mb
* checking package directory ... OK
* checking ‘build’ directory ... OK
* checking DESCRIPTION meta-information ... OK
* checking top-level files ... OK
* checking for left-over files ... OK
* checking index information ... OK
* checking package subdirectories ... OK
* checking R files for non-ASCII characters ... OK
* checking R files for syntax errors ... OK
* checking whether the package can be loaded ... OK
* checking whether the package can be loaded with stated dependencies ... OK
* checking whether the package can be unloaded cleanly ... OK
* checking whether the namespace can be loaded with stated dependencies ... OK
* checking whether the namespace can be unloaded cleanly ... OK
* checking loading without being on the library search path ... OK
* checking dependencies in R code ... NOTE
'library' or 'require' call to ‘Biobase’ which was already attached by Depends.
Please remove these calls from your code.
':::' call which should be '::': ‘dplyr:::summarise’
See the note in ?`:::` about the use of this operator.
* checking S3 generic/method consistency ... OK
* checking replacement functions ... OK
* checking foreign function calls ... OK
* checking R code for possible problems ... OK
* checking Rd files ... OK
* checking Rd metadata ... OK
* checking Rd cross-references ... OK
* checking for missing documentation entries ... OK
* checking for code/documentation mismatches ... OK
* checking Rd \usage sections ... OK
* checking Rd contents ... OK
* checking for unstated dependencies in examples ... OK
* checking line endings in C/C++/Fortran sources/headers ... OK
* checking line endings in Makefiles ... OK
* checking compilation flags in Makevars ... OK
* checking for GNU extensions in Makefiles ... OK
* checking for portable use of $(BLAS_LIBS) and $(LAPACK_LIBS) ... OK
* checking use of PKG_*FLAGS in Makefiles ... OK
* checking compiled code ... NOTE
Note: information on .o files is not available
* checking files in ‘vignettes’ ... OK
* checking examples ... ERROR
Running examples in ‘bandle-Ex.R’ failed
The error most likely occurred in:
> base::assign(".ptime", proc.time(), pos = "CheckExEnv")
> ### Name: diffLocalisationProb
> ### Title: Compute differential localisation probabilities from ms-based
> ### experiments using the bandle method
> ### Aliases: diffLocalisationProb bootstrapdiffLocprob binomialDiffLocProb
>
> ### ** Examples
>
> library(pRolocdata)
This is pRolocdata version 1.39.0.
Use 'pRolocdata()' to list available data sets.
> data("tan2009r1")
> set.seed(1)
> tansim <- sim_dynamic(object = tan2009r1,
+ numRep = 6L,
+ numDyn = 100L)
[1] "markers"
> gpParams <- lapply(tansim$lopitrep, function(x)
+ fitGPmaternPC(x, hyppar = matrix(c(0.5, 1, 100), nrow = 1)))
* checking for unstated dependencies in ‘tests’ ... OK
* checking tests ...
Running ‘spelling.R’
Running ‘testthat.R’/home/biocbuild/R/R-4.3.1/bin/BATCH: line 60: 384519 Killed ${R_HOME}/bin/R -f ${in} ${opts} ${R_BATCH_OPTIONS} > ${out} 2>&1
ERROR
Running the tests in ‘tests/testthat.R’ failed.
Last 13 lines of output:
Attaching package: 'bandle'
The following object is masked from 'package:pRoloc':
spatial2D
> library("pRolocdata")
This is pRolocdata version 1.39.0.
Use 'pRolocdata()' to list available data sets.
>
> test_check("bandle")
[1] "markers"
* checking for unstated dependencies in vignettes ... OK
* checking package vignettes in ‘inst/doc’ ... OK
* checking running R code from vignettes ... SKIPPED
* checking re-building of vignette outputs ... SKIPPED
* checking PDF version of manual ... OK
* DONE
Status: 2 ERRORs, 4 NOTEs
See
‘/home/biocbuild/bbs-3.18-bioc/meat/bandle.Rcheck/00check.log’
for details.
bandle.Rcheck/00install.out
##############################################################################
##############################################################################
###
### Running command:
###
### /home/biocbuild/R/R-4.3.1/bin/R CMD INSTALL bandle
###
##############################################################################
##############################################################################
* installing to library ‘/home/biocbuild/R/R-4.3.1/site-library’
* installing *source* package ‘bandle’ ...
** using staged installation
** libs
using C++ compiler: ‘g++ (GCC) 10.3.1’
using C++11
g++ -std=gnu++11 -I"/home/biocbuild/R/R-4.3.1/include" -DNDEBUG -I'/home/biocbuild/R/R-4.3.1/site-library/Rcpp/include' -I'/home/biocbuild/R/R-4.3.1/site-library/RcppArmadillo/include' -I'/home/biocbuild/R/R-4.3.1/site-library/BH/include' -I/usr/local/include -fopenmp -fPIC -g -O2 -Wall -c Bessel2ndKind.cpp -o Bessel2ndKind.o
In file included from /home/biocbuild/R/R-4.3.1/site-library/BH/include/boost/mpl/aux_/na_assert.hpp:23,
from /home/biocbuild/R/R-4.3.1/site-library/BH/include/boost/mpl/arg.hpp:25,
from /home/biocbuild/R/R-4.3.1/site-library/BH/include/boost/mpl/placeholders.hpp:24,
from /home/biocbuild/R/R-4.3.1/site-library/BH/include/boost/iterator/iterator_categories.hpp:16,
from /home/biocbuild/R/R-4.3.1/site-library/BH/include/boost/iterator/iterator_facade.hpp:13,
from /home/biocbuild/R/R-4.3.1/site-library/BH/include/boost/range/iterator_range_core.hpp:27,
from /home/biocbuild/R/R-4.3.1/site-library/BH/include/boost/lexical_cast.hpp:30,
from /home/biocbuild/R/R-4.3.1/site-library/BH/include/boost/math/tools/convert_from_string.hpp:15,
from /home/biocbuild/R/R-4.3.1/site-library/BH/include/boost/math/constants/constants.hpp:14,
from /home/biocbuild/R/R-4.3.1/site-library/BH/include/boost/math/special_functions/gamma.hpp:24,
from /home/biocbuild/R/R-4.3.1/site-library/BH/include/boost/math/special_functions/detail/bessel_jy.hpp:14,
from /home/biocbuild/R/R-4.3.1/site-library/BH/include/boost/math/special_functions/bessel.hpp:20,
from Bessel2ndKind.cpp:3:
/home/biocbuild/R/R-4.3.1/site-library/BH/include/boost/mpl/assert.hpp:194:21: warning: unnecessary parentheses in declaration of ‘assert_arg’ [-Wparentheses]
194 | failed ************ (Pred::************
| ^
/home/biocbuild/R/R-4.3.1/site-library/BH/include/boost/mpl/assert.hpp:199:21: warning: unnecessary parentheses in declaration of ‘assert_not_arg’ [-Wparentheses]
199 | failed ************ (boost::mpl::not_<Pred>::************
| ^
g++ -std=gnu++11 -I"/home/biocbuild/R/R-4.3.1/include" -DNDEBUG -I'/home/biocbuild/R/R-4.3.1/site-library/Rcpp/include' -I'/home/biocbuild/R/R-4.3.1/site-library/RcppArmadillo/include' -I'/home/biocbuild/R/R-4.3.1/site-library/BH/include' -I/usr/local/include -fopenmp -fPIC -g -O2 -Wall -c RcppExports.cpp -o RcppExports.o
g++ -std=gnu++11 -I"/home/biocbuild/R/R-4.3.1/include" -DNDEBUG -I'/home/biocbuild/R/R-4.3.1/site-library/Rcpp/include' -I'/home/biocbuild/R/R-4.3.1/site-library/RcppArmadillo/include' -I'/home/biocbuild/R/R-4.3.1/site-library/BH/include' -I/usr/local/include -fopenmp -fPIC -g -O2 -Wall -c dmvtCpp.cpp -o dmvtCpp.o
g++ -std=gnu++11 -I"/home/biocbuild/R/R-4.3.1/include" -DNDEBUG -I'/home/biocbuild/R/R-4.3.1/site-library/Rcpp/include' -I'/home/biocbuild/R/R-4.3.1/site-library/RcppArmadillo/include' -I'/home/biocbuild/R/R-4.3.1/site-library/BH/include' -I/usr/local/include -fopenmp -fPIC -g -O2 -Wall -c leapfrogGPcpp.cpp -o leapfrogGPcpp.o
g++ -std=gnu++11 -I"/home/biocbuild/R/R-4.3.1/include" -DNDEBUG -I'/home/biocbuild/R/R-4.3.1/site-library/Rcpp/include' -I'/home/biocbuild/R/R-4.3.1/site-library/RcppArmadillo/include' -I'/home/biocbuild/R/R-4.3.1/site-library/BH/include' -I/usr/local/include -fopenmp -fPIC -g -O2 -Wall -c pg_sample.cpp -o pg_sample.o
g++ -std=gnu++11 -shared -L/home/biocbuild/R/R-4.3.1/lib -L/usr/local/lib -o bandle.so Bessel2ndKind.o RcppExports.o dmvtCpp.o leapfrogGPcpp.o pg_sample.o -fopenmp -llapack -lblas -lgfortran -lm -L/home/biocbuild/R/R-4.3.1/lib -lR
installing to /home/biocbuild/R/R-4.3.1/site-library/00LOCK-bandle/00new/bandle/libs
** R
** inst
** byte-compile and prepare package for lazy loading
Creating a generic function from function ‘posteriorEstimates’ in package ‘bandle’
Creating a generic function from function ‘bandleJoint’ in package ‘bandle’
** help
*** installing help indices
** building package indices
** installing vignettes
** testing if installed package can be loaded from temporary location
** checking absolute paths in shared objects and dynamic libraries
** testing if installed package can be loaded from final location
** testing if installed package keeps a record of temporary installation path
* DONE (bandle)
bandle.Rcheck/tests/spelling.Rout
R version 4.3.1 (2023-06-16) -- "Beagle Scouts"
Copyright (C) 2023 The R Foundation for Statistical Computing
Platform: aarch64-unknown-linux-gnu (64-bit)
R is free software and comes with ABSOLUTELY NO WARRANTY.
You are welcome to redistribute it under certain conditions.
Type 'license()' or 'licence()' for distribution details.
R is a collaborative project with many contributors.
Type 'contributors()' for more information and
'citation()' on how to cite R or R packages in publications.
Type 'demo()' for some demos, 'help()' for on-line help, or
'help.start()' for an HTML browser interface to help.
Type 'q()' to quit R.
> #if(requireNamespace('spelling', quietly = TRUE))
> # spelling::spell_check_test(vignettes = TRUE, error = FALSE,
> # skip_on_cran = TRUE)
>
> proc.time()
user system elapsed
0.186 0.039 0.213
bandle.Rcheck/tests/testthat.Rout.fail
R version 4.3.1 (2023-06-16) -- "Beagle Scouts"
Copyright (C) 2023 The R Foundation for Statistical Computing
Platform: aarch64-unknown-linux-gnu (64-bit)
R is free software and comes with ABSOLUTELY NO WARRANTY.
You are welcome to redistribute it under certain conditions.
Type 'license()' or 'licence()' for distribution details.
R is a collaborative project with many contributors.
Type 'contributors()' for more information and
'citation()' on how to cite R or R packages in publications.
Type 'demo()' for some demos, 'help()' for on-line help, or
'help.start()' for an HTML browser interface to help.
Type 'q()' to quit R.
> # The setting of R_TESTS exists to work around an R bug. See
> # https://github.com/hadley/testthat/issues/144
> # We should remove it when the issue is resolved.
> Sys.setenv("R_TESTS" = "")
>
> library("testthat")
> library("bandle")
Loading required package: S4Vectors
Loading required package: stats4
Loading required package: BiocGenerics
Attaching package: 'BiocGenerics'
The following objects are masked from 'package:stats':
IQR, mad, sd, var, xtabs
The following objects are masked from 'package:base':
Filter, Find, Map, Position, Reduce, anyDuplicated, aperm, append,
as.data.frame, basename, cbind, colnames, dirname, do.call,
duplicated, eval, evalq, get, grep, grepl, intersect, is.unsorted,
lapply, mapply, match, mget, order, paste, pmax, pmax.int, pmin,
pmin.int, rank, rbind, rownames, sapply, setdiff, sort, table,
tapply, union, unique, unsplit, which.max, which.min
Attaching package: 'S4Vectors'
The following object is masked from 'package:utils':
findMatches
The following objects are masked from 'package:base':
I, expand.grid, unname
Loading required package: Biobase
Welcome to Bioconductor
Vignettes contain introductory material; view with
'browseVignettes()'. To cite Bioconductor, see
'citation("Biobase")', and for packages 'citation("pkgname")'.
Loading required package: MSnbase
Loading required package: mzR
Loading required package: Rcpp
Loading required package: ProtGenerics
Attaching package: 'ProtGenerics'
The following object is masked from 'package:stats':
smooth
This is MSnbase version 2.28.0
Visit https://lgatto.github.io/MSnbase/ to get started.
Attaching package: 'MSnbase'
The following object is masked from 'package:base':
trimws
Loading required package: pRoloc
Loading required package: MLInterfaces
Loading required package: annotate
Loading required package: AnnotationDbi
Loading required package: IRanges
Loading required package: XML
Attaching package: 'annotate'
The following object is masked from 'package:mzR':
nChrom
Loading required package: cluster
Loading required package: BiocParallel
This is pRoloc version 1.42.0
Visit https://lgatto.github.io/pRoloc/ to get started.
Attaching package: 'bandle'
The following object is masked from 'package:pRoloc':
spatial2D
> library("pRolocdata")
This is pRolocdata version 1.39.0.
Use 'pRolocdata()' to list available data sets.
>
> test_check("bandle")
[1] "markers"
bandle.Rcheck/bandle-Ex.timings
| name | user | system | elapsed | |
| bandle-EFDR | 16.818 | 0.694 | 17.581 | |
| bandle-cpp | 0 | 0 | 0 | |