| Back to Multiple platform build/check report for BioC 3.18: simplified long |
|
This page was generated on 2023-10-20 11:41:00 -0400 (Fri, 20 Oct 2023).
| Hostname | OS | Arch (*) | R version | Installed pkgs |
|---|---|---|---|---|
| nebbiolo2 | Linux (Ubuntu 22.04.2 LTS) | x86_64 | 4.3.1 (2023-06-16) -- "Beagle Scouts" | 4706 |
| palomino4 | Windows Server 2022 Datacenter | x64 | 4.3.1 (2023-06-16 ucrt) -- "Beagle Scouts" | 4436 |
| lconway | macOS 12.6.5 Monterey | x86_64 | 4.3.1 Patched (2023-06-17 r84564) -- "Beagle Scouts" | 4455 |
| kunpeng2 | Linux (openEuler 22.03 LTS-SP1) | aarch64 | 4.3.1 (2023-06-16) -- "Beagle Scouts" | 4439 |
| Click on any hostname to see more info about the system (e.g. compilers) (*) as reported by 'uname -p', except on Windows and Mac OS X | ||||
| Package 2210/2257 | Hostname | OS / Arch | INSTALL | BUILD | CHECK | BUILD BIN | ||||||||
| VariantTools 1.43.0 (landing page) Michael Lawrence
| nebbiolo2 | Linux (Ubuntu 22.04.2 LTS) / x86_64 | OK | OK | ERROR | |||||||||
| palomino4 | Windows Server 2022 Datacenter / x64 | OK | OK | WARNINGS | OK | |||||||||
| lconway | macOS 12.6.5 Monterey / x86_64 | OK | OK | ERROR | OK | |||||||||
| kjohnson1 | macOS 13.3.1 Ventura / arm64 | see weekly results here | ||||||||||||
| kunpeng2 | Linux (openEuler 22.03 LTS-SP1) / aarch64 | OK | OK | ERROR | ||||||||||
|
To the developers/maintainers of the VariantTools package: - Allow up to 24 hours (and sometimes 48 hours) for your latest push to git@git.bioconductor.org:packages/VariantTools.git to reflect on this report. See Troubleshooting Build Report for more information. - Use the following Renviron settings to reproduce errors and warnings. - If 'R CMD check' started to fail recently on the Linux builder(s) over a missing dependency, add the missing dependency to 'Suggests:' in your DESCRIPTION file. See Renviron.bioc for more information. - See Martin Grigorov's blog post for how to debug Linux ARM64 related issues on a x86_64 host. |
| Package: VariantTools |
| Version: 1.43.0 |
| Command: /home/biocbuild/R/R-4.3.1/bin/R CMD check --install=check:VariantTools.install-out.txt --library=/home/biocbuild/R/R-4.3.1/site-library --timings VariantTools_1.43.0.tar.gz |
| StartedAt: 2023-10-20 14:15:29 -0000 (Fri, 20 Oct 2023) |
| EndedAt: 2023-10-20 14:23:32 -0000 (Fri, 20 Oct 2023) |
| EllapsedTime: 482.8 seconds |
| RetCode: 1 |
| Status: ERROR |
| CheckDir: VariantTools.Rcheck |
| Warnings: NA |
##############################################################################
##############################################################################
###
### Running command:
###
### /home/biocbuild/R/R-4.3.1/bin/R CMD check --install=check:VariantTools.install-out.txt --library=/home/biocbuild/R/R-4.3.1/site-library --timings VariantTools_1.43.0.tar.gz
###
##############################################################################
##############################################################################
* using log directory ‘/home/biocbuild/bbs-3.18-bioc/meat/VariantTools.Rcheck’
* using R version 4.3.1 (2023-06-16)
* using platform: aarch64-unknown-linux-gnu (64-bit)
* R was compiled by
gcc (GCC) 10.3.1
GNU Fortran (GCC) 10.3.1
* running under: openEuler 22.03 (LTS-SP1)
* using session charset: UTF-8
* checking for file ‘VariantTools/DESCRIPTION’ ... OK
* checking extension type ... Package
* this is package ‘VariantTools’ version ‘1.43.0’
* checking package namespace information ... OK
* checking package dependencies ... OK
* checking if this is a source package ... OK
* checking if there is a namespace ... OK
* checking for hidden files and directories ... NOTE
Found the following hidden files and directories:
.BBSoptions
These were most likely included in error. See section ‘Package
structure’ in the ‘Writing R Extensions’ manual.
* checking for portable file names ... OK
* checking for sufficient/correct file permissions ... OK
* checking whether package ‘VariantTools’ can be installed ... OK
* checking installed package size ... NOTE
installed size is 6.5Mb
sub-directories of 1Mb or more:
doc 5.4Mb
* checking package directory ... OK
* checking ‘build’ directory ... OK
* checking DESCRIPTION meta-information ... OK
* checking top-level files ... OK
* checking for left-over files ... OK
* checking index information ... OK
* checking package subdirectories ... NOTE
Problems with news in ‘NEWS’:
Cannot process chunk/lines:
Initial release
(start date: 12 September, 2012)
* checking R files for non-ASCII characters ... OK
* checking R files for syntax errors ... OK
* checking whether the package can be loaded ... OK
* checking whether the package can be loaded with stated dependencies ... OK
* checking whether the package can be unloaded cleanly ... OK
* checking whether the namespace can be loaded with stated dependencies ... OK
* checking whether the namespace can be unloaded cleanly ... OK
* checking loading without being on the library search path ... OK
* checking dependencies in R code ... WARNING
Missing or unexported object: ‘GenomicRanges::genome’
Unexported objects imported by ':::' calls:
‘BiocGenerics:::testPackage’ ‘IRanges:::unlist_as_integer’
See the note in ?`:::` about the use of this operator.
* checking S3 generic/method consistency ... OK
* checking replacement functions ... OK
* checking foreign function calls ... OK
* checking R code for possible problems ... NOTE
LowerFrequencyInOtherFilter : <anonymous>: no visible binding for
global variable ‘control.alt.depth’
LowerFrequencyInOtherFilter : <anonymous>: no visible binding for
global variable ‘control.total.depth’
ReadPositionTTestFilter : <anonymous>: no visible binding for global
variable ‘read.pos.mean’
ReadPositionTTestFilter : <anonymous>: no visible binding for global
variable ‘read.pos.mean.ref’
ReadPositionTTestFilter : <anonymous>: no visible binding for global
variable ‘read.pos.var’
ReadPositionTTestFilter : <anonymous>: no visible binding for global
variable ‘read.pos.var.ref’
ReadPositionTTestFilter : <anonymous>: no visible global function
definition for ‘rawDepth’
StrandFETFilter : <anonymous>: no visible binding for global variable
‘count.plus.ref’
StrandFETFilter : <anonymous>: no visible binding for global variable
‘count.minus.ref’
StrandFETFilter : <anonymous>: no visible binding for global variable
‘count.plus’
StrandFETFilter : <anonymous>: no visible binding for global variable
‘count.minus’
calculateConcordanceMatrix: no visible binding for global variable ‘x’
caseControlFET: no visible binding for global variable
‘control.alt.depth’
caseControlFET: no visible binding for global variable
‘control.total.depth’
variantGR2Vcf: no visible global function definition for
‘variantGRangesIsDeprecated’
variantGR2Vcf: no visible global function definition for
‘makeVRangesFromVariantGRanges’
callVariants,GenomicRanges: no visible global function definition for
‘variantGRangesIsDeprecated’
callVariants,GenomicRanges: no visible global function definition for
‘variantGRangesToVRanges’
Undefined global functions or variables:
control.alt.depth control.total.depth count.minus count.minus.ref
count.plus count.plus.ref makeVRangesFromVariantGRanges rawDepth
read.pos.mean read.pos.mean.ref read.pos.var read.pos.var.ref
variantGRangesIsDeprecated variantGRangesToVRanges x
* checking Rd files ... WARNING
./man/tallyVariants.Rd: non-ASCII input and no declared encoding
problem found in ‘tallyVariants.Rd’
* checking Rd metadata ... OK
* checking Rd cross-references ... OK
* checking for missing documentation entries ... OK
* checking for code/documentation mismatches ... OK
* checking Rd \usage sections ... OK
* checking Rd contents ... OK
* checking for unstated dependencies in examples ... OK
* checking contents of ‘data’ directory ... OK
* checking data for non-ASCII characters ... OK
* checking data for ASCII and uncompressed saves ... OK
* checking installed files from ‘inst/doc’ ... NOTE
The following directories should probably not be installed:
‘fig’
Consider the use of a .Rinstignore file: see ‘Writing R Extensions’,
or move the vignette sources from ‘inst/doc’ to ‘vignettes’.
* checking files in ‘vignettes’ ... OK
* checking examples ... ERROR
Running examples in ‘VariantTools-Ex.R’ failed
The error most likely occurred in:
> base::assign(".ptime", proc.time(), pos = "CheckExEnv")
> ### Name: callSampleSpecificVariants
> ### Title: Call Sample-Specific Variants
> ### Aliases: callSampleSpecificVariants
> ### callSampleSpecificVariants,BamFile,BamFile-method
> ### callSampleSpecificVariants,character,character-method
> ### callSampleSpecificVariants,GenomicRanges,GenomicRanges-method
> ### callSampleSpecificVariants,VRanges,VRanges-method
> ### SampleSpecificVariantFilters
>
> ### ** Examples
>
> bams <- LungCancerLines::LungCancerBamFiles()
> if (requireNamespace("gmapR", quietly=TRUE)) {
+ tally.param <- TallyVariantsParam(gmapR::TP53Genome(),
+ high_base_quality = 23L,
+ which = gmapR::TP53Which())
+ callSampleSpecificVariants(bams$H1993, bams$H2073, tally.param)
+ } else {
+ data(vignette)
+ calling.filters <- VariantCallingFilters(read.count = 3L)
+ called.variants <- callVariants(tallies_H1993, calling.filters)
+ callSampleSpecificVariants(called.variants, tallies_H2073,
+ coverage_H2073)
+ }
Error in packageVersion("TxDb.Hsapiens.UCSC.hg19.knownGene") :
there is no package called ‘TxDb.Hsapiens.UCSC.hg19.knownGene’
Calls: TallyVariantsParam ... GeneGenome -> geneGenomeName -> paste0 -> packageVersion
Execution halted
* checking for unstated dependencies in ‘tests’ ... OK
* checking tests ...
Running ‘VariantTools_unit_tests.R’
OK
* checking for unstated dependencies in vignettes ... OK
* checking package vignettes in ‘inst/doc’ ... OK
* checking running R code from vignettes ...
‘VariantTools.Rnw’... failed
WARNING
Errors in running code in vignettes:
when running code in ‘VariantTools.Rnw’
...
> bam <- bams$H1993
> if (requireNamespace("gmapR", quietly = TRUE)) {
+ p53 <- gmapR:::exonsOnTP53Genome("TP53")
+ tally.param <- TallyVariantsParam(gmapR::TP53G .... [TRUNCATED]
When sourcing ‘VariantTools.R’:
Error: there is no package called ‘TxDb.Hsapiens.UCSC.hg19.knownGene’
Execution halted
* checking re-building of vignette outputs ... NOTE
Error(s) in re-building vignettes:
--- re-building ‘VariantTools.Rnw’ using Sweave
Loading required package: S4Vectors
Loading required package: stats4
Loading required package: BiocGenerics
Attaching package: ‘BiocGenerics’
The following objects are masked from ‘package:stats’:
IQR, mad, sd, var, xtabs
The following objects are masked from ‘package:base’:
Filter, Find, Map, Position, Reduce, anyDuplicated, aperm,
append, as.data.frame, basename, cbind, colnames, dirname,
do.call, duplicated, eval, evalq, get, grep, grepl,
intersect, is.unsorted, lapply, mapply, match, mget, order,
paste, pmax, pmax.int, pmin, pmin.int, rank, rbind,
rownames, sapply, setdiff, sort, table, tapply, union,
unique, unsplit, which.max, which.min
Attaching package: ‘S4Vectors’
The following object is masked from ‘package:utils’:
findMatches
The following objects are masked from ‘package:base’:
I, expand.grid, unname
Loading required package: IRanges
Loading required package: GenomicRanges
Loading required package: GenomeInfoDb
Loading required package: VariantAnnotation
Loading required package: MatrixGenerics
Loading required package: matrixStats
Attaching package: ‘MatrixGenerics’
The following objects are masked from ‘package:matrixStats’:
colAlls, colAnyNAs, colAnys, colAvgsPerRowSet, colCollapse,
colCounts, colCummaxs, colCummins, colCumprods, colCumsums,
colDiffs, colIQRDiffs, colIQRs, colLogSumExps, colMadDiffs,
colMads, colMaxs, colMeans2, colMedians, colMins,
colOrderStats, colProds, colQuantiles, colRanges, colRanks,
colSdDiffs, colSds, colSums2, colTabulates, colVarDiffs,
colVars, colWeightedMads, colWeightedMeans,
colWeightedMedians, colWeightedSds, colWeightedVars,
rowAlls, rowAnyNAs, rowAnys, rowAvgsPerColSet, rowCollapse,
rowCounts, rowCummaxs, rowCummins, rowCumprods, rowCumsums,
rowDiffs, rowIQRDiffs, rowIQRs, rowLogSumExps, rowMadDiffs,
rowMads, rowMaxs, rowMeans2, rowMedians, rowMins,
rowOrderStats, rowProds, rowQuantiles, rowRanges, rowRanks,
rowSdDiffs, rowSds, rowSums2, rowTabulates, rowVarDiffs,
rowVars, rowWeightedMads, rowWeightedMeans,
rowWeightedMedians, rowWeightedSds, rowWeightedVars
Loading required package: SummarizedExperiment
Loading required package: Biobase
Welcome to Bioconductor
Vignettes contain introductory material; view with
'browseVignettes()'. To cite Bioconductor, see
'citation("Biobase")', and for packages
'citation("pkgname")'.
Attaching package: ‘Biobase’
The following object is masked from ‘package:MatrixGenerics’:
rowMedians
The following objects are masked from ‘package:matrixStats’:
anyMissing, rowMedians
Loading required package: Rsamtools
Loading required package: Biostrings
Loading required package: XVector
Attaching package: ‘Biostrings’
The following object is masked from ‘package:base’:
strsplit
Attaching package: ‘VariantAnnotation’
The following object is masked from ‘package:base’:
tabulate
Error: processing vignette 'VariantTools.Rnw' failed with diagnostics:
chunk 2 (label = callVariants)
Error in loadNamespace(x) :
there is no package called ‘TxDb.Hsapiens.UCSC.hg19.knownGene’
--- failed re-building ‘VariantTools.Rnw’
SUMMARY: processing the following file failed:
‘VariantTools.Rnw’
Error: Vignette re-building failed.
Execution halted
* checking PDF version of manual ... OK
* DONE
Status: 1 ERROR, 3 WARNINGs, 6 NOTEs
See
‘/home/biocbuild/bbs-3.18-bioc/meat/VariantTools.Rcheck/00check.log’
for details.
VariantTools.Rcheck/00install.out
############################################################################## ############################################################################## ### ### Running command: ### ### /home/biocbuild/R/R-4.3.1/bin/R CMD INSTALL VariantTools ### ############################################################################## ############################################################################## * installing to library ‘/home/biocbuild/R/R-4.3.1/site-library’ * installing *source* package ‘VariantTools’ ... ** using staged installation ** R ** data ** inst ** byte-compile and prepare package for lazy loading ** help *** installing help indices ** building package indices ** installing vignettes ** testing if installed package can be loaded from temporary location ** testing if installed package can be loaded from final location ** testing if installed package keeps a record of temporary installation path * DONE (VariantTools)
VariantTools.Rcheck/tests/VariantTools_unit_tests.Rout
R version 4.3.1 (2023-06-16) -- "Beagle Scouts"
Copyright (C) 2023 The R Foundation for Statistical Computing
Platform: aarch64-unknown-linux-gnu (64-bit)
R is free software and comes with ABSOLUTELY NO WARRANTY.
You are welcome to redistribute it under certain conditions.
Type 'license()' or 'licence()' for distribution details.
R is a collaborative project with many contributors.
Type 'contributors()' for more information and
'citation()' on how to cite R or R packages in publications.
Type 'demo()' for some demos, 'help()' for on-line help, or
'help.start()' for an HTML browser interface to help.
Type 'q()' to quit R.
> ##require("VariantTools") || stop("unable to load VariantTools package")
> ##VariantTools:::.test()
>
> proc.time()
user system elapsed
0.184 0.037 0.208
VariantTools.Rcheck/VariantTools-Ex.timings
| name | user | system | elapsed | |
| FilterConstructors | 2.249 | 0.072 | 2.332 | |
| annnotateWithControlDepth | 0.407 | 0.032 | 0.440 | |
| callGenotypes | 99.478 | 7.859 | 70.844 | |