| Back to Multiple platform build/check report for BioC 3.18: simplified long |
|
This page was generated on 2023-11-02 11:41:24 -0400 (Thu, 02 Nov 2023).
| Hostname | OS | Arch (*) | R version | Installed pkgs |
|---|---|---|---|---|
| nebbiolo2 | Linux (Ubuntu 22.04.2 LTS) | x86_64 | 4.3.1 (2023-06-16) -- "Beagle Scouts" | 4729 |
| palomino4 | Windows Server 2022 Datacenter | x64 | 4.3.1 (2023-06-16 ucrt) -- "Beagle Scouts" | 4463 |
| lconway | macOS 12.6.5 Monterey | x86_64 | 4.3.1 Patched (2023-06-17 r84564) -- "Beagle Scouts" | 4478 |
| kunpeng2 | Linux (openEuler 22.03 LTS-SP1) | aarch64 | 4.3.1 (2023-06-16) -- "Beagle Scouts" | 4464 |
| Click on any hostname to see more info about the system (e.g. compilers) (*) as reported by 'uname -p', except on Windows and Mac OS X | ||||
| Package 2202/2266 | Hostname | OS / Arch | INSTALL | BUILD | CHECK | BUILD BIN | ||||||||
| Ularcirc 1.20.0 (landing page) David Humphreys
| nebbiolo2 | Linux (Ubuntu 22.04.2 LTS) / x86_64 | OK | OK | WARNINGS | |||||||||
| palomino4 | Windows Server 2022 Datacenter / x64 | OK | OK | WARNINGS | OK | |||||||||
| lconway | macOS 12.6.5 Monterey / x86_64 | OK | OK | WARNINGS | OK | |||||||||
| kjohnson1 | macOS 13.6.1 Ventura / arm64 | see weekly results here | ||||||||||||
| kunpeng2 | Linux (openEuler 22.03 LTS-SP1) / aarch64 | OK | OK | WARNINGS | ||||||||||
|
To the developers/maintainers of the Ularcirc package: - Allow up to 24 hours (and sometimes 48 hours) for your latest push to git@git.bioconductor.org:packages/Ularcirc.git to reflect on this report. See Troubleshooting Build Report for more information. - Use the following Renviron settings to reproduce errors and warnings. - If 'R CMD check' started to fail recently on the Linux builder(s) over a missing dependency, add the missing dependency to 'Suggests:' in your DESCRIPTION file. See Renviron.bioc for more information. - See Martin Grigorov's blog post for how to debug Linux ARM64 related issues on a x86_64 host. |
| Package: Ularcirc |
| Version: 1.20.0 |
| Command: /home/biocbuild/R/R-4.3.1/bin/R CMD check --install=check:Ularcirc.install-out.txt --library=/home/biocbuild/R/R-4.3.1/site-library --no-vignettes --timings Ularcirc_1.20.0.tar.gz |
| StartedAt: 2023-11-02 15:08:15 -0000 (Thu, 02 Nov 2023) |
| EndedAt: 2023-11-02 15:10:18 -0000 (Thu, 02 Nov 2023) |
| EllapsedTime: 123.3 seconds |
| RetCode: 0 |
| Status: WARNINGS |
| CheckDir: Ularcirc.Rcheck |
| Warnings: 1 |
##############################################################################
##############################################################################
###
### Running command:
###
### /home/biocbuild/R/R-4.3.1/bin/R CMD check --install=check:Ularcirc.install-out.txt --library=/home/biocbuild/R/R-4.3.1/site-library --no-vignettes --timings Ularcirc_1.20.0.tar.gz
###
##############################################################################
##############################################################################
* using log directory ‘/home/biocbuild/bbs-3.18-bioc/meat/Ularcirc.Rcheck’
* using R version 4.3.1 (2023-06-16)
* using platform: aarch64-unknown-linux-gnu (64-bit)
* R was compiled by
gcc (GCC) 10.3.1
GNU Fortran (GCC) 10.3.1
* running under: openEuler 22.03 (LTS-SP1)
* using session charset: UTF-8
* using option ‘--no-vignettes’
* checking for file ‘Ularcirc/DESCRIPTION’ ... OK
* checking extension type ... Package
* this is package ‘Ularcirc’ version ‘1.20.0’
* package encoding: UTF-8
* checking package namespace information ... OK
* checking package dependencies ... OK
* checking if this is a source package ... OK
* checking if there is a namespace ... OK
* checking for hidden files and directories ... OK
* checking for portable file names ... OK
* checking for sufficient/correct file permissions ... OK
* checking whether package ‘Ularcirc’ can be installed ... OK
* checking installed package size ... OK
* checking package directory ... OK
* checking ‘build’ directory ... OK
* checking DESCRIPTION meta-information ... OK
* checking top-level files ... OK
* checking for left-over files ... OK
* checking index information ... OK
* checking package subdirectories ... OK
* checking R files for non-ASCII characters ... OK
* checking R files for syntax errors ... OK
* checking whether the package can be loaded ... OK
* checking whether the package can be loaded with stated dependencies ... OK
* checking whether the package can be unloaded cleanly ... OK
* checking whether the namespace can be loaded with stated dependencies ... OK
* checking whether the namespace can be unloaded cleanly ... OK
* checking loading without being on the library search path ... OK
* checking dependencies in R code ... NOTE
Namespaces in Imports field not imported from:
‘DT’ ‘GenomeInfoDb’ ‘GenomeInfoDbData’ ‘Organism.dplyr’ ‘ggplot2’
‘ggrepel’ ‘mirbase.db’ ‘moments’ ‘shinyFiles’ ‘shinydashboard’
‘shinyjs’ ‘yaml’
All declared Imports should be used.
* checking S3 generic/method consistency ... OK
* checking replacement functions ... OK
* checking foreign function calls ... OK
* checking R code for possible problems ... NOTE
FilterChimericJuncs: no visible global function definition for
‘Filter_by_Data_Set’
FilterChimericJuncs: no visible binding for global variable
‘strandDonor’
FilterChimericJuncs: no visible binding for global variable
‘startDonor’
FilterChimericJuncs: no visible binding for global variable
‘startAcceptor’
Junction_Sequence_from_Genome: no visible global function definition
for ‘extractGenomeSequence’
SelectUniqueJunctions : filtersteps: no visible global function
definition for ‘.’
SelectUniqueJunctions: no visible binding for global variable
‘BSjuncName’
SelectUniqueJunctions: no visible binding for global variable
‘JuncType’
SelectUniqueJunctions: no visible binding for global variable
‘strandDonor’
loadSTAR_chimeric: no visible binding for global variable
‘..returnColIdx’
Undefined global functions or variables:
. ..returnColIdx BSjuncName Filter_by_Data_Set JuncType
extractGenomeSequence startAcceptor startDonor strandDonor
* checking Rd files ... OK
* checking Rd metadata ... OK
* checking Rd cross-references ... OK
* checking for missing documentation entries ... OK
* checking for code/documentation mismatches ... OK
* checking Rd \usage sections ... WARNING
Undocumented arguments in documentation object 'Junction_Sequence_from_Genome'
‘SelectUniqueJunct_Value’
Documented arguments not in \usage in documentation object 'Junction_Sequence_from_Genome':
‘SelectUniqueJunct_value’
Functions with \usage entries need to have the appropriate \alias
entries, and all their arguments documented.
The \usage entries must correspond to syntactically valid R code.
See chapter ‘Writing R documentation files’ in the ‘Writing R
Extensions’ manual.
* checking Rd contents ... OK
* checking for unstated dependencies in examples ... OK
* checking files in ‘vignettes’ ... OK
* checking examples ... OK
Examples with CPU (user + system) or elapsed time > 5s
user system elapsed
Compatible_Annotation_DBs 12.325 0.357 12.707
* checking for unstated dependencies in vignettes ... OK
* checking package vignettes in ‘inst/doc’ ... OK
* checking running R code from vignettes ... SKIPPED
* checking re-building of vignette outputs ... SKIPPED
* checking PDF version of manual ... OK
* DONE
Status: 1 WARNING, 2 NOTEs
See
‘/home/biocbuild/bbs-3.18-bioc/meat/Ularcirc.Rcheck/00check.log’
for details.
Ularcirc.Rcheck/00install.out
############################################################################## ############################################################################## ### ### Running command: ### ### /home/biocbuild/R/R-4.3.1/bin/R CMD INSTALL Ularcirc ### ############################################################################## ############################################################################## * installing to library ‘/home/biocbuild/R/R-4.3.1/site-library’ * installing *source* package ‘Ularcirc’ ... ** using staged installation ** R ** inst ** byte-compile and prepare package for lazy loading ** help *** installing help indices ** building package indices ** installing vignettes ** testing if installed package can be loaded from temporary location ** testing if installed package can be loaded from final location ** testing if installed package keeps a record of temporary installation path * DONE (Ularcirc)
Ularcirc.Rcheck/Ularcirc-Ex.timings
| name | user | system | elapsed | |
| BSJ_details | 0.000 | 0.002 | 0.002 | |
| Compatible_Annotation_DBs | 12.325 | 0.357 | 12.707 | |
| FilterChimericJuncs | 0.149 | 0.004 | 0.154 | |
| Ularcirc | 0.000 | 0.000 | 0.001 | |
| bsj_fastq_generate | 0.064 | 0.000 | 0.063 | |
| bsj_to_circRNA_sequence | 3.376 | 0.395 | 3.795 | |
| chimericStats | 1.227 | 0.084 | 1.314 | |
| plot_AllJunctions | 2.064 | 0.259 | 2.332 | |