| Back to Multiple platform build/check report for BioC 3.18: simplified long |
|
This page was generated on 2023-11-02 11:41:17 -0400 (Thu, 02 Nov 2023).
| Hostname | OS | Arch (*) | R version | Installed pkgs |
|---|---|---|---|---|
| nebbiolo2 | Linux (Ubuntu 22.04.2 LTS) | x86_64 | 4.3.1 (2023-06-16) -- "Beagle Scouts" | 4729 |
| palomino4 | Windows Server 2022 Datacenter | x64 | 4.3.1 (2023-06-16 ucrt) -- "Beagle Scouts" | 4463 |
| lconway | macOS 12.6.5 Monterey | x86_64 | 4.3.1 Patched (2023-06-17 r84564) -- "Beagle Scouts" | 4478 |
| kunpeng2 | Linux (openEuler 22.03 LTS-SP1) | aarch64 | 4.3.1 (2023-06-16) -- "Beagle Scouts" | 4464 |
| Click on any hostname to see more info about the system (e.g. compilers) (*) as reported by 'uname -p', except on Windows and Mac OS X | ||||
| Package 1976/2266 | Hostname | OS / Arch | INSTALL | BUILD | CHECK | BUILD BIN | ||||||||
Bhakti Dwivedi
| nebbiolo2 | Linux (Ubuntu 22.04.2 LTS) / x86_64 | OK | OK | ERROR | |||||||||
| palomino4 | Windows Server 2022 Datacenter / x64 | OK | OK | WARNINGS | OK | |||||||||
| lconway | macOS 12.6.5 Monterey / x86_64 | OK | OK | WARNINGS | OK | |||||||||
| kjohnson1 | macOS 13.6.1 Ventura / arm64 | see weekly results here | ||||||||||||
| kunpeng2 | Linux (openEuler 22.03 LTS-SP1) / aarch64 | OK | OK | ERROR | ||||||||||
|
To the developers/maintainers of the SISPA package: - Allow up to 24 hours (and sometimes 48 hours) for your latest push to git@git.bioconductor.org:packages/SISPA.git to reflect on this report. See Troubleshooting Build Report for more information. - Use the following Renviron settings to reproduce errors and warnings. - If 'R CMD check' started to fail recently on the Linux builder(s) over a missing dependency, add the missing dependency to 'Suggests:' in your DESCRIPTION file. See Renviron.bioc for more information. - See Martin Grigorov's blog post for how to debug Linux ARM64 related issues on a x86_64 host. |
| Package: SISPA |
| Version: 1.32.0 |
| Command: /home/biocbuild/R/R-4.3.1/bin/R CMD check --install=check:SISPA.install-out.txt --library=/home/biocbuild/R/R-4.3.1/site-library --no-vignettes --timings SISPA_1.32.0.tar.gz |
| StartedAt: 2023-11-02 14:27:17 -0000 (Thu, 02 Nov 2023) |
| EndedAt: 2023-11-02 14:33:01 -0000 (Thu, 02 Nov 2023) |
| EllapsedTime: 343.7 seconds |
| RetCode: 1 |
| Status: ERROR |
| CheckDir: SISPA.Rcheck |
| Warnings: NA |
##############################################################################
##############################################################################
###
### Running command:
###
### /home/biocbuild/R/R-4.3.1/bin/R CMD check --install=check:SISPA.install-out.txt --library=/home/biocbuild/R/R-4.3.1/site-library --no-vignettes --timings SISPA_1.32.0.tar.gz
###
##############################################################################
##############################################################################
* using log directory ‘/home/biocbuild/bbs-3.18-bioc/meat/SISPA.Rcheck’
* using R version 4.3.1 (2023-06-16)
* using platform: aarch64-unknown-linux-gnu (64-bit)
* R was compiled by
gcc (GCC) 10.3.1
GNU Fortran (GCC) 10.3.1
* running under: openEuler 22.03 (LTS-SP1)
* using session charset: UTF-8
* using option ‘--no-vignettes’
* checking for file ‘SISPA/DESCRIPTION’ ... OK
* checking extension type ... Package
* this is package ‘SISPA’ version ‘1.32.0’
* checking package namespace information ... OK
* checking package dependencies ... OK
* checking if this is a source package ... OK
* checking if there is a namespace ... OK
* checking for hidden files and directories ... OK
* checking for portable file names ... OK
* checking for sufficient/correct file permissions ... OK
* checking whether package ‘SISPA’ can be installed ... WARNING
Found the following significant warnings:
Warning: Package 'SISPA' is deprecated and will be removed from Bioconductor
See ‘/home/biocbuild/bbs-3.18-bioc/meat/SISPA.Rcheck/00install.out’ for details.
* checking installed package size ... OK
* checking package directory ... OK
* checking ‘build’ directory ... OK
* checking DESCRIPTION meta-information ... OK
* checking top-level files ... OK
* checking for left-over files ... OK
* checking index information ... OK
* checking package subdirectories ... NOTE
Problems with news in ‘NEWS’:
Cannot process chunk/lines:
Version 0.99.1: Original
Cannot process chunk/lines:
Version 0.99.2:
Bugfix:
- Example ERROR fixed, generates ERROR message when no change points are identified.
Cannot process chunk/lines:
Version 0.99.3:
Bugfix:
- Example ERROR fixed, generates ERROR message when no change points are identified.
Cannot process chunk/lines:
Version 0.99.4:
Bugfix:
- Example ERROR fixed, generates ERROR message when no change points are identified.
Cannot process chunk/lines:
Version 1.1.0
First Release version
Cannot process chunk/lines:
Version 1.1.1:
New Features:
- For more than 3 genes, standard zscore is computed instead of GSVA enrichment scores
- For sample size less than 3, zscore can not be computed, program generates an error
- SISPA can now run on a single data type or any combination of two numeric data types
- changepoint R method options as input parameters
- implemented ggplot to create barplot in the freqplot function
- Updated vignettes as pdf file to perform 1D and 2D SISPA analysis
- SISPA.R numeric ERROR fixed
Cannot process chunk/lines:
Version 1.1.2:
New Features:
- cptSamples.R changepoint ERROR fixed
Cannot process chunk/lines:
Bhakti Dwivedi and Jeanne Kowalski
Cannot process chunk/lines:
The Winship Cancer Institute, Emory University
Cannot process chunk/lines:
https://bbisr.winship.emory.edu/
* checking R files for non-ASCII characters ... OK
* checking R files for syntax errors ... OK
* checking whether the package can be loaded ... OK
* checking whether the package can be loaded with stated dependencies ... OK
* checking whether the package can be unloaded cleanly ... OK
* checking whether the namespace can be loaded with stated dependencies ... OK
* checking whether the namespace can be unloaded cleanly ... OK
* checking loading without being on the library search path ... OK
* checking startup messages can be suppressed ... OK
* checking dependencies in R code ... OK
* checking S3 generic/method consistency ... OK
* checking replacement functions ... OK
* checking foreign function calls ... OK
* checking R code for possible problems ... NOTE
cptSamples : cptsPlot: no visible global function definition for
‘abline’
cptSamples : cptsPlot: no visible global function definition for ‘text’
Undefined global functions or variables:
abline text
Consider adding
importFrom("graphics", "abline", "text")
to your NAMESPACE file.
* checking Rd files ... OK
* checking Rd metadata ... OK
* checking Rd cross-references ... OK
* checking for missing documentation entries ... OK
* checking for code/documentation mismatches ... OK
* checking Rd \usage sections ... OK
* checking Rd contents ... OK
* checking for unstated dependencies in examples ... OK
* checking contents of ‘data’ directory ... OK
* checking data for non-ASCII characters ... OK
* checking LazyData ... OK
* checking data for ASCII and uncompressed saves ... OK
* checking installed files from ‘inst/doc’ ... OK
* checking files in ‘vignettes’ ... OK
* checking examples ... ERROR
Running examples in ‘SISPA-Ex.R’ failed
The error most likely occurred in:
> base::assign(".ptime", proc.time(), pos = "CheckExEnv")
> ### Name: freqplot
> ### Title: A plotting function for SISPA sample identifiers
> ### Aliases: freqplot
>
> ### ** Examples
>
> samples <- c("s1","s2","s3","s4","s5","s6","s7","s8","s9","s10")
> zscores <- c(3.83,2.70,2.67,2.31,1.70,1.25,-0.42,-1.01,-2.43,-3.37)
> changepoints <- c(1,1,1,2,2,3,3,NA,NA,NA)
> sample_groups <- c(1,1,1,0,0,0,0,0,0,0)
> my.data = data.frame(samples,zscores,changepoints,sample_groups)
> freqplot(my.data)
Error in value[[3L]](cond) :
The melt generic in data.table has been passed a data.frame, but data.table::melt currently only has a method for data.tables. Please confirm your input is a data.table, with setDT(count_data) or as.data.table(count_data). If you intend to use a method from reshape2, try installing that package first, but do note that reshape2 is deprecated and you should be migrating your code away from using it.
Calls: freqplot ... tryCatch -> tryCatchList -> tryCatchOne -> <Anonymous>
Execution halted
* checking for unstated dependencies in vignettes ... OK
* checking package vignettes in ‘inst/doc’ ... OK
* checking running R code from vignettes ... SKIPPED
* checking re-building of vignette outputs ... SKIPPED
* checking PDF version of manual ... OK
* DONE
Status: 1 ERROR, 1 WARNING, 2 NOTEs
See
‘/home/biocbuild/bbs-3.18-bioc/meat/SISPA.Rcheck/00check.log’
for details.
SISPA.Rcheck/00install.out
############################################################################## ############################################################################## ### ### Running command: ### ### /home/biocbuild/R/R-4.3.1/bin/R CMD INSTALL SISPA ### ############################################################################## ############################################################################## * installing to library ‘/home/biocbuild/R/R-4.3.1/site-library’ * installing *source* package ‘SISPA’ ... ** using staged installation ** R ** data *** moving datasets to lazyload DB ** inst ** byte-compile and prepare package for lazy loading ** help *** installing help indices ** building package indices ** installing vignettes ** testing if installed package can be loaded from temporary location Warning: Package 'SISPA' is deprecated and will be removed from Bioconductor version 3.19 ** testing if installed package can be loaded from final location Warning: Package 'SISPA' is deprecated and will be removed from Bioconductor version 3.19 ** testing if installed package keeps a record of temporary installation path * DONE (SISPA)
SISPA.Rcheck/SISPA-Ex.timings
| name | user | system | elapsed | |
| SISPA | 1.150 | 0.052 | 1.215 | |
| callGSVA | 1.159 | 0.470 | 1.588 | |
| callZSCORE | 0.004 | 0.000 | 0.004 | |
| cptSamples | 1.320 | 0.584 | 1.824 | |
| filterVars | 0.001 | 0.001 | 0.000 | |