| Back to Multiple platform build/check report for BioC 3.18: simplified long |
|
This page was generated on 2023-11-02 11:40:57 -0400 (Thu, 02 Nov 2023).
| Hostname | OS | Arch (*) | R version | Installed pkgs |
|---|---|---|---|---|
| nebbiolo2 | Linux (Ubuntu 22.04.2 LTS) | x86_64 | 4.3.1 (2023-06-16) -- "Beagle Scouts" | 4729 |
| palomino4 | Windows Server 2022 Datacenter | x64 | 4.3.1 (2023-06-16 ucrt) -- "Beagle Scouts" | 4463 |
| lconway | macOS 12.6.5 Monterey | x86_64 | 4.3.1 Patched (2023-06-17 r84564) -- "Beagle Scouts" | 4478 |
| kunpeng2 | Linux (openEuler 22.03 LTS-SP1) | aarch64 | 4.3.1 (2023-06-16) -- "Beagle Scouts" | 4464 |
| Click on any hostname to see more info about the system (e.g. compilers) (*) as reported by 'uname -p', except on Windows and Mac OS X | ||||
| Package 1305/2266 | Hostname | OS / Arch | INSTALL | BUILD | CHECK | BUILD BIN | ||||||||
| MoonlightR 1.28.0 (landing page) Matteo Tiberti
| nebbiolo2 | Linux (Ubuntu 22.04.2 LTS) / x86_64 | OK | OK | OK | |||||||||
| palomino4 | Windows Server 2022 Datacenter / x64 | OK | OK | OK | OK | |||||||||
| lconway | macOS 12.6.5 Monterey / x86_64 | OK | OK | OK | OK | |||||||||
| kjohnson1 | macOS 13.6.1 Ventura / arm64 | see weekly results here | ||||||||||||
| kunpeng2 | Linux (openEuler 22.03 LTS-SP1) / aarch64 | OK | OK | WARNINGS | ||||||||||
|
To the developers/maintainers of the MoonlightR package: - Allow up to 24 hours (and sometimes 48 hours) for your latest push to git@git.bioconductor.org:packages/MoonlightR.git to reflect on this report. See Troubleshooting Build Report for more information. - Use the following Renviron settings to reproduce errors and warnings. - If 'R CMD check' started to fail recently on the Linux builder(s) over a missing dependency, add the missing dependency to 'Suggests:' in your DESCRIPTION file. See Renviron.bioc for more information. - See Martin Grigorov's blog post for how to debug Linux ARM64 related issues on a x86_64 host. |
| Package: MoonlightR |
| Version: 1.28.0 |
| Command: /home/biocbuild/R/R-4.3.1/bin/R CMD check --install=check:MoonlightR.install-out.txt --library=/home/biocbuild/R/R-4.3.1/site-library --no-vignettes --timings MoonlightR_1.28.0.tar.gz |
| StartedAt: 2023-11-02 12:21:59 -0000 (Thu, 02 Nov 2023) |
| EndedAt: 2023-11-02 12:34:38 -0000 (Thu, 02 Nov 2023) |
| EllapsedTime: 758.8 seconds |
| RetCode: 0 |
| Status: WARNINGS |
| CheckDir: MoonlightR.Rcheck |
| Warnings: 1 |
##############################################################################
##############################################################################
###
### Running command:
###
### /home/biocbuild/R/R-4.3.1/bin/R CMD check --install=check:MoonlightR.install-out.txt --library=/home/biocbuild/R/R-4.3.1/site-library --no-vignettes --timings MoonlightR_1.28.0.tar.gz
###
##############################################################################
##############################################################################
* using log directory ‘/home/biocbuild/bbs-3.18-bioc/meat/MoonlightR.Rcheck’
* using R version 4.3.1 (2023-06-16)
* using platform: aarch64-unknown-linux-gnu (64-bit)
* R was compiled by
gcc (GCC) 10.3.1
GNU Fortran (GCC) 10.3.1
* running under: openEuler 22.03 (LTS-SP1)
* using session charset: UTF-8
* using option ‘--no-vignettes’
* checking for file ‘MoonlightR/DESCRIPTION’ ... OK
* checking extension type ... Package
* this is package ‘MoonlightR’ version ‘1.28.0’
* package encoding: UTF-8
* checking package namespace information ... OK
* checking package dependencies ... OK
* checking if this is a source package ... OK
* checking if there is a namespace ... OK
* checking for hidden files and directories ... OK
* checking for portable file names ... OK
* checking for sufficient/correct file permissions ... OK
* checking whether package ‘MoonlightR’ can be installed ... OK
* checking installed package size ... OK
* checking package directory ... OK
* checking ‘build’ directory ... OK
* checking DESCRIPTION meta-information ... OK
* checking top-level files ... OK
* checking for left-over files ... OK
* checking index information ... OK
* checking package subdirectories ... OK
* checking R files for non-ASCII characters ... OK
* checking R files for syntax errors ... OK
* checking whether the package can be loaded ... OK
* checking whether the package can be loaded with stated dependencies ... OK
* checking whether the package can be unloaded cleanly ... OK
* checking whether the namespace can be loaded with stated dependencies ... OK
* checking whether the namespace can be unloaded cleanly ... OK
* checking loading without being on the library search path ... WARNING
Loading required package: doParallel
Loading required package: foreach
Loading required package: iterators
Loading required package: parallel
Error: package or namespace load failed for ‘MoonlightR’:
.onLoad failed in loadNamespace() for 'HPO.db', details:
call: NULL
error: failed to load resource
name: AH111587
title: Human Phenotype Ontology database
reason: 1 resources failed to download
In addition: Warning messages:
1: download failed
web resource path: ‘https://annotationhub.bioconductor.org/fetch/118333’
local file path: ‘/home/biocbuild/.cache/R/AnnotationHub/file17a7961a57ada0’
reason: Internal Server Error (HTTP 500).
2: bfcdownload() failed
rid: BFC106
file: ‘https://annotationhub.bioconductor.org/fetch/118333’
reason: download failed
3: download failed
hub path: ‘https://annotationhub.bioconductor.org/fetch/118333’
cache resource: ‘AH111587 : 118333’
reason: download failed; see warnings()
Execution halted
It looks like this package has a loading problem when not on .libPaths:
see the messages for details.
* checking dependencies in R code ... OK
* checking S3 generic/method consistency ... OK
* checking replacement functions ... OK
* checking foreign function calls ... OK
* checking R code for possible problems ... NOTE
getDataTCGA: no visible binding for global variable ‘geneInfoHT’
Undefined global functions or variables:
geneInfoHT
* checking Rd files ... OK
* checking Rd metadata ... OK
* checking Rd cross-references ... OK
* checking for missing documentation entries ... OK
* checking for code/documentation mismatches ... OK
* checking Rd \usage sections ... OK
* checking Rd contents ... OK
* checking for unstated dependencies in examples ... OK
* checking contents of ‘data’ directory ... OK
* checking data for non-ASCII characters ... OK
* checking LazyData ... OK
* checking data for ASCII and uncompressed saves ... OK
* checking files in ‘vignettes’ ... OK
* checking examples ... OK
Examples with CPU (user + system) or elapsed time > 5s
user system elapsed
URA 16.402 0.768 18.465
FEA 14.467 0.923 16.242
plotFEA 9.212 1.397 11.252
DPA 6.348 0.208 6.589
moonlight 5.251 0.143 5.421
* checking for unstated dependencies in vignettes ... OK
* checking package vignettes in ‘inst/doc’ ... OK
* checking running R code from vignettes ... SKIPPED
* checking re-building of vignette outputs ... SKIPPED
* checking PDF version of manual ... OK
* DONE
Status: 1 WARNING, 1 NOTE
See
‘/home/biocbuild/bbs-3.18-bioc/meat/MoonlightR.Rcheck/00check.log’
for details.
MoonlightR.Rcheck/00install.out
############################################################################## ############################################################################## ### ### Running command: ### ### /home/biocbuild/R/R-4.3.1/bin/R CMD INSTALL MoonlightR ### ############################################################################## ############################################################################## * installing to library ‘/home/biocbuild/R/R-4.3.1/site-library’ * installing *source* package ‘MoonlightR’ ... ** using staged installation ** R ** data *** moving datasets to lazyload DB ** inst ** byte-compile and prepare package for lazy loading ** help *** installing help indices ** building package indices ** installing vignettes ** testing if installed package can be loaded from temporary location ** testing if installed package can be loaded from final location ** testing if installed package keeps a record of temporary installation path * DONE (MoonlightR)
MoonlightR.Rcheck/MoonlightR-Ex.timings
| name | user | system | elapsed | |
| DPA | 6.348 | 0.208 | 6.589 | |
| FEA | 14.467 | 0.923 | 16.242 | |
| GRN | 2.503 | 0.012 | 1.286 | |
| GSEA | 0 | 0 | 0 | |
| LPA | 0.003 | 0.000 | 0.004 | |
| PRA | 0.003 | 0.000 | 0.006 | |
| URA | 16.402 | 0.768 | 18.465 | |
| getDataGEO | 0 | 0 | 0 | |
| getDataTCGA | 0 | 0 | 0 | |
| moonlight | 5.251 | 0.143 | 5.421 | |
| plotCircos | 0.931 | 0.064 | 1.005 | |
| plotFEA | 9.212 | 1.397 | 11.252 | |
| plotNetworkHive | 0.102 | 0.004 | 0.117 | |
| plotURA | 0.073 | 0.007 | 0.086 | |