| Back to Multiple platform build/check report for BioC 3.18: simplified long |
|
This page was generated on 2023-11-02 11:40:58 -0400 (Thu, 02 Nov 2023).
| Hostname | OS | Arch (*) | R version | Installed pkgs |
|---|---|---|---|---|
| nebbiolo2 | Linux (Ubuntu 22.04.2 LTS) | x86_64 | 4.3.1 (2023-06-16) -- "Beagle Scouts" | 4729 |
| palomino4 | Windows Server 2022 Datacenter | x64 | 4.3.1 (2023-06-16 ucrt) -- "Beagle Scouts" | 4463 |
| lconway | macOS 12.6.5 Monterey | x86_64 | 4.3.1 Patched (2023-06-17 r84564) -- "Beagle Scouts" | 4478 |
| kunpeng2 | Linux (openEuler 22.03 LTS-SP1) | aarch64 | 4.3.1 (2023-06-16) -- "Beagle Scouts" | 4464 |
| Click on any hostname to see more info about the system (e.g. compilers) (*) as reported by 'uname -p', except on Windows and Mac OS X | ||||
| Package 1342/2266 | Hostname | OS / Arch | INSTALL | BUILD | CHECK | BUILD BIN | ||||||||
| MSstats 4.10.0 (landing page) Meena Choi
| nebbiolo2 | Linux (Ubuntu 22.04.2 LTS) / x86_64 | OK | OK | WARNINGS | |||||||||
| palomino4 | Windows Server 2022 Datacenter / x64 | OK | OK | WARNINGS | OK | |||||||||
| lconway | macOS 12.6.5 Monterey / x86_64 | OK | OK | WARNINGS | OK | |||||||||
| kjohnson1 | macOS 13.6.1 Ventura / arm64 | see weekly results here | ||||||||||||
| kunpeng2 | Linux (openEuler 22.03 LTS-SP1) / aarch64 | OK | OK | WARNINGS | ||||||||||
|
To the developers/maintainers of the MSstats package: - Allow up to 24 hours (and sometimes 48 hours) for your latest push to git@git.bioconductor.org:packages/MSstats.git to reflect on this report. See Troubleshooting Build Report for more information. - Use the following Renviron settings to reproduce errors and warnings. - If 'R CMD check' started to fail recently on the Linux builder(s) over a missing dependency, add the missing dependency to 'Suggests:' in your DESCRIPTION file. See Renviron.bioc for more information. - See Martin Grigorov's blog post for how to debug Linux ARM64 related issues on a x86_64 host. |
| Package: MSstats |
| Version: 4.10.0 |
| Command: /home/biocbuild/R/R-4.3.1/bin/R CMD check --install=check:MSstats.install-out.txt --library=/home/biocbuild/R/R-4.3.1/site-library --no-vignettes --timings MSstats_4.10.0.tar.gz |
| StartedAt: 2023-11-02 12:29:32 -0000 (Thu, 02 Nov 2023) |
| EndedAt: 2023-11-02 12:31:46 -0000 (Thu, 02 Nov 2023) |
| EllapsedTime: 134.6 seconds |
| RetCode: 0 |
| Status: WARNINGS |
| CheckDir: MSstats.Rcheck |
| Warnings: 1 |
##############################################################################
##############################################################################
###
### Running command:
###
### /home/biocbuild/R/R-4.3.1/bin/R CMD check --install=check:MSstats.install-out.txt --library=/home/biocbuild/R/R-4.3.1/site-library --no-vignettes --timings MSstats_4.10.0.tar.gz
###
##############################################################################
##############################################################################
* using log directory ‘/home/biocbuild/bbs-3.18-bioc/meat/MSstats.Rcheck’
* using R version 4.3.1 (2023-06-16)
* using platform: aarch64-unknown-linux-gnu (64-bit)
* R was compiled by
gcc (GCC) 10.3.1
GNU Fortran (GCC) 10.3.1
* running under: openEuler 22.03 (LTS-SP1)
* using session charset: UTF-8
* using option ‘--no-vignettes’
* checking for file ‘MSstats/DESCRIPTION’ ... OK
* this is package ‘MSstats’ version ‘4.10.0’
* package encoding: UTF-8
* checking package namespace information ... OK
* checking package dependencies ... OK
* checking if this is a source package ... OK
* checking if there is a namespace ... OK
* checking for hidden files and directories ... OK
* checking for portable file names ... OK
* checking for sufficient/correct file permissions ... OK
* checking whether package ‘MSstats’ can be installed ... OK
* used C++ compiler: ‘g++ (GCC) 10.3.1’
* checking C++ specification ... NOTE
Specified C++11: please drop specification unless essential
* checking installed package size ... NOTE
installed size is 6.1Mb
sub-directories of 1Mb or more:
libs 5.4Mb
* checking package directory ... OK
* checking ‘build’ directory ... OK
* checking DESCRIPTION meta-information ... OK
* checking top-level files ... OK
* checking for left-over files ... OK
* checking index information ... OK
* checking package subdirectories ... OK
* checking R files for non-ASCII characters ... OK
* checking R files for syntax errors ... OK
* checking whether the package can be loaded ... OK
* checking whether the package can be loaded with stated dependencies ... OK
* checking whether the package can be unloaded cleanly ... OK
* checking whether the namespace can be loaded with stated dependencies ... OK
* checking whether the namespace can be unloaded cleanly ... OK
* checking loading without being on the library search path ... OK
* checking startup messages can be suppressed ... OK
* checking dependencies in R code ... NOTE
Namespace in Imports field not imported from: ‘statmod’
All declared Imports should be used.
Unexported object imported by a ':::' call: ‘MSstatsConvert:::.standardizeColnames’
See the note in ?`:::` about the use of this operator.
* checking S3 generic/method consistency ... OK
* checking replacement functions ... OK
* checking foreign function calls ... OK
* checking R code for possible problems ... NOTE
.setCensoredByThreshold: no visible binding for global variable
‘any_censored’
DIANNtoMSstatsFormat: no visible binding for global variable
‘DetectionQValue’
DIANNtoMSstatsFormat: no visible binding for global variable
‘LibPGQValue’
DIANNtoMSstatsFormat: no visible binding for global variable
‘LibQValue’
DIANNtoMSstatsFormat: no visible binding for global variable
‘GlobalPGQValue’
DIANNtoMSstatsFormat: no visible binding for global variable
‘GlobalQValue’
MSstatsPrepareForSummarization: no visible binding for global variable
‘ref’
MSstatsPrepareForSummarization: no visible binding for global variable
‘LABEL’
MSstatsPrepareForSummarization: no visible binding for global variable
‘RUN’
SDRFtoAnnotation: no visible binding for global variable
‘..extract_cols’
extractSDRF: no visible binding for global variable ‘..extract_cols’
Undefined global functions or variables:
..extract_cols DetectionQValue GlobalPGQValue GlobalQValue LABEL
LibPGQValue LibQValue RUN any_censored ref
* checking Rd files ... OK
* checking Rd metadata ... OK
* checking Rd cross-references ... OK
* checking for missing documentation entries ... WARNING
Undocumented code objects:
‘example_SDRF’
Undocumented data sets:
‘example_SDRF’
All user-level objects in a package should have documentation entries.
See chapter ‘Writing R documentation files’ in the ‘Writing R
Extensions’ manual.
* checking for code/documentation mismatches ... OK
* checking Rd \usage sections ... OK
* checking Rd contents ... OK
* checking for unstated dependencies in examples ... OK
* checking contents of ‘data’ directory ... OK
* checking data for non-ASCII characters ... OK
* checking LazyData ... OK
* checking data for ASCII and uncompressed saves ... OK
* checking line endings in C/C++/Fortran sources/headers ... OK
* checking line endings in Makefiles ... OK
* checking compilation flags in Makevars ... OK
* checking for GNU extensions in Makefiles ... OK
* checking for portable use of $(BLAS_LIBS) and $(LAPACK_LIBS) ... OK
* checking use of PKG_*FLAGS in Makefiles ... OK
* checking compiled code ... NOTE
Note: information on .o files is not available
* checking files in ‘vignettes’ ... OK
* checking examples ... OK
Examples with CPU (user + system) or elapsed time > 5s
user system elapsed
dot-makeQCPlot 8.397 0.197 8.637
dataProcessPlots 8.346 0.195 8.563
* checking for unstated dependencies in ‘tests’ ... OK
* checking tests ...
Running ‘tinytest.R’
OK
* checking for unstated dependencies in vignettes ... OK
* checking package vignettes in ‘inst/doc’ ... OK
* checking running R code from vignettes ... SKIPPED
* checking re-building of vignette outputs ... SKIPPED
* checking PDF version of manual ... OK
* DONE
Status: 1 WARNING, 5 NOTEs
See
‘/home/biocbuild/bbs-3.18-bioc/meat/MSstats.Rcheck/00check.log’
for details.
MSstats.Rcheck/00install.out
############################################################################## ############################################################################## ### ### Running command: ### ### /home/biocbuild/R/R-4.3.1/bin/R CMD INSTALL MSstats ### ############################################################################## ############################################################################## * installing to library ‘/home/biocbuild/R/R-4.3.1/site-library’ * installing *source* package ‘MSstats’ ... ** using staged installation ** libs using C++ compiler: ‘g++ (GCC) 10.3.1’ using C++11 g++ -std=gnu++11 -I"/home/biocbuild/R/R-4.3.1/include" -DNDEBUG -I'/home/biocbuild/R/R-4.3.1/site-library/Rcpp/include' -I'/home/biocbuild/R/R-4.3.1/site-library/RcppArmadillo/include' -I/usr/local/include -fopenmp -fPIC -g -O2 -Wall -c RcppExports.cpp -o RcppExports.o g++ -std=gnu++11 -I"/home/biocbuild/R/R-4.3.1/include" -DNDEBUG -I'/home/biocbuild/R/R-4.3.1/site-library/Rcpp/include' -I'/home/biocbuild/R/R-4.3.1/site-library/RcppArmadillo/include' -I/usr/local/include -fopenmp -fPIC -g -O2 -Wall -c common.cpp -o common.o g++ -std=gnu++11 -I"/home/biocbuild/R/R-4.3.1/include" -DNDEBUG -I'/home/biocbuild/R/R-4.3.1/site-library/Rcpp/include' -I'/home/biocbuild/R/R-4.3.1/site-library/RcppArmadillo/include' -I/usr/local/include -fopenmp -fPIC -g -O2 -Wall -c comparison_contrasts.cpp -o comparison_contrasts.o g++ -std=gnu++11 -I"/home/biocbuild/R/R-4.3.1/include" -DNDEBUG -I'/home/biocbuild/R/R-4.3.1/site-library/Rcpp/include' -I'/home/biocbuild/R/R-4.3.1/site-library/RcppArmadillo/include' -I/usr/local/include -fopenmp -fPIC -g -O2 -Wall -c linear_summary.cpp -o linear_summary.o g++ -std=gnu++11 -I"/home/biocbuild/R/R-4.3.1/include" -DNDEBUG -I'/home/biocbuild/R/R-4.3.1/site-library/Rcpp/include' -I'/home/biocbuild/R/R-4.3.1/site-library/RcppArmadillo/include' -I/usr/local/include -fopenmp -fPIC -g -O2 -Wall -c median_polish.cpp -o median_polish.o g++ -std=gnu++11 -shared -L/home/biocbuild/R/R-4.3.1/lib -L/usr/local/lib -o MSstats.so RcppExports.o common.o comparison_contrasts.o linear_summary.o median_polish.o -fopenmp -llapack -lblas -lgfortran -lm -L/home/biocbuild/R/R-4.3.1/lib -lR installing to /home/biocbuild/R/R-4.3.1/site-library/00LOCK-MSstats/00new/MSstats/libs ** R ** data *** moving datasets to lazyload DB ** inst ** byte-compile and prepare package for lazy loading ** help *** installing help indices ** building package indices ** installing vignettes ** testing if installed package can be loaded from temporary location ** checking absolute paths in shared objects and dynamic libraries ** testing if installed package can be loaded from final location ** testing if installed package keeps a record of temporary installation path * DONE (MSstats)
MSstats.Rcheck/tests/tinytest.Rout
R version 4.3.1 (2023-06-16) -- "Beagle Scouts"
Copyright (C) 2023 The R Foundation for Statistical Computing
Platform: aarch64-unknown-linux-gnu (64-bit)
R is free software and comes with ABSOLUTELY NO WARRANTY.
You are welcome to redistribute it under certain conditions.
Type 'license()' or 'licence()' for distribution details.
R is a collaborative project with many contributors.
Type 'contributors()' for more information and
'citation()' on how to cite R or R packages in publications.
Type 'demo()' for some demos, 'help()' for on-line help, or
'help.start()' for an HTML browser interface to help.
Type 'q()' to quit R.
> if ( requireNamespace("tinytest", quietly=TRUE) ){
+ tinytest::test_package("MSstats")
+ }
Attaching package: 'MSstats'
The following object is masked from 'package:grDevices':
savePlot
test_MSstatsdev.R............. 1 tests [0;32mOK[0m [0;36m54ms[0m
[0;36m2ms[0m
All ok, 1 results (59ms)
>
> proc.time()
user system elapsed
3.723 0.159 3.877
MSstats.Rcheck/MSstats-Ex.timings
| name | user | system | elapsed | |
| DDARawData | 0.007 | 0.000 | 0.008 | |
| DDARawData.Skyline | 0.007 | 0.000 | 0.007 | |
| DIANNtoMSstatsFormat | 0 | 0 | 0 | |
| DIARawData | 0.004 | 0.000 | 0.003 | |
| DIAUmpiretoMSstatsFormat | 0.154 | 0.020 | 0.177 | |
| FragPipetoMSstatsFormat | 0.060 | 0.004 | 0.064 | |
| MSstatsGroupComparison | 0.369 | 0.012 | 0.387 | |
| MSstatsGroupComparisonOutput | 0.325 | 0.004 | 0.329 | |
| MSstatsGroupComparisonSingleProtein | 0.219 | 0.000 | 0.220 | |
| MSstatsHandleMissing | 0.122 | 0.000 | 0.113 | |
| MSstatsMergeFractions | 0.072 | 0.000 | 0.063 | |
| MSstatsNormalize | 0.069 | 0.004 | 0.064 | |
| MSstatsPrepareForDataProcess | 0.079 | 0.000 | 0.071 | |
| MSstatsPrepareForGroupComparison | 0.165 | 0.000 | 0.165 | |
| MSstatsPrepareForSummarization | 0.064 | 0.000 | 0.055 | |
| MSstatsSelectFeatures | 0.329 | 0.008 | 0.315 | |
| MSstatsSummarizationOutput | 0.412 | 0.172 | 0.567 | |
| MSstatsSummarize | 0.336 | 0.006 | 0.330 | |
| MSstatsSummarizeSingleLinear | 0.101 | 0.006 | 0.096 | |
| MSstatsSummarizeSingleTMP | 0.143 | 0.000 | 0.130 | |
| MaxQtoMSstatsFormat | 0.152 | 0.020 | 0.157 | |
| OpenMStoMSstatsFormat | 0.070 | 0.000 | 0.069 | |
| OpenSWATHtoMSstatsFormat | 0.074 | 0.008 | 0.082 | |
| PDtoMSstatsFormat | 0.071 | 0.012 | 0.082 | |
| ProgenesistoMSstatsFormat | 0.065 | 0.011 | 0.075 | |
| SDRFtoAnnotation | 0.008 | 0.000 | 0.008 | |
| SRMRawData | 0.003 | 0.000 | 0.003 | |
| SkylinetoMSstatsFormat | 0.121 | 0.000 | 0.117 | |
| SpectronauttoMSstatsFormat | 0.067 | 0.000 | 0.066 | |
| checkRepeatedDesign | 0.175 | 0.008 | 0.184 | |
| dataProcess | 0.533 | 0.004 | 0.538 | |
| dataProcessPlots | 8.346 | 0.195 | 8.563 | |
| designSampleSize | 0.313 | 0.016 | 0.331 | |
| designSampleSizePlots | 0.334 | 0.024 | 0.360 | |
| dot-makeQCPlot | 8.397 | 0.197 | 8.637 | |
| extractSDRF | 0.232 | 0.000 | 0.211 | |
| getProcessed | 0.091 | 0.004 | 0.083 | |
| getSamplesInfo | 0.406 | 0.004 | 0.390 | |
| groupComparison | 0.293 | 0.000 | 0.293 | |
| groupComparisonPlots | 4.145 | 0.032 | 4.186 | |
| makePeptidesDictionary | 0.000 | 0.003 | 0.003 | |
| modelBasedQCPlots | 1.089 | 0.008 | 1.099 | |
| quantification | 0.239 | 0.012 | 0.251 | |