| Back to Multiple platform build/check report for BioC 3.18: simplified long |
|
This page was generated on 2023-11-02 11:40:53 -0400 (Thu, 02 Nov 2023).
| Hostname | OS | Arch (*) | R version | Installed pkgs |
|---|---|---|---|---|
| nebbiolo2 | Linux (Ubuntu 22.04.2 LTS) | x86_64 | 4.3.1 (2023-06-16) -- "Beagle Scouts" | 4729 |
| palomino4 | Windows Server 2022 Datacenter | x64 | 4.3.1 (2023-06-16 ucrt) -- "Beagle Scouts" | 4463 |
| lconway | macOS 12.6.5 Monterey | x86_64 | 4.3.1 Patched (2023-06-17 r84564) -- "Beagle Scouts" | 4478 |
| kunpeng2 | Linux (openEuler 22.03 LTS-SP1) | aarch64 | 4.3.1 (2023-06-16) -- "Beagle Scouts" | 4464 |
| Click on any hostname to see more info about the system (e.g. compilers) (*) as reported by 'uname -p', except on Windows and Mac OS X | ||||
| Package 1156/2266 | Hostname | OS / Arch | INSTALL | BUILD | CHECK | BUILD BIN | ||||||||
| MAST 1.28.0 (landing page) Andrew McDavid
| nebbiolo2 | Linux (Ubuntu 22.04.2 LTS) / x86_64 | OK | OK | WARNINGS | |||||||||
| palomino4 | Windows Server 2022 Datacenter / x64 | OK | OK | WARNINGS | OK | |||||||||
| lconway | macOS 12.6.5 Monterey / x86_64 | OK | OK | WARNINGS | OK | |||||||||
| kjohnson1 | macOS 13.6.1 Ventura / arm64 | see weekly results here | ||||||||||||
| kunpeng2 | Linux (openEuler 22.03 LTS-SP1) / aarch64 | OK | OK | ERROR | ||||||||||
|
To the developers/maintainers of the MAST package: - Allow up to 24 hours (and sometimes 48 hours) for your latest push to git@git.bioconductor.org:packages/MAST.git to reflect on this report. See Troubleshooting Build Report for more information. - Use the following Renviron settings to reproduce errors and warnings. - If 'R CMD check' started to fail recently on the Linux builder(s) over a missing dependency, add the missing dependency to 'Suggests:' in your DESCRIPTION file. See Renviron.bioc for more information. - See Martin Grigorov's blog post for how to debug Linux ARM64 related issues on a x86_64 host. |
| Package: MAST |
| Version: 1.28.0 |
| Command: /home/biocbuild/R/R-4.3.1/bin/R CMD check --install=check:MAST.install-out.txt --library=/home/biocbuild/R/R-4.3.1/site-library --no-vignettes --timings MAST_1.28.0.tar.gz |
| StartedAt: 2023-11-02 11:50:29 -0000 (Thu, 02 Nov 2023) |
| EndedAt: 2023-11-02 11:57:10 -0000 (Thu, 02 Nov 2023) |
| EllapsedTime: 400.2 seconds |
| RetCode: 1 |
| Status: ERROR |
| CheckDir: MAST.Rcheck |
| Warnings: NA |
##############################################################################
##############################################################################
###
### Running command:
###
### /home/biocbuild/R/R-4.3.1/bin/R CMD check --install=check:MAST.install-out.txt --library=/home/biocbuild/R/R-4.3.1/site-library --no-vignettes --timings MAST_1.28.0.tar.gz
###
##############################################################################
##############################################################################
* using log directory ‘/home/biocbuild/bbs-3.18-bioc/meat/MAST.Rcheck’
* using R version 4.3.1 (2023-06-16)
* using platform: aarch64-unknown-linux-gnu (64-bit)
* R was compiled by
gcc (GCC) 10.3.1
GNU Fortran (GCC) 10.3.1
* running under: openEuler 22.03 (LTS-SP1)
* using session charset: UTF-8
* using option ‘--no-vignettes’
* checking for file ‘MAST/DESCRIPTION’ ... OK
* checking extension type ... Package
* this is package ‘MAST’ version ‘1.28.0’
* package encoding: UTF-8
* checking package namespace information ... OK
* checking package dependencies ... OK
* checking if this is a source package ... OK
* checking if there is a namespace ... OK
* checking for hidden files and directories ... NOTE
Found the following hidden files and directories:
.travis.yml
These were most likely included in error. See section ‘Package
structure’ in the ‘Writing R Extensions’ manual.
* checking for portable file names ... OK
* checking for sufficient/correct file permissions ... OK
* checking whether package ‘MAST’ can be installed ... OK
* checking installed package size ... OK
* checking package directory ... OK
* checking ‘build’ directory ... OK
* checking DESCRIPTION meta-information ... OK
* checking top-level files ... OK
* checking for left-over files ... OK
* checking index information ... OK
* checking package subdirectories ... OK
* checking R files for non-ASCII characters ... OK
* checking R files for syntax errors ... OK
* checking whether the package can be loaded ... OK
* checking whether the package can be loaded with stated dependencies ... OK
* checking whether the package can be unloaded cleanly ... OK
* checking whether the namespace can be loaded with stated dependencies ... OK
* checking whether the namespace can be unloaded cleanly ... OK
* checking loading without being on the library search path ... OK
* checking dependencies in R code ... WARNING
Missing or unexported object: ‘gdata::xls2csv’
* checking S3 generic/method consistency ... OK
* checking replacement functions ... OK
* checking foreign function calls ... OK
* checking R code for possible problems ... OK
* checking Rd files ... OK
* checking Rd metadata ... OK
* checking Rd cross-references ... OK
* checking for missing documentation entries ... OK
* checking for code/documentation mismatches ... OK
* checking Rd \usage sections ... OK
* checking Rd contents ... OK
* checking for unstated dependencies in examples ... OK
* checking contents of ‘data’ directory ... OK
* checking data for non-ASCII characters ... OK
* checking LazyData ... OK
* checking data for ASCII and uncompressed saves ... OK
* checking files in ‘vignettes’ ... OK
* checking examples ... OK
* checking for unstated dependencies in ‘tests’ ... OK
* checking tests ...
Running ‘testthat.R’
ERROR
Running the tests in ‘tests/testthat.R’ failed.
Last 13 lines of output:
══ Skipped tests (5) ═══════════════════════════════════════════════════════════
• empty test (5): 'test-GSEA-by-boot.R:99:1', 'test-SingleCellAssay.R:298:1',
'test-lmWrapper-glmer.R:8:1', 'test-sparsematrix.R:18:1',
'test-sparsematrix.R:26:1'
══ Failed tests ════════════════════════════════════════════════════════════════
── Failure ('test-lrtest.R:25:5'): LRT and zlm are equivalent ──────────────────
all(lrout$lrstat[smallDOF] >= lrout2[smallDOF, 3, 1]) is not TRUE
`actual`: FALSE
`expected`: TRUE
[ FAIL 1 | WARN 3 | SKIP 5 | PASS 292 ]
Error: Test failures
Execution halted
* checking for unstated dependencies in vignettes ... OK
* checking package vignettes in ‘inst/doc’ ... OK
* checking running R code from vignettes ... SKIPPED
* checking re-building of vignette outputs ... SKIPPED
* checking PDF version of manual ... OK
* DONE
Status: 1 ERROR, 1 WARNING, 1 NOTE
See
‘/home/biocbuild/bbs-3.18-bioc/meat/MAST.Rcheck/00check.log’
for details.
MAST.Rcheck/00install.out
############################################################################## ############################################################################## ### ### Running command: ### ### /home/biocbuild/R/R-4.3.1/bin/R CMD INSTALL MAST ### ############################################################################## ############################################################################## * installing to library ‘/home/biocbuild/R/R-4.3.1/site-library’ * installing *source* package ‘MAST’ ... ** using staged installation ** R ** data *** moving datasets to lazyload DB ** inst ** byte-compile and prepare package for lazy loading ** help *** installing help indices ** building package indices ** installing vignettes ** testing if installed package can be loaded from temporary location ** testing if installed package can be loaded from final location ** testing if installed package keeps a record of temporary installation path * DONE (MAST)
MAST.Rcheck/tests/testthat.Rout.fail
R version 4.3.1 (2023-06-16) -- "Beagle Scouts"
Copyright (C) 2023 The R Foundation for Statistical Computing
Platform: aarch64-unknown-linux-gnu (64-bit)
R is free software and comes with ABSOLUTELY NO WARRANTY.
You are welcome to redistribute it under certain conditions.
Type 'license()' or 'licence()' for distribution details.
R is a collaborative project with many contributors.
Type 'contributors()' for more information and
'citation()' on how to cite R or R packages in publications.
Type 'demo()' for some demos, 'help()' for on-line help, or
'help.start()' for an HTML browser interface to help.
Type 'q()' to quit R.
> library(testthat)
> test_check("MAST")
Loading required package: MAST
Loading required package: SingleCellExperiment
Loading required package: SummarizedExperiment
Loading required package: MatrixGenerics
Loading required package: matrixStats
Attaching package: 'MatrixGenerics'
The following objects are masked from 'package:matrixStats':
colAlls, colAnyNAs, colAnys, colAvgsPerRowSet, colCollapse,
colCounts, colCummaxs, colCummins, colCumprods, colCumsums,
colDiffs, colIQRDiffs, colIQRs, colLogSumExps, colMadDiffs,
colMads, colMaxs, colMeans2, colMedians, colMins, colOrderStats,
colProds, colQuantiles, colRanges, colRanks, colSdDiffs, colSds,
colSums2, colTabulates, colVarDiffs, colVars, colWeightedMads,
colWeightedMeans, colWeightedMedians, colWeightedSds,
colWeightedVars, rowAlls, rowAnyNAs, rowAnys, rowAvgsPerColSet,
rowCollapse, rowCounts, rowCummaxs, rowCummins, rowCumprods,
rowCumsums, rowDiffs, rowIQRDiffs, rowIQRs, rowLogSumExps,
rowMadDiffs, rowMads, rowMaxs, rowMeans2, rowMedians, rowMins,
rowOrderStats, rowProds, rowQuantiles, rowRanges, rowRanks,
rowSdDiffs, rowSds, rowSums2, rowTabulates, rowVarDiffs, rowVars,
rowWeightedMads, rowWeightedMeans, rowWeightedMedians,
rowWeightedSds, rowWeightedVars
Loading required package: GenomicRanges
Loading required package: stats4
Loading required package: BiocGenerics
Attaching package: 'BiocGenerics'
The following objects are masked from 'package:stats':
IQR, mad, sd, var, xtabs
The following objects are masked from 'package:base':
Filter, Find, Map, Position, Reduce, anyDuplicated, aperm, append,
as.data.frame, basename, cbind, colnames, dirname, do.call,
duplicated, eval, evalq, get, grep, grepl, intersect, is.unsorted,
lapply, mapply, match, mget, order, paste, pmax, pmax.int, pmin,
pmin.int, rank, rbind, rownames, sapply, setdiff, sort, table,
tapply, union, unique, unsplit, which.max, which.min
Loading required package: S4Vectors
Attaching package: 'S4Vectors'
The following object is masked from 'package:utils':
findMatches
The following objects are masked from 'package:base':
I, expand.grid, unname
Loading required package: IRanges
Loading required package: GenomeInfoDb
Loading required package: Biobase
Welcome to Bioconductor
Vignettes contain introductory material; view with
'browseVignettes()'. To cite Bioconductor, see
'citation("Biobase")', and for packages 'citation("pkgname")'.
Attaching package: 'Biobase'
The following object is masked from 'package:MatrixGenerics':
rowMedians
The following objects are masked from 'package:matrixStats':
anyMissing, rowMedians
Error : number of levels of each grouping factor must be < number of observations (problems: Subject.ID)
(0.0426,0.354] (0.354,0.757] (0.757,1.28] (1.28,1.96] (1.96,2.84]
2.258200 2.258200 2.258200 2.258200 2.258200
(2.84,3.99] (3.99,13.2]
2.258200 3.313588
(0.0602,0.436] (0.436,0.67] (0.67,0.944] (0.944,1.26] (1.26,1.63]
1.967142 1.967142 1.967142 2.003488 2.003488
(1.63,2.06] (2.06,2.56] (2.56,3.83]
2.600202 2.600202 2.600202
(0.03,1.56] (1.56,5.36] (5.36,14.8] (14.8,9.25e+03]
238.2279 238.2279 238.2279 4525.1912
Error : grouping factors must have > 1 sampled level
NULL
NULL
NULL
Error in (function (x, y, weights = rep.int(1, nobs), start = NULL, etastart = NULL, :
NAs in V(mu)
[ FAIL 1 | WARN 3 | SKIP 5 | PASS 292 ]
══ Skipped tests (5) ═══════════════════════════════════════════════════════════
• empty test (5): 'test-GSEA-by-boot.R:99:1', 'test-SingleCellAssay.R:298:1',
'test-lmWrapper-glmer.R:8:1', 'test-sparsematrix.R:18:1',
'test-sparsematrix.R:26:1'
══ Failed tests ════════════════════════════════════════════════════════════════
── Failure ('test-lrtest.R:25:5'): LRT and zlm are equivalent ──────────────────
all(lrout$lrstat[smallDOF] >= lrout2[smallDOF, 3, 1]) is not TRUE
`actual`: FALSE
`expected`: TRUE
[ FAIL 1 | WARN 3 | SKIP 5 | PASS 292 ]
Error: Test failures
Execution halted
MAST.Rcheck/MAST-Ex.timings
| name | user | system | elapsed | |
| Drop | 0 | 0 | 0 | |
| FromFlatDF | 1.113 | 0.020 | 1.112 | |
| FromMatrix | 0.418 | 0.035 | 0.454 | |
| Hypothesis | 0.749 | 0.076 | 0.832 | |
| LRT | 0.234 | 0.000 | 0.233 | |
| ZlmFit-class | 1.271 | 0.044 | 1.319 | |
| applyFlat | 0.002 | 0.000 | 0.002 | |
| bootVcov1 | 0.914 | 0.012 | 0.929 | |
| calcZ | 1.690 | 0.008 | 1.702 | |
| collectResiduals | 1.551 | 0.007 | 1.562 | |
| computeEtFromCt | 0.051 | 0.000 | 0.050 | |
| convertMASTClassicToSingleCellAssay | 0.492 | 0.004 | 0.496 | |
| defaultAssay | 0.059 | 0.000 | 0.060 | |
| defaultPrior | 0 | 0 | 0 | |
| expavg | 0 | 0 | 0 | |
| filterLowExpressedGenes | 0.384 | 0.016 | 0.401 | |
| freq | 0.043 | 0.000 | 0.043 | |
| getConcordance | 0.627 | 0.008 | 0.635 | |
| getwellKey | 0.014 | 0.004 | 0.019 | |
| gseaAfterBoot | 1.648 | 0.024 | 1.676 | |
| hushWarning | 0.001 | 0.000 | 0.001 | |
| impute | 1.988 | 0.044 | 2.046 | |
| invlogit | 0 | 0 | 0 | |
| logFC | 0.477 | 0.004 | 0.482 | |
| logmean | 0.000 | 0.001 | 0.001 | |
| lrTest | 1.188 | 0.014 | 1.205 | |
| mast_filter | 1.800 | 0.100 | 1.908 | |
| meld_list_left | 0.001 | 0.000 | 0.001 | |
| melt.SingleCellAssay | 0.620 | 0.024 | 0.648 | |
| new_with_repaired_slots | 0.008 | 0.000 | 0.008 | |
| plot.thresholdSCRNACountMatrix | 1.542 | 0.059 | 1.612 | |
| plotSCAConcordance | 1.106 | 0.012 | 1.124 | |
| predict.ZlmFit | 1.676 | 0.028 | 1.708 | |
| se.coef | 1.072 | 0.000 | 1.076 | |
| split-SingleCellAssay-character-method | 1.408 | 0.008 | 1.419 | |
| stat_ell | 1.747 | 0.008 | 1.759 | |
| subset-SingleCellAssay-method | 0.361 | 0.000 | 0.362 | |
| summary-GSEATests-method | 1.628 | 0.008 | 1.639 | |
| summary-ZlmFit-method | 0.732 | 0.004 | 0.737 | |
| thresholdSCRNACountMatrix | 0.689 | 0.024 | 0.718 | |
| waldTest | 1.082 | 0.012 | 1.099 | |
| zlm | 0.602 | 0.004 | 0.607 | |