| Back to Multiple platform build/check report for BioC 3.18: simplified long |
|
This page was generated on 2023-11-02 11:40:52 -0400 (Thu, 02 Nov 2023).
| Hostname | OS | Arch (*) | R version | Installed pkgs |
|---|---|---|---|---|
| nebbiolo2 | Linux (Ubuntu 22.04.2 LTS) | x86_64 | 4.3.1 (2023-06-16) -- "Beagle Scouts" | 4729 |
| palomino4 | Windows Server 2022 Datacenter | x64 | 4.3.1 (2023-06-16 ucrt) -- "Beagle Scouts" | 4463 |
| lconway | macOS 12.6.5 Monterey | x86_64 | 4.3.1 Patched (2023-06-17 r84564) -- "Beagle Scouts" | 4478 |
| kunpeng2 | Linux (openEuler 22.03 LTS-SP1) | aarch64 | 4.3.1 (2023-06-16) -- "Beagle Scouts" | 4464 |
| Click on any hostname to see more info about the system (e.g. compilers) (*) as reported by 'uname -p', except on Windows and Mac OS X | ||||
| Package 1141/2266 | Hostname | OS / Arch | INSTALL | BUILD | CHECK | BUILD BIN | ||||||||
| MANOR 1.74.0 (landing page) Pierre Neuvial
| nebbiolo2 | Linux (Ubuntu 22.04.2 LTS) / x86_64 | OK | OK | WARNINGS | |||||||||
| palomino4 | Windows Server 2022 Datacenter / x64 | OK | OK | WARNINGS | OK | |||||||||
| lconway | macOS 12.6.5 Monterey / x86_64 | OK | OK | WARNINGS | OK | |||||||||
| kjohnson1 | macOS 13.6.1 Ventura / arm64 | see weekly results here | ||||||||||||
| kunpeng2 | Linux (openEuler 22.03 LTS-SP1) / aarch64 | OK | OK | WARNINGS | ||||||||||
|
To the developers/maintainers of the MANOR package: - Allow up to 24 hours (and sometimes 48 hours) for your latest push to git@git.bioconductor.org:packages/MANOR.git to reflect on this report. See Troubleshooting Build Report for more information. - Use the following Renviron settings to reproduce errors and warnings. - If 'R CMD check' started to fail recently on the Linux builder(s) over a missing dependency, add the missing dependency to 'Suggests:' in your DESCRIPTION file. See Renviron.bioc for more information. - See Martin Grigorov's blog post for how to debug Linux ARM64 related issues on a x86_64 host. |
| Package: MANOR |
| Version: 1.74.0 |
| Command: /home/biocbuild/R/R-4.3.1/bin/R CMD check --install=check:MANOR.install-out.txt --library=/home/biocbuild/R/R-4.3.1/site-library --no-vignettes --timings MANOR_1.74.0.tar.gz |
| StartedAt: 2023-11-02 11:48:49 -0000 (Thu, 02 Nov 2023) |
| EndedAt: 2023-11-02 11:49:23 -0000 (Thu, 02 Nov 2023) |
| EllapsedTime: 34.1 seconds |
| RetCode: 0 |
| Status: WARNINGS |
| CheckDir: MANOR.Rcheck |
| Warnings: 3 |
##############################################################################
##############################################################################
###
### Running command:
###
### /home/biocbuild/R/R-4.3.1/bin/R CMD check --install=check:MANOR.install-out.txt --library=/home/biocbuild/R/R-4.3.1/site-library --no-vignettes --timings MANOR_1.74.0.tar.gz
###
##############################################################################
##############################################################################
* using log directory ‘/home/biocbuild/bbs-3.18-bioc/meat/MANOR.Rcheck’
* using R version 4.3.1 (2023-06-16)
* using platform: aarch64-unknown-linux-gnu (64-bit)
* R was compiled by
gcc (GCC) 10.3.1
GNU Fortran (GCC) 10.3.1
* running under: openEuler 22.03 (LTS-SP1)
* using session charset: UTF-8
* using option ‘--no-vignettes’
* checking for file ‘MANOR/DESCRIPTION’ ... OK
* this is package ‘MANOR’ version ‘1.74.0’
* package encoding: UTF-8
* checking package namespace information ... OK
* checking package dependencies ... OK
* checking if this is a source package ... OK
* checking if there is a namespace ... OK
* checking for hidden files and directories ... OK
* checking for portable file names ... OK
* checking for sufficient/correct file permissions ... OK
* checking whether package ‘MANOR’ can be installed ... WARNING
Found the following significant warnings:
nem_alg.c:801:7: warning: ‘strncpy’ output may be truncated copying 100 bytes from a string of length 100 [-Wstringop-truncation]
See ‘/home/biocbuild/bbs-3.18-bioc/meat/MANOR.Rcheck/00install.out’ for details.
* used C compiler: ‘gcc (GCC) 10.3.1’
* checking installed package size ... OK
* checking package directory ... OK
* checking ‘build’ directory ... OK
* checking DESCRIPTION meta-information ... OK
* checking top-level files ... OK
* checking for left-over files ... OK
* checking index information ... OK
* checking package subdirectories ... OK
* checking R files for non-ASCII characters ... OK
* checking R files for syntax errors ... OK
* checking whether the package can be loaded ... OK
* checking whether the package can be loaded with stated dependencies ... OK
* checking whether the package can be unloaded cleanly ... OK
* checking whether the namespace can be loaded with stated dependencies ... OK
* checking whether the namespace can be unloaded cleanly ... OK
* checking loading without being on the library search path ... OK
* checking dependencies in R code ... OK
* checking S3 generic/method consistency ... OK
* checking replacement functions ... OK
* checking foreign function calls ... OK
* checking R code for possible problems ... OK
* checking Rd files ... WARNING
checkRd: (7) detectSB.Rd:47: Invalid email address: Philippe.Hupe@.curie.fr
checkRd: (-1) flag.summary.Rd:33: Escaped LaTeX specials: \$
checkRd: (-1) flag.summary.Rd:35: Escaped LaTeX specials: \$
checkRd: (-1) genome.plot.Rd:14: Escaped LaTeX specials: \$
checkRd: (-1) report.plot.Rd:22: Escaped LaTeX specials: \$
checkRd: (-1) report.plot.Rd:29: Escaped LaTeX specials: \$
* checking Rd metadata ... OK
* checking Rd cross-references ... OK
* checking for missing documentation entries ... OK
* checking for code/documentation mismatches ... OK
* checking Rd \usage sections ... OK
* checking Rd contents ... OK
* checking for unstated dependencies in examples ... OK
* checking contents of ‘data’ directory ... OK
* checking data for non-ASCII characters ... OK
* checking data for ASCII and uncompressed saves ... OK
* checking line endings in C/C++/Fortran sources/headers ... OK
* checking compiled code ... WARNING
Note: information on .o files is not available
File ‘/home/biocbuild/R/R-4.3.1/site-library/MANOR/libs/MANOR.so’:
Found ‘sprintf’, possibly from ‘sprintf’ (C)
Compiled code should not call entry points which might terminate R nor
write to stdout/stderr instead of to the console, nor use Fortran I/O
nor system RNGs nor [v]sprintf. The detected symbols are linked into
the code but might come from libraries and not actually be called.
See ‘Writing portable packages’ in the ‘Writing R Extensions’ manual.
* checking files in ‘vignettes’ ... OK
* checking examples ... OK
* checking for unstated dependencies in vignettes ... OK
* checking package vignettes in ‘inst/doc’ ... OK
* checking running R code from vignettes ... SKIPPED
* checking re-building of vignette outputs ... SKIPPED
* checking PDF version of manual ... OK
* DONE
Status: 3 WARNINGs
See
‘/home/biocbuild/bbs-3.18-bioc/meat/MANOR.Rcheck/00check.log’
for details.
MANOR.Rcheck/00install.out
##############################################################################
##############################################################################
###
### Running command:
###
### /home/biocbuild/R/R-4.3.1/bin/R CMD INSTALL MANOR
###
##############################################################################
##############################################################################
* installing to library ‘/home/biocbuild/R/R-4.3.1/site-library’
* installing *source* package ‘MANOR’ ...
** using staged installation
** libs
using C compiler: ‘gcc (GCC) 10.3.1’
gcc -I"/home/biocbuild/R/R-4.3.1/include" -DNDEBUG -I/usr/local/include -fPIC -g -O2 -Wall -c Rnem_arg.c -o Rnem_arg.o
gcc -I"/home/biocbuild/R/R-4.3.1/include" -DNDEBUG -I/usr/local/include -fPIC -g -O2 -Wall -c Rnem_exe.c -o Rnem_exe.o
gcc -I"/home/biocbuild/R/R-4.3.1/include" -DNDEBUG -I/usr/local/include -fPIC -g -O2 -Wall -c exememo.c -o exememo.o
exememo.c: In function ‘GenAlloc’:
exememo.c:40:5: warning: ‘msg’ may be used uninitialized in this function [-Wmaybe-uninitialized]
40 | sprintf(msg, "Fatal: in %s, no memory for %s (%ld elements size %ld)\n",
| ^~~~~~~~~~~~~~~~~~~~~~~~~~~~~~~~~~~~~~~~~~~~~~~~~~~~~~~~~~~~~~~~~~~~~~~~
41 | where, what, nelem, elsize);
| ~~~~~~~~~~~~~~~~~~~~~~~~~~~
gcc -I"/home/biocbuild/R/R-4.3.1/include" -DNDEBUG -I/usr/local/include -fPIC -g -O2 -Wall -c nem_alg.c -o nem_alg.o
In function ‘ClassifyByNemHeuBeta’,
inlined from ‘ClassifyByNem’ at nem_alg.c:578:13:
nem_alg.c:801:7: warning: ‘strncpy’ output may be truncated copying 100 bytes from a string of length 100 [-Wstringop-truncation]
801 | strncpy( namecri, NemParaP->OutBaseName, LEN_FILENAME ) ;
| ^~~~~~~~~~~~~~~~~~~~~~~~~~~~~~~~~~~~~~~~~~~~~~~~~~~~~~~
gcc -I"/home/biocbuild/R/R-4.3.1/include" -DNDEBUG -I/usr/local/include -fPIC -g -O2 -Wall -c nem_hlp.c -o nem_hlp.o
gcc -I"/home/biocbuild/R/R-4.3.1/include" -DNDEBUG -I/usr/local/include -fPIC -g -O2 -Wall -c nem_mod.c -o nem_mod.o
gcc -I"/home/biocbuild/R/R-4.3.1/include" -DNDEBUG -I/usr/local/include -fPIC -g -O2 -Wall -c nem_nei.c -o nem_nei.o
gcc -I"/home/biocbuild/R/R-4.3.1/include" -DNDEBUG -I/usr/local/include -fPIC -g -O2 -Wall -c nem_rnd.c -o nem_rnd.o
gcc -I"/home/biocbuild/R/R-4.3.1/include" -DNDEBUG -I/usr/local/include -fPIC -g -O2 -Wall -c nem_ver.c -o nem_ver.o
gcc -I"/home/biocbuild/R/R-4.3.1/include" -DNDEBUG -I/usr/local/include -fPIC -g -O2 -Wall -c registerDynamicSymbols.c -o registerDynamicSymbols.o
gcc -shared -L/home/biocbuild/R/R-4.3.1/lib -L/usr/local/lib -o MANOR.so Rnem_arg.o Rnem_exe.o exememo.o nem_alg.o nem_hlp.o nem_mod.o nem_nei.o nem_rnd.o nem_ver.o registerDynamicSymbols.o -L/home/biocbuild/R/R-4.3.1/lib -lR
installing to /home/biocbuild/R/R-4.3.1/site-library/00LOCK-MANOR/00new/MANOR/libs
** R
** data
** inst
** byte-compile and prepare package for lazy loading
** help
*** installing help indices
** building package indices
** installing vignettes
** testing if installed package can be loaded from temporary location
** checking absolute paths in shared objects and dynamic libraries
** testing if installed package can be loaded from final location
** testing if installed package keeps a record of temporary installation path
* DONE (MANOR)
MANOR.Rcheck/MANOR-Ex.timings
| name | user | system | elapsed | |
| arrayTrend | 0.371 | 0.008 | 0.380 | |
| detectSB | 0.379 | 0.000 | 0.379 | |
| flag.arrayCGH | 1.197 | 0.019 | 1.219 | |
| flag.summary | 0.095 | 0.008 | 0.103 | |
| flags | 0.101 | 0.000 | 0.102 | |
| genome.plot | 0.420 | 0.004 | 0.424 | |
| import | 0.158 | 0.000 | 0.160 | |
| nem | 1.293 | 0.000 | 1.295 | |
| norm | 4.170 | 0.004 | 4.183 | |
| qscore.arrayCGH | 0.089 | 0.008 | 0.097 | |
| qscore.summary | 0.478 | 0.000 | 0.479 | |
| qscores | 0.481 | 0.000 | 0.482 | |
| report.plot | 1.042 | 0.004 | 1.047 | |
| sort | 0.288 | 0.004 | 0.292 | |
| spatial | 0.245 | 0.020 | 0.266 | |
| to.flag | 0.422 | 0.008 | 0.431 | |