| Back to Multiple platform build/check report for BioC 3.18: simplified long |
|
This page was generated on 2023-11-02 11:40:48 -0400 (Thu, 02 Nov 2023).
| Hostname | OS | Arch (*) | R version | Installed pkgs |
|---|---|---|---|---|
| nebbiolo2 | Linux (Ubuntu 22.04.2 LTS) | x86_64 | 4.3.1 (2023-06-16) -- "Beagle Scouts" | 4729 |
| palomino4 | Windows Server 2022 Datacenter | x64 | 4.3.1 (2023-06-16 ucrt) -- "Beagle Scouts" | 4463 |
| lconway | macOS 12.6.5 Monterey | x86_64 | 4.3.1 Patched (2023-06-17 r84564) -- "Beagle Scouts" | 4478 |
| kunpeng2 | Linux (openEuler 22.03 LTS-SP1) | aarch64 | 4.3.1 (2023-06-16) -- "Beagle Scouts" | 4464 |
| Click on any hostname to see more info about the system (e.g. compilers) (*) as reported by 'uname -p', except on Windows and Mac OS X | ||||
| Package 966/2266 | Hostname | OS / Arch | INSTALL | BUILD | CHECK | BUILD BIN | ||||||||
| HiTC 1.46.0 (landing page) Nicolas Servant
| nebbiolo2 | Linux (Ubuntu 22.04.2 LTS) / x86_64 | OK | OK | WARNINGS | |||||||||
| palomino4 | Windows Server 2022 Datacenter / x64 | OK | OK | WARNINGS | OK | |||||||||
| lconway | macOS 12.6.5 Monterey / x86_64 | OK | OK | WARNINGS | OK | |||||||||
| kjohnson1 | macOS 13.6.1 Ventura / arm64 | see weekly results here | ||||||||||||
| kunpeng2 | Linux (openEuler 22.03 LTS-SP1) / aarch64 | OK | OK | WARNINGS | ||||||||||
|
To the developers/maintainers of the HiTC package: - Allow up to 24 hours (and sometimes 48 hours) for your latest push to git@git.bioconductor.org:packages/HiTC.git to reflect on this report. See Troubleshooting Build Report for more information. - Use the following Renviron settings to reproduce errors and warnings. - If 'R CMD check' started to fail recently on the Linux builder(s) over a missing dependency, add the missing dependency to 'Suggests:' in your DESCRIPTION file. See Renviron.bioc for more information. - See Martin Grigorov's blog post for how to debug Linux ARM64 related issues on a x86_64 host. |
| Package: HiTC |
| Version: 1.46.0 |
| Command: /home/biocbuild/R/R-4.3.1/bin/R CMD check --install=check:HiTC.install-out.txt --library=/home/biocbuild/R/R-4.3.1/site-library --no-vignettes --timings HiTC_1.46.0.tar.gz |
| StartedAt: 2023-11-02 11:19:22 -0000 (Thu, 02 Nov 2023) |
| EndedAt: 2023-11-02 11:25:04 -0000 (Thu, 02 Nov 2023) |
| EllapsedTime: 341.5 seconds |
| RetCode: 0 |
| Status: WARNINGS |
| CheckDir: HiTC.Rcheck |
| Warnings: 1 |
##############################################################################
##############################################################################
###
### Running command:
###
### /home/biocbuild/R/R-4.3.1/bin/R CMD check --install=check:HiTC.install-out.txt --library=/home/biocbuild/R/R-4.3.1/site-library --no-vignettes --timings HiTC_1.46.0.tar.gz
###
##############################################################################
##############################################################################
* using log directory ‘/home/biocbuild/bbs-3.18-bioc/meat/HiTC.Rcheck’
* using R version 4.3.1 (2023-06-16)
* using platform: aarch64-unknown-linux-gnu (64-bit)
* R was compiled by
gcc (GCC) 10.3.1
GNU Fortran (GCC) 10.3.1
* running under: openEuler 22.03 (LTS-SP1)
* using session charset: UTF-8
* using option ‘--no-vignettes’
* checking for file ‘HiTC/DESCRIPTION’ ... OK
* checking extension type ... Package
* this is package ‘HiTC’ version ‘1.46.0’
* checking package namespace information ... OK
* checking package dependencies ... OK
* checking if this is a source package ... OK
* checking if there is a namespace ... OK
* checking for hidden files and directories ... OK
* checking for portable file names ... OK
* checking for sufficient/correct file permissions ... OK
* checking whether package ‘HiTC’ can be installed ... OK
* checking installed package size ... OK
* checking package directory ... OK
* checking ‘build’ directory ... OK
* checking DESCRIPTION meta-information ... OK
* checking top-level files ... OK
* checking for left-over files ... OK
* checking index information ... OK
* checking package subdirectories ... NOTE
Problems with news in ‘NEWS’:
Cannot process chunk/lines:
SIGNIFICANT USER-VISIBLE CHANGES
Cannot process chunk/lines:
BUG FIXES
Cannot process chunk/lines:
NEW FEATURES
* checking R files for non-ASCII characters ... OK
* checking R files for syntax errors ... OK
* checking whether the package can be loaded ... OK
* checking whether the package can be loaded with stated dependencies ... OK
* checking whether the package can be unloaded cleanly ... OK
* checking whether the namespace can be loaded with stated dependencies ... OK
* checking whether the namespace can be unloaded cleanly ... OK
* checking loading without being on the library search path ... OK
* checking dependencies in R code ... OK
* checking S3 generic/method consistency ... OK
* checking replacement functions ... OK
* checking foreign function calls ... OK
* checking R code for possible problems ... NOTE
directionalityIndex: no visible global function definition for
‘subjectHits’
directionalityIndex: no visible global function definition for
‘queryHits’
getBlocsIndex: no visible global function definition for ‘Rle’
getExpectedCountsMean: no visible global function definition for ‘Rle’
normLGF: no visible global function definition for ‘glm.nb’
slidingWindow: no visible binding for global variable ‘consV’
splitCombinedContacts : <anonymous>: no visible global function
definition for ‘seqlevels<-’
divide,HTCexp-HTCexp: no visible global function definition for
‘queryHits’
divide,HTCexp-HTCexp: no visible global function definition for
‘subjectHits’
isBinned,HTCexp: no visible global function definition for
‘countMatches’
substract,HTCexp-HTCexp: no visible global function definition for
‘queryHits’
substract,HTCexp-HTCexp: no visible global function definition for
‘subjectHits’
Undefined global functions or variables:
Rle consV countMatches glm.nb queryHits seqlevels<- subjectHits
* checking Rd files ... WARNING
checkRd: (5) HTClist-class.Rd:52-54: \item in \describe must have non-empty label
* checking Rd metadata ... OK
* checking Rd cross-references ... OK
* checking for missing documentation entries ... OK
* checking for code/documentation mismatches ... OK
* checking Rd \usage sections ... OK
* checking Rd contents ... OK
* checking for unstated dependencies in examples ... OK
* checking contents of ‘data’ directory ... OK
* checking data for non-ASCII characters ... OK
* checking data for ASCII and uncompressed saves ... OK
* checking files in ‘vignettes’ ... OK
* checking examples ... OK
Examples with CPU (user + system) or elapsed time > 5s
user system elapsed
directionalityIndex 17.766 0.435 18.242
CQC 5.725 0.044 5.778
mapC 5.220 0.143 5.374
* checking for unstated dependencies in vignettes ... OK
* checking package vignettes in ‘inst/doc’ ... OK
* checking running R code from vignettes ... SKIPPED
* checking re-building of vignette outputs ... SKIPPED
* checking PDF version of manual ... OK
* DONE
Status: 1 WARNING, 2 NOTEs
See
‘/home/biocbuild/bbs-3.18-bioc/meat/HiTC.Rcheck/00check.log’
for details.
HiTC.Rcheck/00install.out
############################################################################## ############################################################################## ### ### Running command: ### ### /home/biocbuild/R/R-4.3.1/bin/R CMD INSTALL HiTC ### ############################################################################## ############################################################################## * installing to library ‘/home/biocbuild/R/R-4.3.1/site-library’ * installing *source* package ‘HiTC’ ... ** using staged installation ** R ** data ** inst ** byte-compile and prepare package for lazy loading ** help *** installing help indices ** building package indices ** installing vignettes ** testing if installed package can be loaded from temporary location ** testing if installed package can be loaded from final location ** testing if installed package keeps a record of temporary installation path * DONE (HiTC)
HiTC.Rcheck/HiTC-Ex.timings
| name | user | system | elapsed | |
| CQC | 5.725 | 0.044 | 5.778 | |
| HTCexp-class | 4.314 | 0.092 | 4.416 | |
| HTClist-class | 1.695 | 0.024 | 1.731 | |
| Nora_5C | 0.228 | 0.004 | 0.232 | |
| binningC | 1.502 | 0.004 | 1.509 | |
| directionalityIndex | 17.766 | 0.435 | 18.242 | |
| discretize | 0 | 0 | 0 | |
| export.my5C | 0 | 0 | 0 | |
| exportC | 0.000 | 0.000 | 0.001 | |
| extractRegion | 0.442 | 0.000 | 0.442 | |
| getAnnotatedRestrictionSites | 0 | 0 | 0 | |
| getExpectedCounts | 2.584 | 0.642 | 3.090 | |
| getPearsonMap | 0.646 | 0.012 | 0.660 | |
| getRestrictionFragmentsPerChromosome | 0 | 0 | 0 | |
| import.my5C | 0.125 | 0.000 | 0.125 | |
| importC | 0.001 | 0.000 | 0.000 | |
| intervalsDist | 0.532 | 0.012 | 0.544 | |
| mapC | 5.220 | 0.143 | 5.374 | |
| normICE | 0 | 0 | 0 | |
| normLGF | 0 | 0 | 0 | |
| pca.hic | 0.612 | 0.000 | 0.613 | |
| removeIntervals | 0.342 | 0.000 | 0.342 | |
| setGenomicFeatures | 0.000 | 0.000 | 0.001 | |
| setIntervalScale | 1.164 | 0.000 | 1.165 | |