| Back to Multiple platform build/check report for BioC 3.18: simplified long |
|
This page was generated on 2023-11-02 11:40:39 -0400 (Thu, 02 Nov 2023).
| Hostname | OS | Arch (*) | R version | Installed pkgs |
|---|---|---|---|---|
| nebbiolo2 | Linux (Ubuntu 22.04.2 LTS) | x86_64 | 4.3.1 (2023-06-16) -- "Beagle Scouts" | 4729 |
| palomino4 | Windows Server 2022 Datacenter | x64 | 4.3.1 (2023-06-16 ucrt) -- "Beagle Scouts" | 4463 |
| lconway | macOS 12.6.5 Monterey | x86_64 | 4.3.1 Patched (2023-06-17 r84564) -- "Beagle Scouts" | 4478 |
| kunpeng2 | Linux (openEuler 22.03 LTS-SP1) | aarch64 | 4.3.1 (2023-06-16) -- "Beagle Scouts" | 4464 |
| Click on any hostname to see more info about the system (e.g. compilers) (*) as reported by 'uname -p', except on Windows and Mac OS X | ||||
| Package 648/2266 | Hostname | OS / Arch | INSTALL | BUILD | CHECK | BUILD BIN | ||||||||
| EpiCompare 1.6.0 (landing page) Sera Choi
| nebbiolo2 | Linux (Ubuntu 22.04.2 LTS) / x86_64 | OK | OK | ERROR | |||||||||
| palomino4 | Windows Server 2022 Datacenter / x64 | OK | ERROR | skipped | skipped | |||||||||
| lconway | macOS 12.6.5 Monterey / x86_64 | OK | OK | OK | OK | |||||||||
| kjohnson1 | macOS 13.6.1 Ventura / arm64 | see weekly results here | ||||||||||||
| kunpeng2 | Linux (openEuler 22.03 LTS-SP1) / aarch64 | OK | OK | ERROR | ||||||||||
|
To the developers/maintainers of the EpiCompare package: - Allow up to 24 hours (and sometimes 48 hours) for your latest push to git@git.bioconductor.org:packages/EpiCompare.git to reflect on this report. See Troubleshooting Build Report for more information. - Use the following Renviron settings to reproduce errors and warnings. - If 'R CMD check' started to fail recently on the Linux builder(s) over a missing dependency, add the missing dependency to 'Suggests:' in your DESCRIPTION file. See Renviron.bioc for more information. - See Martin Grigorov's blog post for how to debug Linux ARM64 related issues on a x86_64 host. |
| Package: EpiCompare |
| Version: 1.6.0 |
| Command: /home/biocbuild/R/R-4.3.1/bin/R CMD check --install=check:EpiCompare.install-out.txt --library=/home/biocbuild/R/R-4.3.1/site-library --no-vignettes --timings EpiCompare_1.6.0.tar.gz |
| StartedAt: 2023-11-02 10:15:52 -0000 (Thu, 02 Nov 2023) |
| EndedAt: 2023-11-02 10:32:28 -0000 (Thu, 02 Nov 2023) |
| EllapsedTime: 995.8 seconds |
| RetCode: 1 |
| Status: ERROR |
| CheckDir: EpiCompare.Rcheck |
| Warnings: NA |
##############################################################################
##############################################################################
###
### Running command:
###
### /home/biocbuild/R/R-4.3.1/bin/R CMD check --install=check:EpiCompare.install-out.txt --library=/home/biocbuild/R/R-4.3.1/site-library --no-vignettes --timings EpiCompare_1.6.0.tar.gz
###
##############################################################################
##############################################################################
* using log directory ‘/home/biocbuild/bbs-3.18-bioc/meat/EpiCompare.Rcheck’
* using R version 4.3.1 (2023-06-16)
* using platform: aarch64-unknown-linux-gnu (64-bit)
* R was compiled by
gcc (GCC) 10.3.1
GNU Fortran (GCC) 10.3.1
* running under: openEuler 22.03 (LTS-SP1)
* using session charset: UTF-8
* using option ‘--no-vignettes’
* checking for file ‘EpiCompare/DESCRIPTION’ ... OK
* checking extension type ... Package
* this is package ‘EpiCompare’ version ‘1.6.0’
* package encoding: UTF-8
* checking package namespace information ... OK
* checking package dependencies ... OK
* checking if this is a source package ... OK
* checking if there is a namespace ... OK
* checking for hidden files and directories ... OK
* checking for portable file names ... OK
* checking for sufficient/correct file permissions ... OK
* checking whether package ‘EpiCompare’ can be installed ... OK
* checking installed package size ... OK
* checking package directory ... OK
* checking ‘build’ directory ... OK
* checking DESCRIPTION meta-information ... OK
* checking top-level files ... OK
* checking for left-over files ... OK
* checking index information ... OK
* checking package subdirectories ... OK
* checking R files for non-ASCII characters ... OK
* checking R files for syntax errors ... OK
* checking whether the package can be loaded ... OK
* checking whether the package can be loaded with stated dependencies ... OK
* checking whether the package can be unloaded cleanly ... OK
* checking whether the namespace can be loaded with stated dependencies ... OK
* checking whether the namespace can be unloaded cleanly ... OK
* checking loading without being on the library search path ... OK
* checking dependencies in R code ... OK
* checking S3 generic/method consistency ... OK
* checking replacement functions ... OK
* checking foreign function calls ... OK
* checking R code for possible problems ... OK
* checking Rd files ... OK
* checking Rd metadata ... OK
* checking Rd cross-references ... OK
* checking for missing documentation entries ... OK
* checking for code/documentation mismatches ... OK
* checking Rd \usage sections ... OK
* checking Rd contents ... OK
* checking for unstated dependencies in examples ... OK
* checking contents of ‘data’ directory ... OK
* checking data for non-ASCII characters ... OK
* checking data for ASCII and uncompressed saves ... OK
* checking files in ‘vignettes’ ... OK
* checking examples ... ERROR
Running examples in ‘EpiCompare-Ex.R’ failed
The error most likely occurred in:
> base::assign(".ptime", proc.time(), pos = "CheckExEnv")
> ### Name: plot_corr
> ### Title: Plot correlation of peak files
> ### Aliases: plot_corr
>
> ### ** Examples
>
> data("CnR_H3K27ac")
> data("CnT_H3K27ac")
> data("encode_H3K27ac")
> peakfiles <- list(CnR_H3K27ac=CnR_H3K27ac, CnT_H3K27ac=CnT_H3K27ac)
> reference <- list("encode_H3K27ac"=encode_H3K27ac)
> ## Increasing bin_size for speed here,
> ## but lower values will give more precise results (and lower correlations)
> cp <- plot_corr(peakfiles = peakfiles,
+ reference = reference,
+ genome_build = "hg19",
+ bin_size = 5000,
+ workers = 1)
Standardising peak files in 647,114 bins of 5,000 bp.
* checking for unstated dependencies in ‘tests’ ... OK
* checking tests ...
Running ‘testthat.R’/home/biocbuild/R/R-4.3.1/bin/BATCH: line 60: 1020381 Killed ${R_HOME}/bin/R -f ${in} ${opts} ${R_BATCH_OPTIONS} > ${out} 2>&1
ERROR
Running the tests in ‘tests/testthat.R’ failed.
Complete output:
> library(testthat)
> library(EpiCompare)
Warning message:
replacing previous import 'Biostrings::pattern' by 'grid::pattern' when loading 'genomation'
>
> test_check("EpiCompare")
All EpiCompare features are being used.
WARNING: precision-recall curves cannot be generated when reference=NULL.
processing file: EpiCompare.Rmd
* checking for unstated dependencies in vignettes ... OK
* checking package vignettes in ‘inst/doc’ ... OK
* checking running R code from vignettes ... SKIPPED
* checking re-building of vignette outputs ... SKIPPED
* checking PDF version of manual ... OK
* DONE
Status: 2 ERRORs
See
‘/home/biocbuild/bbs-3.18-bioc/meat/EpiCompare.Rcheck/00check.log’
for details.
EpiCompare.Rcheck/00install.out
############################################################################## ############################################################################## ### ### Running command: ### ### /home/biocbuild/R/R-4.3.1/bin/R CMD INSTALL EpiCompare ### ############################################################################## ############################################################################## * installing to library ‘/home/biocbuild/R/R-4.3.1/site-library’ * installing *source* package ‘EpiCompare’ ... ** using staged installation ** R ** data ** inst ** byte-compile and prepare package for lazy loading Warning: replacing previous import ‘Biostrings::pattern’ by ‘grid::pattern’ when loading ‘genomation’ ** help *** installing help indices ** building package indices ** installing vignettes ** testing if installed package can be loaded from temporary location Warning: replacing previous import ‘Biostrings::pattern’ by ‘grid::pattern’ when loading ‘genomation’ ** testing if installed package can be loaded from final location Warning: replacing previous import ‘Biostrings::pattern’ by ‘grid::pattern’ when loading ‘genomation’ ** testing if installed package keeps a record of temporary installation path * DONE (EpiCompare)
EpiCompare.Rcheck/tests/testthat.Rout.fail
R version 4.3.1 (2023-06-16) -- "Beagle Scouts"
Copyright (C) 2023 The R Foundation for Statistical Computing
Platform: aarch64-unknown-linux-gnu (64-bit)
R is free software and comes with ABSOLUTELY NO WARRANTY.
You are welcome to redistribute it under certain conditions.
Type 'license()' or 'licence()' for distribution details.
R is a collaborative project with many contributors.
Type 'contributors()' for more information and
'citation()' on how to cite R or R packages in publications.
Type 'demo()' for some demos, 'help()' for on-line help, or
'help.start()' for an HTML browser interface to help.
Type 'q()' to quit R.
> library(testthat)
> library(EpiCompare)
Warning message:
replacing previous import 'Biostrings::pattern' by 'grid::pattern' when loading 'genomation'
>
> test_check("EpiCompare")
All EpiCompare features are being used.
WARNING: precision-recall curves cannot be generated when reference=NULL.
processing file: EpiCompare.Rmd
EpiCompare.Rcheck/EpiCompare-Ex.timings
| name | user | system | elapsed | |
| EpiCompare | 14.770 | 0.935 | 16.570 | |
| bpplapply | 0.008 | 0.068 | 0.077 | |
| check_workers | 0.005 | 0.002 | 0.004 | |
| compute_consensus_peaks | 0.625 | 0.235 | 0.755 | |
| compute_corr | 1.538 | 0.626 | 3.262 | |
| download_button | 0.007 | 0.000 | 0.007 | |
| fragment_info | 2.169 | 0.550 | 0.004 | |
| gather_files | 0.535 | 0.266 | 0.859 | |
| group_files | 0.291 | 0.136 | 0.068 | |
| liftover_grlist | 4.576 | 1.486 | 9.789 | |
| overlap_heatmap | 3.814 | 0.605 | 4.440 | |
| overlap_percent | 0.423 | 0.019 | 0.445 | |
| overlap_stat_plot | 0.223 | 0.012 | 0.236 | |
| overlap_upset_plot | 0.486 | 0.044 | 0.537 | |
| peak_info | 0.968 | 0.175 | 1.148 | |
| plot_ChIPseeker_annotation | 28.826 | 1.473 | 30.534 | |
| plot_chromHMM | 4.977 | 0.559 | 75.584 | |