| Back to Multiple platform build/check report for BioC 3.18: simplified long |
|
This page was generated on 2023-11-02 11:40:37 -0400 (Thu, 02 Nov 2023).
| Hostname | OS | Arch (*) | R version | Installed pkgs |
|---|---|---|---|---|
| nebbiolo2 | Linux (Ubuntu 22.04.2 LTS) | x86_64 | 4.3.1 (2023-06-16) -- "Beagle Scouts" | 4729 |
| palomino4 | Windows Server 2022 Datacenter | x64 | 4.3.1 (2023-06-16 ucrt) -- "Beagle Scouts" | 4463 |
| lconway | macOS 12.6.5 Monterey | x86_64 | 4.3.1 Patched (2023-06-17 r84564) -- "Beagle Scouts" | 4478 |
| kunpeng2 | Linux (openEuler 22.03 LTS-SP1) | aarch64 | 4.3.1 (2023-06-16) -- "Beagle Scouts" | 4464 |
| Click on any hostname to see more info about the system (e.g. compilers) (*) as reported by 'uname -p', except on Windows and Mac OS X | ||||
| Package 571/2266 | Hostname | OS / Arch | INSTALL | BUILD | CHECK | BUILD BIN | ||||||||
| DirichletMultinomial 1.44.0 (landing page) Martin Morgan
| nebbiolo2 | Linux (Ubuntu 22.04.2 LTS) / x86_64 | OK | OK | WARNINGS | |||||||||
| palomino4 | Windows Server 2022 Datacenter / x64 | OK | OK | WARNINGS | OK | |||||||||
| lconway | macOS 12.6.5 Monterey / x86_64 | OK | OK | OK | OK | |||||||||
| kjohnson1 | macOS 13.6.1 Ventura / arm64 | see weekly results here | ||||||||||||
| kunpeng2 | Linux (openEuler 22.03 LTS-SP1) / aarch64 | OK | OK | WARNINGS | ||||||||||
|
To the developers/maintainers of the DirichletMultinomial package: - Allow up to 24 hours (and sometimes 48 hours) for your latest push to git@git.bioconductor.org:packages/DirichletMultinomial.git to reflect on this report. See Troubleshooting Build Report for more information. - Use the following Renviron settings to reproduce errors and warnings. - If 'R CMD check' started to fail recently on the Linux builder(s) over a missing dependency, add the missing dependency to 'Suggests:' in your DESCRIPTION file. See Renviron.bioc for more information. - See Martin Grigorov's blog post for how to debug Linux ARM64 related issues on a x86_64 host. |
| Package: DirichletMultinomial |
| Version: 1.44.0 |
| Command: /home/biocbuild/R/R-4.3.1/bin/R CMD check --install=check:DirichletMultinomial.install-out.txt --library=/home/biocbuild/R/R-4.3.1/site-library --no-vignettes --timings DirichletMultinomial_1.44.0.tar.gz |
| StartedAt: 2023-11-02 10:02:31 -0000 (Thu, 02 Nov 2023) |
| EndedAt: 2023-11-02 10:03:36 -0000 (Thu, 02 Nov 2023) |
| EllapsedTime: 65.5 seconds |
| RetCode: 0 |
| Status: WARNINGS |
| CheckDir: DirichletMultinomial.Rcheck |
| Warnings: 1 |
##############################################################################
##############################################################################
###
### Running command:
###
### /home/biocbuild/R/R-4.3.1/bin/R CMD check --install=check:DirichletMultinomial.install-out.txt --library=/home/biocbuild/R/R-4.3.1/site-library --no-vignettes --timings DirichletMultinomial_1.44.0.tar.gz
###
##############################################################################
##############################################################################
* using log directory ‘/home/biocbuild/bbs-3.18-bioc/meat/DirichletMultinomial.Rcheck’
* using R version 4.3.1 (2023-06-16)
* using platform: aarch64-unknown-linux-gnu (64-bit)
* R was compiled by
gcc (GCC) 10.3.1
GNU Fortran (GCC) 10.3.1
* running under: openEuler 22.03 (LTS-SP1)
* using session charset: UTF-8
* using option ‘--no-vignettes’
* checking for file ‘DirichletMultinomial/DESCRIPTION’ ... OK
* checking extension type ... Package
* this is package ‘DirichletMultinomial’ version ‘1.44.0’
* checking package namespace information ... OK
* checking package dependencies ... OK
* checking if this is a source package ... OK
* checking if there is a namespace ... OK
* checking for hidden files and directories ... OK
* checking for portable file names ... OK
* checking for sufficient/correct file permissions ... OK
* checking whether package ‘DirichletMultinomial’ can be installed ... WARNING
Found the following significant warnings:
dirichlet_fit_main.c:391:34: warning: ‘*’ in boolean context, suggest ‘&&’ instead [-Wint-in-bool-context]
dirichlet_fit_main.c:393:33: warning: ‘*’ in boolean context, suggest ‘&&’ instead [-Wint-in-bool-context]
See ‘/home/biocbuild/bbs-3.18-bioc/meat/DirichletMultinomial.Rcheck/00install.out’ for details.
* used C compiler: ‘gcc (GCC) 10.3.1’
* checking installed package size ... OK
* checking package directory ... OK
* checking ‘build’ directory ... OK
* checking DESCRIPTION meta-information ... OK
* checking top-level files ... OK
* checking for left-over files ... OK
* checking index information ... OK
* checking package subdirectories ... OK
* checking R files for non-ASCII characters ... OK
* checking R files for syntax errors ... OK
* checking whether the package can be loaded ... OK
* checking whether the package can be loaded with stated dependencies ... OK
* checking whether the package can be unloaded cleanly ... OK
* checking whether the namespace can be loaded with stated dependencies ... OK
* checking whether the namespace can be unloaded cleanly ... OK
* checking loading without being on the library search path ... OK
* checking dependencies in R code ... OK
* checking S3 generic/method consistency ... OK
* checking replacement functions ... OK
* checking foreign function calls ... OK
* checking R code for possible problems ... OK
* checking Rd files ... OK
* checking Rd metadata ... OK
* checking Rd cross-references ... OK
* checking for missing documentation entries ... OK
* checking for code/documentation mismatches ... OK
* checking Rd \usage sections ... OK
* checking Rd contents ... OK
* checking for unstated dependencies in examples ... OK
* checking contents of ‘data’ directory ... OK
* checking data for non-ASCII characters ... OK
* checking data for ASCII and uncompressed saves ... OK
* checking line endings in C/C++/Fortran sources/headers ... OK
* checking line endings in Makefiles ... OK
* checking compilation flags in Makevars ... OK
* checking for GNU extensions in Makefiles ... OK
* checking for portable use of $(BLAS_LIBS) and $(LAPACK_LIBS) ... OK
* checking use of PKG_*FLAGS in Makefiles ... OK
* checking compiled code ... NOTE
Note: information on .o files is not available
* checking files in ‘vignettes’ ... OK
* checking examples ... OK
* checking for unstated dependencies in vignettes ... OK
* checking package vignettes in ‘inst/doc’ ... OK
* checking running R code from vignettes ... SKIPPED
* checking re-building of vignette outputs ... SKIPPED
* checking PDF version of manual ... OK
* DONE
Status: 1 WARNING, 1 NOTE
See
‘/home/biocbuild/bbs-3.18-bioc/meat/DirichletMultinomial.Rcheck/00check.log’
for details.
DirichletMultinomial.Rcheck/00install.out
##############################################################################
##############################################################################
###
### Running command:
###
### /home/biocbuild/R/R-4.3.1/bin/R CMD INSTALL DirichletMultinomial
###
##############################################################################
##############################################################################
* installing to library ‘/home/biocbuild/R/R-4.3.1/site-library’
* installing *source* package ‘DirichletMultinomial’ ...
** using staged installation
** libs
using C compiler: ‘gcc (GCC) 10.3.1’
gcc -I"/home/biocbuild/R/R-4.3.1/include" -DNDEBUG -I/usr/local/include `gsl-config --cflags` -DR_DIRICHLETMULTINOMIAL -fPIC -g -O2 -Wall -c R_init_DirichletMultinomial.c -o R_init_DirichletMultinomial.o
gcc -I"/home/biocbuild/R/R-4.3.1/include" -DNDEBUG -I/usr/local/include `gsl-config --cflags` -DR_DIRICHLETMULTINOMIAL -fPIC -g -O2 -Wall -c dirichlet_fit.c -o dirichlet_fit.o
gcc -I"/home/biocbuild/R/R-4.3.1/include" -DNDEBUG -I/usr/local/include `gsl-config --cflags` -DR_DIRICHLETMULTINOMIAL -fPIC -g -O2 -Wall -c dirichlet_fit_main.c -o dirichlet_fit_main.o
dirichlet_fit_main.c: In function ‘hessian’:
dirichlet_fit_main.c:391:34: warning: ‘*’ in boolean context, suggest ‘&&’ instead [-Wint-in-bool-context]
391 | adCJK0[j] += adPi[i] * n ? gsl_sf_psi(adAlpha[j] + n) : dPsiAlpha;
| ~~~~~~~~^~~
dirichlet_fit_main.c:393:33: warning: ‘*’ in boolean context, suggest ‘&&’ instead [-Wint-in-bool-context]
393 | adCJK[j] += adPi[i] * n ? gsl_sf_psi_1(adAlpha[j] + n): dPsi1Alpha;
| ~~~~~~~~^~~
dirichlet_fit_main.c: In function ‘dirichlet_fit_main’:
dirichlet_fit_main.c:542:17: warning: variable ‘status’ set but not used [-Wunused-but-set-variable]
542 | int signum, status;
| ^~~~~~
gcc -shared -L/home/biocbuild/R/R-4.3.1/lib -L/usr/local/lib -o DirichletMultinomial.so R_init_DirichletMultinomial.o dirichlet_fit.o dirichlet_fit_main.o -L/usr/local/lib -lgsl -lgslcblas -lm -L/home/biocbuild/R/R-4.3.1/lib -lR
installing to /home/biocbuild/R/R-4.3.1/site-library/00LOCK-DirichletMultinomial/00new/DirichletMultinomial/libs
** R
** data
** inst
** byte-compile and prepare package for lazy loading
** help
*** installing help indices
** building package indices
** installing vignettes
** testing if installed package can be loaded from temporary location
** checking absolute paths in shared objects and dynamic libraries
** testing if installed package can be loaded from final location
** testing if installed package keeps a record of temporary installation path
* DONE (DirichletMultinomial)
DirichletMultinomial.Rcheck/DirichletMultinomial-Ex.timings
| name | user | system | elapsed | |
| DMN-class | 0.042 | 0.004 | 0.047 | |
| DMNGroup-class | 0.012 | 0.000 | 0.012 | |
| cvdmngroup | 0.004 | 0.000 | 0.005 | |
| dataobjects | 0.014 | 0.003 | 0.020 | |
| dmn | 0.023 | 0.001 | 0.027 | |
| dmngroup | 0.006 | 0.000 | 0.007 | |
| fitted | 0.150 | 0.004 | 0.159 | |
| heatmapdmn | 0.054 | 0.036 | 0.103 | |
| roc | 0.282 | 0.032 | 0.364 | |
| util | 0.028 | 0.000 | 0.030 | |