| Back to Multiple platform build/check report for BioC 3.18: simplified long |
|
This page was generated on 2023-11-02 11:40:37 -0400 (Thu, 02 Nov 2023).
| Hostname | OS | Arch (*) | R version | Installed pkgs |
|---|---|---|---|---|
| nebbiolo2 | Linux (Ubuntu 22.04.2 LTS) | x86_64 | 4.3.1 (2023-06-16) -- "Beagle Scouts" | 4729 |
| palomino4 | Windows Server 2022 Datacenter | x64 | 4.3.1 (2023-06-16 ucrt) -- "Beagle Scouts" | 4463 |
| lconway | macOS 12.6.5 Monterey | x86_64 | 4.3.1 Patched (2023-06-17 r84564) -- "Beagle Scouts" | 4478 |
| kunpeng2 | Linux (openEuler 22.03 LTS-SP1) | aarch64 | 4.3.1 (2023-06-16) -- "Beagle Scouts" | 4464 |
| Click on any hostname to see more info about the system (e.g. compilers) (*) as reported by 'uname -p', except on Windows and Mac OS X | ||||
| Package 582/2266 | Hostname | OS / Arch | INSTALL | BUILD | CHECK | BUILD BIN | ||||||||
Martin Rijlaarsdam
| nebbiolo2 | Linux (Ubuntu 22.04.2 LTS) / x86_64 | OK | ERROR | skipped | |||||||||
| palomino4 | Windows Server 2022 Datacenter / x64 | OK | ERROR | skipped | skipped | |||||||||
| lconway | macOS 12.6.5 Monterey / x86_64 | OK | ERROR | skipped | skipped | |||||||||
| kjohnson1 | macOS 13.6.1 Ventura / arm64 | see weekly results here | ||||||||||||
| kunpeng2 | Linux (openEuler 22.03 LTS-SP1) / aarch64 | OK | ERROR | skipped | ||||||||||
|
To the developers/maintainers of the DMRforPairs package: - Allow up to 24 hours (and sometimes 48 hours) for your latest push to git@git.bioconductor.org:packages/DMRforPairs.git to reflect on this report. See Troubleshooting Build Report for more information. - Use the following Renviron settings to reproduce errors and warnings. - If 'R CMD check' started to fail recently on the Linux builder(s) over a missing dependency, add the missing dependency to 'Suggests:' in your DESCRIPTION file. See Renviron.bioc for more information. - See Martin Grigorov's blog post for how to debug Linux ARM64 related issues on a x86_64 host. |
| Package: DMRforPairs |
| Version: 1.38.0 |
| Command: /home/biocbuild/R/R-4.3.1/bin/R CMD build --keep-empty-dirs --no-resave-data DMRforPairs |
| StartedAt: 2023-11-02 00:25:49 -0000 (Thu, 02 Nov 2023) |
| EndedAt: 2023-11-02 00:27:14 -0000 (Thu, 02 Nov 2023) |
| EllapsedTime: 85.1 seconds |
| RetCode: 1 |
| Status: ERROR |
| PackageFile: None |
| PackageFileSize: NA |
##############################################################################
##############################################################################
###
### Running command:
###
### /home/biocbuild/R/R-4.3.1/bin/R CMD build --keep-empty-dirs --no-resave-data DMRforPairs
###
##############################################################################
##############################################################################
* checking for file ‘DMRforPairs/DESCRIPTION’ ... OK
* preparing ‘DMRforPairs’:
* checking DESCRIPTION meta-information ... OK
* installing the package to build vignettes
* creating vignettes ... ERROR
--- re-building ‘DMRforPairs_vignette.Rnw’ using Sweave
Loading required package: Gviz
Loading required package: S4Vectors
Loading required package: stats4
Loading required package: BiocGenerics
Attaching package: ‘BiocGenerics’
The following objects are masked from ‘package:stats’:
IQR, mad, sd, var, xtabs
The following objects are masked from ‘package:base’:
Filter, Find, Map, Position, Reduce, anyDuplicated, aperm, append,
as.data.frame, basename, cbind, colnames, dirname, do.call,
duplicated, eval, evalq, get, grep, grepl, intersect, is.unsorted,
lapply, mapply, match, mget, order, paste, pmax, pmax.int, pmin,
pmin.int, rank, rbind, rownames, sapply, setdiff, sort, table,
tapply, union, unique, unsplit, which.max, which.min
Attaching package: ‘S4Vectors’
The following object is masked from ‘package:utils’:
findMatches
The following objects are masked from ‘package:base’:
I, expand.grid, unname
Loading required package: IRanges
Loading required package: GenomicRanges
Loading required package: GenomeInfoDb
Loading required package: grid
Loading required package: R2HTML
Loading required package: parallel
Warning: Package 'DMRforPairs' is deprecated and will be removed from
Bioconductor version 3.19
min_distance=c(200, 300, 200, 300), min_n=c(4, 4, 5, 5)
Recoding annotation classes...
Body --> gene
5'UTR --> gene
3'UTR --> gene
1stExon --> gene
TSS1500 --> tss
TSS200 --> tss
Island --> island
N_Shelf --> island
N_Shore --> island
S_Shelf --> island
S_Shore --> island
Calculating the number of regions and associated probes for the requested set of parameters
Regionfinder: processing chr7 (1/1)
Error: processing vignette 'DMRforPairs_vignette.Rnw' failed with diagnostics:
chunk 3
Error in xtfrm.data.frame(x) : cannot xtfrm data frames
--- failed re-building 'DMRforPairs_vignette.Rnw'
SUMMARY: processing the following file failed:
'DMRforPairs_vignette.Rnw'
Error: Vignette re-building failed.
Execution halted