| Back to Multiple platform build/check report for BioC 3.18: simplified long |
|
This page was generated on 2023-11-02 11:40:35 -0400 (Thu, 02 Nov 2023).
| Hostname | OS | Arch (*) | R version | Installed pkgs |
|---|---|---|---|---|
| nebbiolo2 | Linux (Ubuntu 22.04.2 LTS) | x86_64 | 4.3.1 (2023-06-16) -- "Beagle Scouts" | 4729 |
| palomino4 | Windows Server 2022 Datacenter | x64 | 4.3.1 (2023-06-16 ucrt) -- "Beagle Scouts" | 4463 |
| lconway | macOS 12.6.5 Monterey | x86_64 | 4.3.1 Patched (2023-06-17 r84564) -- "Beagle Scouts" | 4478 |
| kunpeng2 | Linux (openEuler 22.03 LTS-SP1) | aarch64 | 4.3.1 (2023-06-16) -- "Beagle Scouts" | 4464 |
| Click on any hostname to see more info about the system (e.g. compilers) (*) as reported by 'uname -p', except on Windows and Mac OS X | ||||
| Package 500/2266 | Hostname | OS / Arch | INSTALL | BUILD | CHECK | BUILD BIN | ||||||||
| DAPAR 1.34.0 (landing page) Samuel Wieczorek
| nebbiolo2 | Linux (Ubuntu 22.04.2 LTS) / x86_64 | OK | OK | OK | |||||||||
| palomino4 | Windows Server 2022 Datacenter / x64 | OK | OK | OK | OK | |||||||||
| lconway | macOS 12.6.5 Monterey / x86_64 | OK | OK | OK | OK | |||||||||
| kjohnson1 | macOS 13.6.1 Ventura / arm64 | see weekly results here | ||||||||||||
| kunpeng2 | Linux (openEuler 22.03 LTS-SP1) / aarch64 | OK | OK | ERROR | ||||||||||
|
To the developers/maintainers of the DAPAR package: - Allow up to 24 hours (and sometimes 48 hours) for your latest push to git@git.bioconductor.org:packages/DAPAR.git to reflect on this report. See Troubleshooting Build Report for more information. - Use the following Renviron settings to reproduce errors and warnings. - If 'R CMD check' started to fail recently on the Linux builder(s) over a missing dependency, add the missing dependency to 'Suggests:' in your DESCRIPTION file. See Renviron.bioc for more information. - See Martin Grigorov's blog post for how to debug Linux ARM64 related issues on a x86_64 host. |
| Package: DAPAR |
| Version: 1.34.0 |
| Command: /home/biocbuild/R/R-4.3.1/bin/R CMD check --install=check:DAPAR.install-out.txt --library=/home/biocbuild/R/R-4.3.1/site-library --no-vignettes --timings DAPAR_1.34.0.tar.gz |
| StartedAt: 2023-11-02 09:47:40 -0000 (Thu, 02 Nov 2023) |
| EndedAt: 2023-11-02 09:53:19 -0000 (Thu, 02 Nov 2023) |
| EllapsedTime: 338.3 seconds |
| RetCode: 1 |
| Status: ERROR |
| CheckDir: DAPAR.Rcheck |
| Warnings: NA |
##############################################################################
##############################################################################
###
### Running command:
###
### /home/biocbuild/R/R-4.3.1/bin/R CMD check --install=check:DAPAR.install-out.txt --library=/home/biocbuild/R/R-4.3.1/site-library --no-vignettes --timings DAPAR_1.34.0.tar.gz
###
##############################################################################
##############################################################################
* using log directory ‘/home/biocbuild/bbs-3.18-bioc/meat/DAPAR.Rcheck’
* using R version 4.3.1 (2023-06-16)
* using platform: aarch64-unknown-linux-gnu (64-bit)
* R was compiled by
gcc (GCC) 10.3.1
GNU Fortran (GCC) 10.3.1
* running under: openEuler 22.03 (LTS-SP1)
* using session charset: UTF-8
* using option ‘--no-vignettes’
* checking for file ‘DAPAR/DESCRIPTION’ ... OK
* checking extension type ... Package
* this is package ‘DAPAR’ version ‘1.34.0’
* package encoding: UTF-8
* checking package namespace information ... OK
* checking package dependencies ... OK
* checking if this is a source package ... OK
* checking if there is a namespace ... OK
* checking for hidden files and directories ... OK
* checking for portable file names ... OK
* checking for sufficient/correct file permissions ... OK
* checking whether package ‘DAPAR’ can be installed ... OK
* checking installed package size ... OK
* checking package directory ... OK
* checking DESCRIPTION meta-information ... OK
* checking top-level files ... OK
* checking for left-over files ... OK
* checking index information ... OK
* checking package subdirectories ... OK
* checking R files for non-ASCII characters ... OK
* checking R files for syntax errors ... OK
* checking whether the package can be loaded ... OK
* checking whether the package can be loaded with stated dependencies ... OK
* checking whether the package can be unloaded cleanly ... OK
* checking whether the namespace can be loaded with stated dependencies ... OK
* checking whether the namespace can be unloaded cleanly ... OK
* checking loading without being on the library search path ... OK
* checking startup messages can be suppressed ... OK
* checking dependencies in R code ... OK
* checking S3 generic/method consistency ... OK
* checking replacement functions ... OK
* checking foreign function calls ... OK
* checking R code for possible problems ... NOTE
OWAnova: no visible global function definition for ‘aov’
aggregateIterParallel: no visible binding for global variable ‘cond’
averageIntensities: no visible binding for global variable ‘condition’
averageIntensities: no visible binding for global variable ‘feature’
averageIntensities: no visible binding for global variable ‘intensity’
createMSnset: no visible global function definition for
‘installed.packages’
createMSnset: no visible binding for global variable ‘Prostar.loc’
diffAnaVolcanoplot_rCharts: no visible binding for global variable ‘x’
diffAnaVolcanoplot_rCharts: no visible binding for global variable ‘y’
diffAnaVolcanoplot_rCharts: no visible binding for global variable ‘g’
display.CC.visNet: no visible binding for global variable
‘layout_nicely’
getTextForGOAnalysis: no visible binding for global variable
‘textGOParams’
getTextForGOAnalysis: no visible binding for global variable ‘input’
globalAdjPval: no visible global function definition for ‘stack’
heatmapForMissingValues: no visible binding for global variable ‘par’
limmaCompleteTest: no visible binding for global variable ‘A’
limmaCompleteTest: no visible binding for global variable ‘B’
limmaCompleteTest: no visible binding for global variable ‘P.Value’
pepa.test: no visible global function definition for ‘nodes<-’
testAnovaModels : <anonymous>: no visible global function definition
for ‘TukeyHSD’
visualizeClusters: no visible binding for global variable
‘adjusted_pvalues’
visualizeClusters: no visible binding for global variable ‘Condition’
visualizeClusters: no visible binding for global variable ‘Intensity’
visualizeClusters: no visible binding for global variable
‘FDR_threshold’
visualizeClusters: no visible binding for global variable ‘feature’
wrapperClassic1wayAnova: no visible binding for global variable
‘Pr(>F)1’
wrapperRunClustering: no visible global function definition for ‘str_c’
Undefined global functions or variables:
A B Condition FDR_threshold Intensity P.Value Pr(>F)1 Prostar.loc
TukeyHSD adjusted_pvalues aov cond condition feature g input
installed.packages intensity layout_nicely nodes<- par stack str_c
textGOParams x y
Consider adding
importFrom("graphics", "par")
importFrom("stats", "TukeyHSD", "aov")
importFrom("utils", "installed.packages", "stack")
to your NAMESPACE file.
* checking Rd files ... OK
* checking Rd metadata ... OK
* checking Rd cross-references ... OK
* checking for missing documentation entries ... OK
* checking for code/documentation mismatches ... OK
* checking Rd \usage sections ... OK
* checking Rd contents ... OK
* checking for unstated dependencies in examples ... OK
* checking examples ... ERROR
Running examples in ‘DAPAR-Ex.R’ failed
The error most likely occurred in:
> base::assign(".ptime", proc.time(), pos = "CheckExEnv")
> ### Name: barplotGroupGO_HC
> ### Title: A barplot which shows the result of a GO classification, using
> ### the package 'highcharter'
> ### Aliases: barplotGroupGO_HC
>
> ### ** Examples
>
> data(Exp1_R25_prot, package="DAPARdata")
> obj <- Exp1_R25_prot[seq_len(10)]
> if (!requireNamespace("org.Sc.sgd.db", quietly = TRUE)) {
+ stop("Please install org.Sc.sgd.db:
+ BiocManager::install('org.Sc.sgd.db')")
+ }
> library(org.Sc.sgd.db)
Loading required package: AnnotationDbi
Loading required package: stats4
Loading required package: BiocGenerics
Attaching package: ‘BiocGenerics’
The following objects are masked from ‘package:stats’:
IQR, mad, sd, var, xtabs
The following objects are masked from ‘package:base’:
Filter, Find, Map, Position, Reduce, anyDuplicated, aperm, append,
as.data.frame, basename, cbind, colnames, dirname, do.call,
duplicated, eval, evalq, get, grep, grepl, intersect, is.unsorted,
lapply, mapply, match, mget, order, paste, pmax, pmax.int, pmin,
pmin.int, rank, rbind, rownames, sapply, setdiff, sort, table,
tapply, union, unique, unsplit, which.max, which.min
Loading required package: Biobase
Welcome to Bioconductor
Vignettes contain introductory material; view with
'browseVignettes()'. To cite Bioconductor, see
'citation("Biobase")', and for packages 'citation("pkgname")'.
Loading required package: IRanges
Loading required package: S4Vectors
Attaching package: ‘S4Vectors’
The following object is masked from ‘package:utils’:
findMatches
The following objects are masked from ‘package:base’:
I, expand.grid, unname
> univ <- univ_AnnotDbPkg("org.Sc.sgd.db")
> ggo <- group_GO(
+ data = Biobase::fData(obj)$Protein.IDs, idFrom = "UNIPROT",
+ orgdb = "org.Sc.sgd.db", ont = "MF", level = 2
+ )
* checking for unstated dependencies in ‘tests’ ... OK
* checking tests ...
Running ‘testthat.R’
OK
* checking PDF version of manual ... OK
* DONE
Status: 1 ERROR, 1 NOTE
See
‘/home/biocbuild/bbs-3.18-bioc/meat/DAPAR.Rcheck/00check.log’
for details.
DAPAR.Rcheck/00install.out
############################################################################## ############################################################################## ### ### Running command: ### ### /home/biocbuild/R/R-4.3.1/bin/R CMD INSTALL DAPAR ### ############################################################################## ############################################################################## * installing to library ‘/home/biocbuild/R/R-4.3.1/site-library’ * installing *source* package ‘DAPAR’ ... ** using staged installation ** R ** inst ** byte-compile and prepare package for lazy loading ** help *** installing help indices ** building package indices ** testing if installed package can be loaded from temporary location ** testing if installed package can be loaded from final location ** testing if installed package keeps a record of temporary installation path * DONE (DAPAR)
DAPAR.Rcheck/tests/testthat.Rout
R version 4.3.1 (2023-06-16) -- "Beagle Scouts"
Copyright (C) 2023 The R Foundation for Statistical Computing
Platform: aarch64-unknown-linux-gnu (64-bit)
R is free software and comes with ABSOLUTELY NO WARRANTY.
You are welcome to redistribute it under certain conditions.
Type 'license()' or 'licence()' for distribution details.
R is a collaborative project with many contributors.
Type 'contributors()' for more information and
'citation()' on how to cite R or R packages in publications.
Type 'demo()' for some demos, 'help()' for on-line help, or
'help.start()' for an HTML browser interface to help.
Type 'q()' to quit R.
> library(testthat)
> library(DAPAR)
This is the 'DAPAR' version 1.34.0.
To get started, visit
http://www.prostar-proteomics.org/
>
> test_check("DAPAR")
Iterations:
1 / 1 - Imputation MNAR OK -
Imputation MCAR in progress -
3 % - 6 % - 9 % - 12 % - 15 % - 18 % - 21 % - 24 % - 27 % - 30 % - 33 % - 36 % - 39 % - 42 % - 45 % - 48 % - 51 % - 54 % - 57 % - 60 % - 63 % - 66 % - 69 % - 72 % - 75 % - 78 % - 81 % - 84 % - 87 % - 90 % - 93 % - 96 % - 99 % -
Iterations:
1 / 1 - Imputation MNAR OK -
Imputation MCAR in progress -
3 % - 6 % - 9 % - 12 % - 15 % - 18 % - 21 % - 24 % - 27 % - 30 % - 33 % - 36 % - 39 % - 42 % - 45 % - 48 % - 51 % - 54 % - 57 % - 60 % - 63 % - 66 % - 69 % - 72 % - 75 % - 78 % - 81 % - 84 % - 87 % - 90 % - 93 % - 96 % - 99 % -
Imputation in condition 1 ...
In progress: 10 % - 20 % - 30 % - 40 % - 50 % - 60 % - 70 % - 80 % - 90 % - 100 % -
Imputation in condition 2 ...
In progress: 10 % - 20 % - 30 % - 40 % - 50 % - 60 % - 70 % - 80 % - 90 % - 100 % - [ FAIL 0 | WARN 17 | SKIP 0 | PASS 66 ]
[ FAIL 0 | WARN 17 | SKIP 0 | PASS 66 ]
>
> proc.time()
user system elapsed
34.905 4.584 43.919
DAPAR.Rcheck/DAPAR-Ex.timings
| name | user | system | elapsed | |
| AggregateMetacell | 2.207 | 0.398 | 2.619 | |
| BuildAdjacencyMatrix | 0.337 | 0.008 | 0.346 | |
| BuildColumnToProteinDataset | 0.505 | 0.008 | 0.513 | |
| BuildMetaCell | 1.153 | 0.084 | 1.241 | |
| CVDistD_HC | 4.081 | 0.152 | 4.301 | |
| Children | 0.006 | 0.001 | 0.006 | |
| CountPep | 0.341 | 0.000 | 0.342 | |
| ExtendPalette | 0.037 | 0.000 | 0.036 | |
| GOAnalysisSave | 0.001 | 0.000 | 0.000 | |
| GetCC | 1.755 | 0.035 | 1.811 | |
| GetColorsForConditions | 0.272 | 0.016 | 0.290 | |
| GetDetailedNbPeptides | 0.309 | 0.008 | 0.317 | |
| GetDetailedNbPeptidesUsed | 0 | 0 | 0 | |
| GetIndices_BasedOnConditions | 0.300 | 0.004 | 0.305 | |
| GetIndices_MetacellFiltering | 0.307 | 0.012 | 0.319 | |
| GetIndices_WholeLine | 0.309 | 0.004 | 0.314 | |
| GetIndices_WholeMatrix | 0.306 | 0.016 | 0.323 | |
| GetKeyId | 0.294 | 0.016 | 0.310 | |
| GetMatAdj | 0.353 | 0.000 | 0.353 | |
| GetMetacell | 0 | 0 | 0 | |
| GetMetacellTags | 0.300 | 0.004 | 0.304 | |
| GetNbPeptidesUsed | 0.302 | 0.004 | 0.307 | |
| GetSoftAvailables | 0.001 | 0.000 | 0.000 | |
| GetTypeofData | 0.281 | 0.004 | 0.285 | |
| Get_AllComparisons | 0.297 | 0.000 | 0.299 | |
| GlobalQuantileAlignment | 0.318 | 0.000 | 0.322 | |
| GraphPepProt | 0.313 | 0.000 | 0.314 | |
| LH0 | 0 | 0 | 0 | |
| LH0.lm | 0 | 0 | 0 | |
| LH1 | 0.001 | 0.000 | 0.000 | |
| LH1.lm | 0 | 0 | 0 | |
| LOESS | 1.759 | 0.016 | 1.778 | |
| MeanCentering | 0.326 | 0.000 | 0.327 | |
| MetaCellFiltering | 0.521 | 0.032 | 0.554 | |
| MetacellFilteringScope | 0 | 0 | 0 | |
| Metacell_DIA_NN | 0.564 | 0.024 | 0.590 | |
| Metacell_generic | 0.592 | 0.008 | 0.603 | |
| Metacell_maxquant | 0.566 | 0.016 | 0.583 | |
| Metacell_proline | 0.538 | 0.028 | 0.566 | |
| NumericalFiltering | 0.368 | 0.012 | 0.381 | |
| NumericalgetIndicesOfLinesToRemove | 0.378 | 0.000 | 0.378 | |
| OWAnova | 0.005 | 0.003 | 0.008 | |
| QuantileCentering | 0.316 | 0.000 | 0.317 | |
| SetCC | 1.611 | 0.028 | 1.641 | |
| SetMatAdj | 0.354 | 0.000 | 0.355 | |
| Set_POV_MEC_tags | 0.302 | 0.004 | 0.306 | |
| StringBasedFiltering | 0.337 | 0.004 | 0.341 | |
| StringBasedFiltering2 | 0.336 | 0.000 | 0.337 | |
| SumByColumns | 1.741 | 0.004 | 1.748 | |
| SymFilteringOperators | 0.000 | 0.000 | 0.001 | |
| UpdateMetacellAfterImputation | 0.317 | 0.004 | 0.324 | |
| aggregateIter | 0.505 | 0.000 | 0.507 | |
| aggregateIterParallel | 0 | 0 | 0 | |
| aggregateMean | 0.435 | 0.004 | 0.439 | |
| aggregateSum | 0.430 | 0.004 | 0.435 | |
| aggregateTopn | 0.390 | 0.000 | 0.392 | |
| applyAnovasOnProteins | 0.090 | 0.000 | 0.092 | |
| averageIntensities | 0.532 | 0.040 | 0.698 | |
| barplotEnrichGO_HC | 18.184 | 2.385 | 29.664 | |