| Back to Multiple platform build/check report for BioC 3.18: simplified long |
|
This page was generated on 2023-11-02 11:40:34 -0400 (Thu, 02 Nov 2023).
| Hostname | OS | Arch (*) | R version | Installed pkgs |
|---|---|---|---|---|
| nebbiolo2 | Linux (Ubuntu 22.04.2 LTS) | x86_64 | 4.3.1 (2023-06-16) -- "Beagle Scouts" | 4729 |
| palomino4 | Windows Server 2022 Datacenter | x64 | 4.3.1 (2023-06-16 ucrt) -- "Beagle Scouts" | 4463 |
| lconway | macOS 12.6.5 Monterey | x86_64 | 4.3.1 Patched (2023-06-17 r84564) -- "Beagle Scouts" | 4478 |
| kunpeng2 | Linux (openEuler 22.03 LTS-SP1) | aarch64 | 4.3.1 (2023-06-16) -- "Beagle Scouts" | 4464 |
| Click on any hostname to see more info about the system (e.g. compilers) (*) as reported by 'uname -p', except on Windows and Mac OS X | ||||
| Package 472/2266 | Hostname | OS / Arch | INSTALL | BUILD | CHECK | BUILD BIN | ||||||||
| CTDquerier 2.10.0 (landing page) Xavier Escribà-Montagut
| nebbiolo2 | Linux (Ubuntu 22.04.2 LTS) / x86_64 | OK | OK | WARNINGS | |||||||||
| palomino4 | Windows Server 2022 Datacenter / x64 | OK | OK | WARNINGS | OK | |||||||||
| lconway | macOS 12.6.5 Monterey / x86_64 | OK | OK | WARNINGS | OK | |||||||||
| kjohnson1 | macOS 13.6.1 Ventura / arm64 | see weekly results here | ||||||||||||
| kunpeng2 | Linux (openEuler 22.03 LTS-SP1) / aarch64 | OK | OK | WARNINGS | ||||||||||
|
To the developers/maintainers of the CTDquerier package: - Allow up to 24 hours (and sometimes 48 hours) for your latest push to git@git.bioconductor.org:packages/CTDquerier.git to reflect on this report. See Troubleshooting Build Report for more information. - Use the following Renviron settings to reproduce errors and warnings. - If 'R CMD check' started to fail recently on the Linux builder(s) over a missing dependency, add the missing dependency to 'Suggests:' in your DESCRIPTION file. See Renviron.bioc for more information. - See Martin Grigorov's blog post for how to debug Linux ARM64 related issues on a x86_64 host. |
| Package: CTDquerier |
| Version: 2.10.0 |
| Command: /home/biocbuild/R/R-4.3.1/bin/R CMD check --install=check:CTDquerier.install-out.txt --library=/home/biocbuild/R/R-4.3.1/site-library --no-vignettes --timings CTDquerier_2.10.0.tar.gz |
| StartedAt: 2023-11-02 09:42:03 -0000 (Thu, 02 Nov 2023) |
| EndedAt: 2023-11-02 09:44:36 -0000 (Thu, 02 Nov 2023) |
| EllapsedTime: 152.9 seconds |
| RetCode: 0 |
| Status: WARNINGS |
| CheckDir: CTDquerier.Rcheck |
| Warnings: 1 |
##############################################################################
##############################################################################
###
### Running command:
###
### /home/biocbuild/R/R-4.3.1/bin/R CMD check --install=check:CTDquerier.install-out.txt --library=/home/biocbuild/R/R-4.3.1/site-library --no-vignettes --timings CTDquerier_2.10.0.tar.gz
###
##############################################################################
##############################################################################
* using log directory ‘/home/biocbuild/bbs-3.18-bioc/meat/CTDquerier.Rcheck’
* using R version 4.3.1 (2023-06-16)
* using platform: aarch64-unknown-linux-gnu (64-bit)
* R was compiled by
gcc (GCC) 10.3.1
GNU Fortran (GCC) 10.3.1
* running under: openEuler 22.03 (LTS-SP1)
* using session charset: UTF-8
* using option ‘--no-vignettes’
* checking for file ‘CTDquerier/DESCRIPTION’ ... OK
* this is package ‘CTDquerier’ version ‘2.10.0’
* package encoding: UTF-8
* checking package namespace information ... OK
* checking package dependencies ... OK
* checking if this is a source package ... OK
* checking if there is a namespace ... OK
* checking for hidden files and directories ... OK
* checking for portable file names ... OK
* checking for sufficient/correct file permissions ... OK
* checking whether package ‘CTDquerier’ can be installed ... OK
* checking installed package size ... OK
* checking package directory ... OK
* checking DESCRIPTION meta-information ... OK
* checking top-level files ... OK
* checking for left-over files ... OK
* checking index information ... OK
* checking package subdirectories ... OK
* checking R files for non-ASCII characters ... OK
* checking R files for syntax errors ... OK
* checking whether the package can be loaded ... OK
* checking whether the package can be loaded with stated dependencies ... OK
* checking whether the package can be unloaded cleanly ... OK
* checking whether the namespace can be loaded with stated dependencies ... OK
* checking whether the namespace can be unloaded cleanly ... OK
* checking loading without being on the library search path ... OK
* checking dependencies in R code ... OK
* checking S3 generic/method consistency ... OK
* checking replacement functions ... OK
* checking foreign function calls ... OK
* checking R code for possible problems ... OK
* checking Rd files ... OK
* checking Rd metadata ... OK
* checking Rd cross-references ... OK
* checking for missing documentation entries ... OK
* checking for code/documentation mismatches ... OK
* checking Rd \usage sections ... OK
* checking Rd contents ... OK
* checking for unstated dependencies in examples ... OK
* checking contents of ‘data’ directory ... OK
* checking data for non-ASCII characters ... NOTE
Note: found 176 marked UTF-8 strings
* checking data for ASCII and uncompressed saves ... OK
* checking files in ‘vignettes’ ... WARNING
Files in the 'vignettes' directory but no files in 'inst/doc':
‘batch_query.Rmd’ ‘biomed-central.csl’ ‘case_study.Rmd’
‘case_study.bib’ ‘img/01_CTDbase.png’ ‘img/02_XKR4_keyword.png’
‘img/03_BatchQuery.png’ ‘vignette.Rmd’
* checking examples ... OK
Examples with CPU (user + system) or elapsed time > 5s
user system elapsed
load_ctd_gene 14.066 0.230 14.356
query_ctd_gene 10.040 1.089 19.141
enrich-methods 8.247 0.459 10.203
query_ctd_chem 5.706 1.372 12.575
query_ctd_dise 1.594 2.225 6.803
* checking PDF version of manual ... OK
* DONE
Status: 1 WARNING, 1 NOTE
See
‘/home/biocbuild/bbs-3.18-bioc/meat/CTDquerier.Rcheck/00check.log’
for details.
CTDquerier.Rcheck/00install.out
############################################################################## ############################################################################## ### ### Running command: ### ### /home/biocbuild/R/R-4.3.1/bin/R CMD INSTALL CTDquerier ### ############################################################################## ############################################################################## * installing to library ‘/home/biocbuild/R/R-4.3.1/site-library’ * installing *source* package ‘CTDquerier’ ... ** using staged installation ** R ** data ** inst ** byte-compile and prepare package for lazy loading ** help *** installing help indices ** building package indices ** installing vignettes ** testing if installed package can be loaded from temporary location ** testing if installed package can be loaded from final location ** testing if installed package keeps a record of temporary installation path * DONE (CTDquerier)
CTDquerier.Rcheck/CTDquerier-Ex.timings
| name | user | system | elapsed | |
| download_ctd_chem | 1.392 | 0.121 | 1.688 | |
| download_ctd_dise | 0.203 | 0.000 | 0.203 | |
| download_ctd_genes | 0.184 | 0.000 | 0.185 | |
| enrich-methods | 8.247 | 0.459 | 10.203 | |
| gala | 1.490 | 0.775 | 3.189 | |
| get_table-methods | 1.571 | 0.052 | 1.628 | |
| get_terms-methods | 1.058 | 0.036 | 1.097 | |
| leaf_plot | 0.682 | 0.052 | 0.753 | |
| load_ctd_chem | 3.525 | 0.080 | 3.625 | |
| load_ctd_dise | 0.976 | 0.047 | 1.028 | |
| load_ctd_gene | 14.066 | 0.230 | 14.356 | |
| query_ctd_chem | 5.706 | 1.372 | 12.575 | |
| query_ctd_dise | 1.594 | 2.225 | 6.803 | |
| query_ctd_gene | 10.040 | 1.089 | 19.141 | |