| Back to Multiple platform build/check report for BioC 3.18: simplified long |
|
This page was generated on 2023-11-02 11:40:24 -0400 (Thu, 02 Nov 2023).
| Hostname | OS | Arch (*) | R version | Installed pkgs |
|---|---|---|---|---|
| nebbiolo2 | Linux (Ubuntu 22.04.2 LTS) | x86_64 | 4.3.1 (2023-06-16) -- "Beagle Scouts" | 4729 |
| palomino4 | Windows Server 2022 Datacenter | x64 | 4.3.1 (2023-06-16 ucrt) -- "Beagle Scouts" | 4463 |
| lconway | macOS 12.6.5 Monterey | x86_64 | 4.3.1 Patched (2023-06-17 r84564) -- "Beagle Scouts" | 4478 |
| kunpeng2 | Linux (openEuler 22.03 LTS-SP1) | aarch64 | 4.3.1 (2023-06-16) -- "Beagle Scouts" | 4464 |
| Click on any hostname to see more info about the system (e.g. compilers) (*) as reported by 'uname -p', except on Windows and Mac OS X | ||||
| Package 83/2266 | Hostname | OS / Arch | INSTALL | BUILD | CHECK | BUILD BIN | ||||||||
| APAlyzer 1.16.0 (landing page) Ruijia Wang
| nebbiolo2 | Linux (Ubuntu 22.04.2 LTS) / x86_64 | OK | OK | WARNINGS | |||||||||
| palomino4 | Windows Server 2022 Datacenter / x64 | OK | OK | WARNINGS | OK | |||||||||
| lconway | macOS 12.6.5 Monterey / x86_64 | OK | OK | WARNINGS | OK | |||||||||
| kjohnson1 | macOS 13.6.1 Ventura / arm64 | see weekly results here | ||||||||||||
| kunpeng2 | Linux (openEuler 22.03 LTS-SP1) / aarch64 | OK | OK | ERROR | ||||||||||
|
To the developers/maintainers of the APAlyzer package: - Allow up to 24 hours (and sometimes 48 hours) for your latest push to git@git.bioconductor.org:packages/APAlyzer.git to reflect on this report. See Troubleshooting Build Report for more information. - Use the following Renviron settings to reproduce errors and warnings. - If 'R CMD check' started to fail recently on the Linux builder(s) over a missing dependency, add the missing dependency to 'Suggests:' in your DESCRIPTION file. See Renviron.bioc for more information. - See Martin Grigorov's blog post for how to debug Linux ARM64 related issues on a x86_64 host. |
| Package: APAlyzer |
| Version: 1.16.0 |
| Command: /home/biocbuild/R/R-4.3.1/bin/R CMD check --install=check:APAlyzer.install-out.txt --library=/home/biocbuild/R/R-4.3.1/site-library --no-vignettes --timings APAlyzer_1.16.0.tar.gz |
| StartedAt: 2023-11-02 08:21:33 -0000 (Thu, 02 Nov 2023) |
| EndedAt: 2023-11-02 08:30:37 -0000 (Thu, 02 Nov 2023) |
| EllapsedTime: 544.5 seconds |
| RetCode: 1 |
| Status: ERROR |
| CheckDir: APAlyzer.Rcheck |
| Warnings: NA |
##############################################################################
##############################################################################
###
### Running command:
###
### /home/biocbuild/R/R-4.3.1/bin/R CMD check --install=check:APAlyzer.install-out.txt --library=/home/biocbuild/R/R-4.3.1/site-library --no-vignettes --timings APAlyzer_1.16.0.tar.gz
###
##############################################################################
##############################################################################
* using log directory ‘/home/biocbuild/bbs-3.18-bioc/meat/APAlyzer.Rcheck’
* using R version 4.3.1 (2023-06-16)
* using platform: aarch64-unknown-linux-gnu (64-bit)
* R was compiled by
gcc (GCC) 10.3.1
GNU Fortran (GCC) 10.3.1
* running under: openEuler 22.03 (LTS-SP1)
* using session charset: UTF-8
* using option ‘--no-vignettes’
* checking for file ‘APAlyzer/DESCRIPTION’ ... OK
* checking extension type ... Package
* this is package ‘APAlyzer’ version ‘1.16.0’
* package encoding: UTF-8
* checking package namespace information ... OK
* checking package dependencies ... OK
* checking if this is a source package ... OK
* checking if there is a namespace ... OK
* checking for hidden files and directories ... NOTE
Found the following hidden files and directories:
.BBSoptions
.travis.yml
These were most likely included in error. See section ‘Package
structure’ in the ‘Writing R Extensions’ manual.
* checking for portable file names ... OK
* checking for sufficient/correct file permissions ... OK
* checking whether package ‘APAlyzer’ can be installed ... OK
* checking installed package size ... OK
* checking package directory ... OK
* checking ‘build’ directory ... OK
* checking DESCRIPTION meta-information ... OK
* checking top-level files ... NOTE
File
LICENSE
is not mentioned in the DESCRIPTION file.
* checking for left-over files ... OK
* checking index information ... OK
* checking package subdirectories ... OK
* checking R files for non-ASCII characters ... OK
* checking R files for syntax errors ... OK
* checking whether the package can be loaded ... OK
* checking whether the package can be loaded with stated dependencies ... OK
* checking whether the package can be unloaded cleanly ... OK
* checking whether the namespace can be loaded with stated dependencies ... OK
* checking whether the namespace can be unloaded cleanly ... OK
* checking loading without being on the library search path ... OK
* checking dependencies in R code ... WARNING
'library' or 'require' call not declared from: ‘HybridMTest’
'library' or 'require' call to ‘HybridMTest’ in package code.
Please use :: or requireNamespace() instead.
See section 'Suggested packages' in the 'Writing R Extensions' manual.
* checking S3 generic/method consistency ... OK
* checking replacement functions ... OK
* checking foreign function calls ... OK
* checking R code for possible problems ... NOTE
.GTF2LE: no visible binding for global variable ‘group_name’
.GTF2refUTRraw: no visible binding for global variable ‘GENEID’
.annotatePASRegion: no visible global function definition for
‘queryHits’
APABox: no visible binding for global variable ‘APAreg’
APABox: no visible binding for global variable ‘RED’
APAVolcano: no visible binding for global variable ‘APAreg’
APAVolcano: no visible binding for global variable ‘color’
PASEXP_IPA: no visible global function definition for ‘Print’
ThreeMostPairBam: no visible global function definition for ‘Print’
download_testbam: no visible global function definition for
‘download.file’
Undefined global functions or variables:
APAreg GENEID Print RED color download.file group_name queryHits
Consider adding
importFrom("utils", "download.file")
to your NAMESPACE file.
* checking Rd files ... NOTE
prepare_Rd: download_testbam.Rd:7-8: Dropping empty section \arguments
* checking Rd metadata ... OK
* checking Rd cross-references ... OK
* checking for missing documentation entries ... OK
* checking for code/documentation mismatches ... OK
* checking Rd \usage sections ... OK
* checking Rd contents ... OK
* checking for unstated dependencies in examples ... OK
* checking files in ‘vignettes’ ... OK
* checking examples ... ERROR
Running examples in ‘APAlyzer-Ex.R’ failed
The error most likely occurred in:
> base::assign(".ptime", proc.time(), pos = "CheckExEnv")
> ### Name: PAS2GEF
> ### Title: PAS2GEF, build reference regions for 3'UTR PASs
> ### Aliases: PAS2GEF
>
> ### ** Examples
>
> ## build Reference ranges for 3'UTR PASs in mouse
> download.file(url='ftp://ftp.ensembl.org/pub/release-99/gtf/mus_musculus/Mus_musculus.GRCm38.99.gtf.gz',
+ destfile='Mus_musculus.GRCm38.99.gtf.gz')
trying URL 'ftp://ftp.ensembl.org/pub/release-99/gtf/mus_musculus/Mus_musculus.GRCm38.99.gtf.gz'
Content type 'unknown' length 30321565 bytes (28.9 MB)
================================================
* checking for unstated dependencies in ‘tests’ ... OK
* checking tests ...
Running ‘runTests.R’/home/biocbuild/R/R-4.3.1/bin/BATCH: line 60: 358531 Killed ${R_HOME}/bin/R -f ${in} ${opts} ${R_BATCH_OPTIONS} > ${out} 2>&1
ERROR
Running the tests in ‘tests/runTests.R’ failed.
Last 13 lines of output:
|| Meta-features : 222 ||
|| Chromosomes/contigs : 1 ||
|| ||
|| Process BAM file SRR316185.bam... ||
|| Strand specific : stranded ||
|| Single-end reads are included. ||
|| Total alignments : 437626 ||
|| Successfully assigned alignments : 23378 (5.3%) ||
|| Running time : 0.01 minutes ||
|| ||
|| Write the final count table. ||
|| Write the read assignment summary. ||
|| ||
\\============================================================================//
* checking for unstated dependencies in vignettes ... OK
* checking package vignettes in ‘inst/doc’ ... OK
* checking running R code from vignettes ... SKIPPED
* checking re-building of vignette outputs ... SKIPPED
* checking PDF version of manual ... OK
* DONE
Status: 2 ERRORs, 1 WARNING, 4 NOTEs
See
‘/home/biocbuild/bbs-3.18-bioc/meat/APAlyzer.Rcheck/00check.log’
for details.
APAlyzer.Rcheck/00install.out
############################################################################## ############################################################################## ### ### Running command: ### ### /home/biocbuild/R/R-4.3.1/bin/R CMD INSTALL APAlyzer ### ############################################################################## ############################################################################## * installing to library ‘/home/biocbuild/R/R-4.3.1/site-library’ * installing *source* package ‘APAlyzer’ ... ** using staged installation ** R ** inst ** byte-compile and prepare package for lazy loading ** help *** installing help indices ** building package indices ** installing vignettes ** testing if installed package can be loaded from temporary location ** testing if installed package can be loaded from final location ** testing if installed package keeps a record of temporary installation path * DONE (APAlyzer)
APAlyzer.Rcheck/tests/runTests.Rout.fail
R version 4.3.1 (2023-06-16) -- "Beagle Scouts"
Copyright (C) 2023 The R Foundation for Statistical Computing
Platform: aarch64-unknown-linux-gnu (64-bit)
R is free software and comes with ABSOLUTELY NO WARRANTY.
You are welcome to redistribute it under certain conditions.
Type 'license()' or 'licence()' for distribution details.
R is a collaborative project with many contributors.
Type 'contributors()' for more information and
'citation()' on how to cite R or R packages in publications.
Type 'demo()' for some demos, 'help()' for on-line help, or
'help.start()' for an HTML browser interface to help.
Type 'q()' to quit R.
> require("APAlyzer") || stop("unable to load Package:APAlyzer")
Loading required package: APAlyzer
[1] TRUE
> require("GenomicRanges") || stop("unable to load Package:GenomicRanges")
Loading required package: GenomicRanges
Loading required package: stats4
Loading required package: BiocGenerics
Attaching package: 'BiocGenerics'
The following objects are masked from 'package:stats':
IQR, mad, sd, var, xtabs
The following objects are masked from 'package:base':
Filter, Find, Map, Position, Reduce, anyDuplicated, aperm, append,
as.data.frame, basename, cbind, colnames, dirname, do.call,
duplicated, eval, evalq, get, grep, grepl, intersect, is.unsorted,
lapply, mapply, match, mget, order, paste, pmax, pmax.int, pmin,
pmin.int, rank, rbind, rownames, sapply, setdiff, sort, table,
tapply, union, unique, unsplit, which.max, which.min
Loading required package: S4Vectors
Attaching package: 'S4Vectors'
The following object is masked from 'package:utils':
findMatches
The following objects are masked from 'package:base':
I, expand.grid, unname
Loading required package: IRanges
Loading required package: GenomeInfoDb
[1] TRUE
> require("GenomicFeatures") || stop("unable to load Package:GenomicFeatures")
Loading required package: GenomicFeatures
Loading required package: AnnotationDbi
Loading required package: Biobase
Welcome to Bioconductor
Vignettes contain introductory material; view with
'browseVignettes()'. To cite Bioconductor, see
'citation("Biobase")', and for packages 'citation("pkgname")'.
[1] TRUE
> require("GenomicAlignments") || stop("unable to load Package:GenomicAlignments")
Loading required package: GenomicAlignments
Loading required package: SummarizedExperiment
Loading required package: MatrixGenerics
Loading required package: matrixStats
Attaching package: 'matrixStats'
The following objects are masked from 'package:Biobase':
anyMissing, rowMedians
Attaching package: 'MatrixGenerics'
The following objects are masked from 'package:matrixStats':
colAlls, colAnyNAs, colAnys, colAvgsPerRowSet, colCollapse,
colCounts, colCummaxs, colCummins, colCumprods, colCumsums,
colDiffs, colIQRDiffs, colIQRs, colLogSumExps, colMadDiffs,
colMads, colMaxs, colMeans2, colMedians, colMins, colOrderStats,
colProds, colQuantiles, colRanges, colRanks, colSdDiffs, colSds,
colSums2, colTabulates, colVarDiffs, colVars, colWeightedMads,
colWeightedMeans, colWeightedMedians, colWeightedSds,
colWeightedVars, rowAlls, rowAnyNAs, rowAnys, rowAvgsPerColSet,
rowCollapse, rowCounts, rowCummaxs, rowCummins, rowCumprods,
rowCumsums, rowDiffs, rowIQRDiffs, rowIQRs, rowLogSumExps,
rowMadDiffs, rowMads, rowMaxs, rowMeans2, rowMedians, rowMins,
rowOrderStats, rowProds, rowQuantiles, rowRanges, rowRanks,
rowSdDiffs, rowSds, rowSums2, rowTabulates, rowVarDiffs, rowVars,
rowWeightedMads, rowWeightedMeans, rowWeightedMedians,
rowWeightedSds, rowWeightedVars
The following object is masked from 'package:Biobase':
rowMedians
Loading required package: Biostrings
Loading required package: XVector
Attaching package: 'Biostrings'
The following object is masked from 'package:base':
strsplit
Loading required package: Rsamtools
[1] TRUE
> require("DESeq2") || stop("unable to load Package:DESeq2")
Loading required package: DESeq2
[1] TRUE
> require("SummarizedExperiment") || stop("unable to load Package:SummarizedExperiment")
[1] TRUE
> require("Rsubread") || stop("unable to load Package:Rsubread")
Loading required package: Rsubread
[1] TRUE
> require("stats") || stop("unable to load Package:stats")
[1] TRUE
> require("testthat") || stop("unable to load testthat")
Loading required package: testthat
[1] TRUE
> test_check("APAlyzer")
[1] "SRR316184, Strand: forward, finished"
[1] "SRR316185, Strand: forward, finished"
[1] "SRR316186, Strand: forward, finished"
[1] "SRR316187, Strand: forward, finished"
[1] "SRR316188, Strand: forward, finished"
[1] "SRR316189, Strand: forward, finished"
========== _____ _ _ ____ _____ ______ _____
===== / ____| | | | _ \| __ \| ____| /\ | __ \
===== | (___ | | | | |_) | |__) | |__ / \ | | | |
==== \___ \| | | | _ <| _ /| __| / /\ \ | | | |
==== ____) | |__| | |_) | | \ \| |____ / ____ \| |__| |
========== |_____/ \____/|____/|_| \_\______/_/ \_\_____/
Rsubread 2.16.0
//========================== featureCounts setting ===========================\\
|| ||
|| Input files : 1 BAM file ||
|| ||
|| SRR316184.bam ||
|| ||
|| Paired-end : no ||
|| Count read pairs : no ||
|| Annotation : R data.frame ||
|| Dir for temp files : . ||
|| Threads : 1 ||
|| Level : meta-feature level ||
|| Multimapping reads : counted ||
|| Multi-overlapping reads : counted ||
|| Min overlapping bases : 1 ||
|| ||
\\============================================================================//
//================================= Running ==================================\\
|| ||
|| Load annotation file .Rsubread_UserProvidedAnnotation_pid358531 ... ||
|| Features : 536 ||
|| Meta-features : 536 ||
|| Chromosomes/contigs : 1 ||
|| ||
|| Process BAM file SRR316184.bam... ||
|| Strand specific : stranded ||
|| Single-end reads are included. ||
|| Total alignments : 422429 ||
|| Successfully assigned alignments : 6262 (1.5%) ||
|| Running time : 0.01 minutes ||
|| ||
|| Write the final count table. ||
|| Write the read assignment summary. ||
|| ||
\\============================================================================//
========== _____ _ _ ____ _____ ______ _____
===== / ____| | | | _ \| __ \| ____| /\ | __ \
===== | (___ | | | | |_) | |__) | |__ / \ | | | |
==== \___ \| | | | _ <| _ /| __| / /\ \ | | | |
==== ____) | |__| | |_) | | \ \| |____ / ____ \| |__| |
========== |_____/ \____/|____/|_| \_\______/_/ \_\_____/
Rsubread 2.16.0
//========================== featureCounts setting ===========================\\
|| ||
|| Input files : 1 BAM file ||
|| ||
|| SRR316184.bam ||
|| ||
|| Paired-end : no ||
|| Count read pairs : no ||
|| Annotation : R data.frame ||
|| Dir for temp files : . ||
|| Threads : 1 ||
|| Level : meta-feature level ||
|| Multimapping reads : counted ||
|| Multi-overlapping reads : counted ||
|| Min overlapping bases : 1 ||
|| ||
\\============================================================================//
//================================= Running ==================================\\
|| ||
|| Load annotation file .Rsubread_UserProvidedAnnotation_pid358531 ... ||
|| Features : 536 ||
|| Meta-features : 536 ||
|| Chromosomes/contigs : 1 ||
|| ||
|| Process BAM file SRR316184.bam... ||
|| Strand specific : stranded ||
|| Single-end reads are included. ||
|| Total alignments : 422429 ||
|| Successfully assigned alignments : 6258 (1.5%) ||
|| Running time : 0.01 minutes ||
|| ||
|| Write the final count table. ||
|| Write the read assignment summary. ||
|| ||
\\============================================================================//
========== _____ _ _ ____ _____ ______ _____
===== / ____| | | | _ \| __ \| ____| /\ | __ \
===== | (___ | | | | |_) | |__) | |__ / \ | | | |
==== \___ \| | | | _ <| _ /| __| / /\ \ | | | |
==== ____) | |__| | |_) | | \ \| |____ / ____ \| |__| |
========== |_____/ \____/|____/|_| \_\______/_/ \_\_____/
Rsubread 2.16.0
//========================== featureCounts setting ===========================\\
|| ||
|| Input files : 1 BAM file ||
|| ||
|| SRR316184.bam ||
|| ||
|| Paired-end : no ||
|| Count read pairs : no ||
|| Annotation : R data.frame ||
|| Dir for temp files : . ||
|| Threads : 1 ||
|| Level : meta-feature level ||
|| Multimapping reads : counted ||
|| Multi-overlapping reads : counted ||
|| Min overlapping bases : 1 ||
|| ||
\\============================================================================//
//================================= Running ==================================\\
|| ||
|| Load annotation file .Rsubread_UserProvidedAnnotation_pid358531 ... ||
|| Features : 222 ||
|| Meta-features : 222 ||
|| Chromosomes/contigs : 1 ||
|| ||
|| Process BAM file SRR316184.bam... ||
|| Strand specific : stranded ||
|| Single-end reads are included. ||
|| Total alignments : 422429 ||
|| Successfully assigned alignments : 22878 (5.4%) ||
|| Running time : 0.01 minutes ||
|| ||
|| Write the final count table. ||
|| Write the read assignment summary. ||
|| ||
\\============================================================================//
[1] "SRR316184, Strand: forward, finished"
========== _____ _ _ ____ _____ ______ _____
===== / ____| | | | _ \| __ \| ____| /\ | __ \
===== | (___ | | | | |_) | |__) | |__ / \ | | | |
==== \___ \| | | | _ <| _ /| __| / /\ \ | | | |
==== ____) | |__| | |_) | | \ \| |____ / ____ \| |__| |
========== |_____/ \____/|____/|_| \_\______/_/ \_\_____/
Rsubread 2.16.0
//========================== featureCounts setting ===========================\\
|| ||
|| Input files : 1 BAM file ||
|| ||
|| SRR316185.bam ||
|| ||
|| Paired-end : no ||
|| Count read pairs : no ||
|| Annotation : R data.frame ||
|| Dir for temp files : . ||
|| Threads : 1 ||
|| Level : meta-feature level ||
|| Multimapping reads : counted ||
|| Multi-overlapping reads : counted ||
|| Min overlapping bases : 1 ||
|| ||
\\============================================================================//
//================================= Running ==================================\\
|| ||
|| Load annotation file .Rsubread_UserProvidedAnnotation_pid358531 ... ||
|| Features : 536 ||
|| Meta-features : 536 ||
|| Chromosomes/contigs : 1 ||
|| ||
|| Process BAM file SRR316185.bam... ||
|| Strand specific : stranded ||
|| Single-end reads are included. ||
|| Total alignments : 437626 ||
|| Successfully assigned alignments : 5390 (1.2%) ||
|| Running time : 0.01 minutes ||
|| ||
|| Write the final count table. ||
|| Write the read assignment summary. ||
|| ||
\\============================================================================//
========== _____ _ _ ____ _____ ______ _____
===== / ____| | | | _ \| __ \| ____| /\ | __ \
===== | (___ | | | | |_) | |__) | |__ / \ | | | |
==== \___ \| | | | _ <| _ /| __| / /\ \ | | | |
==== ____) | |__| | |_) | | \ \| |____ / ____ \| |__| |
========== |_____/ \____/|____/|_| \_\______/_/ \_\_____/
Rsubread 2.16.0
//========================== featureCounts setting ===========================\\
|| ||
|| Input files : 1 BAM file ||
|| ||
|| SRR316185.bam ||
|| ||
|| Paired-end : no ||
|| Count read pairs : no ||
|| Annotation : R data.frame ||
|| Dir for temp files : . ||
|| Threads : 1 ||
|| Level : meta-feature level ||
|| Multimapping reads : counted ||
|| Multi-overlapping reads : counted ||
|| Min overlapping bases : 1 ||
|| ||
\\============================================================================//
//================================= Running ==================================\\
|| ||
|| Load annotation file .Rsubread_UserProvidedAnnotation_pid358531 ... ||
|| Features : 536 ||
|| Meta-features : 536 ||
|| Chromosomes/contigs : 1 ||
|| ||
|| Process BAM file SRR316185.bam... ||
|| Strand specific : stranded ||
|| Single-end reads are included. ||
|| Total alignments : 437626 ||
|| Successfully assigned alignments : 5387 (1.2%) ||
|| Running time : 0.01 minutes ||
|| ||
|| Write the final count table. ||
|| Write the read assignment summary. ||
|| ||
\\============================================================================//
========== _____ _ _ ____ _____ ______ _____
===== / ____| | | | _ \| __ \| ____| /\ | __ \
===== | (___ | | | | |_) | |__) | |__ / \ | | | |
==== \___ \| | | | _ <| _ /| __| / /\ \ | | | |
==== ____) | |__| | |_) | | \ \| |____ / ____ \| |__| |
========== |_____/ \____/|____/|_| \_\______/_/ \_\_____/
Rsubread 2.16.0
//========================== featureCounts setting ===========================\\
|| ||
|| Input files : 1 BAM file ||
|| ||
|| SRR316185.bam ||
|| ||
|| Paired-end : no ||
|| Count read pairs : no ||
|| Annotation : R data.frame ||
|| Dir for temp files : . ||
|| Threads : 1 ||
|| Level : meta-feature level ||
|| Multimapping reads : counted ||
|| Multi-overlapping reads : counted ||
|| Min overlapping bases : 1 ||
|| ||
\\============================================================================//
//================================= Running ==================================\\
|| ||
|| Load annotation file .Rsubread_UserProvidedAnnotation_pid358531 ... ||
|| Features : 222 ||
|| Meta-features : 222 ||
|| Chromosomes/contigs : 1 ||
|| ||
|| Process BAM file SRR316185.bam... ||
|| Strand specific : stranded ||
|| Single-end reads are included. ||
|| Total alignments : 437626 ||
|| Successfully assigned alignments : 23378 (5.3%) ||
|| Running time : 0.01 minutes ||
|| ||
|| Write the final count table. ||
|| Write the read assignment summary. ||
|| ||
\\============================================================================//
APAlyzer.Rcheck/APAlyzer-Ex.timings
| name | user | system | elapsed | |
| APABox | 0.600 | 0.015 | 0.623 | |
| APAVolcano | 0.690 | 0.020 | 0.712 | |
| APAdiff | 2.145 | 0.527 | 3.027 | |
| GENEXP_CDS | 15.324 | 3.222 | 19.214 | |