| Back to Multiple platform build/check report for BioC 3.18: simplified long |
|
This page was generated on 2023-11-02 11:40:23 -0400 (Thu, 02 Nov 2023).
| Hostname | OS | Arch (*) | R version | Installed pkgs |
|---|---|---|---|---|
| nebbiolo2 | Linux (Ubuntu 22.04.2 LTS) | x86_64 | 4.3.1 (2023-06-16) -- "Beagle Scouts" | 4729 |
| palomino4 | Windows Server 2022 Datacenter | x64 | 4.3.1 (2023-06-16 ucrt) -- "Beagle Scouts" | 4463 |
| lconway | macOS 12.6.5 Monterey | x86_64 | 4.3.1 Patched (2023-06-17 r84564) -- "Beagle Scouts" | 4478 |
| kunpeng2 | Linux (openEuler 22.03 LTS-SP1) | aarch64 | 4.3.1 (2023-06-16) -- "Beagle Scouts" | 4464 |
| Click on any hostname to see more info about the system (e.g. compilers) (*) as reported by 'uname -p', except on Windows and Mac OS X | ||||
| Package 18/2266 | Hostname | OS / Arch | INSTALL | BUILD | CHECK | BUILD BIN | ||||||||
| ADImpute 1.12.0 (landing page) Ana Carolina Leote
| nebbiolo2 | Linux (Ubuntu 22.04.2 LTS) / x86_64 | OK | OK | WARNINGS | |||||||||
| palomino4 | Windows Server 2022 Datacenter / x64 | OK | OK | WARNINGS | OK | |||||||||
| lconway | macOS 12.6.5 Monterey / x86_64 | OK | OK | WARNINGS | OK | |||||||||
| kjohnson1 | macOS 13.6.1 Ventura / arm64 | see weekly results here | ||||||||||||
| kunpeng2 | Linux (openEuler 22.03 LTS-SP1) / aarch64 | OK | OK | ERROR | ||||||||||
|
To the developers/maintainers of the ADImpute package: - Allow up to 24 hours (and sometimes 48 hours) for your latest push to git@git.bioconductor.org:packages/ADImpute.git to reflect on this report. See Troubleshooting Build Report for more information. - Use the following Renviron settings to reproduce errors and warnings. - If 'R CMD check' started to fail recently on the Linux builder(s) over a missing dependency, add the missing dependency to 'Suggests:' in your DESCRIPTION file. See Renviron.bioc for more information. - See Martin Grigorov's blog post for how to debug Linux ARM64 related issues on a x86_64 host. |
| Package: ADImpute |
| Version: 1.12.0 |
| Command: /home/biocbuild/R/R-4.3.1/bin/R CMD check --install=check:ADImpute.install-out.txt --library=/home/biocbuild/R/R-4.3.1/site-library --no-vignettes --timings ADImpute_1.12.0.tar.gz |
| StartedAt: 2023-11-02 08:11:24 -0000 (Thu, 02 Nov 2023) |
| EndedAt: 2023-11-02 08:14:32 -0000 (Thu, 02 Nov 2023) |
| EllapsedTime: 188.3 seconds |
| RetCode: 1 |
| Status: ERROR |
| CheckDir: ADImpute.Rcheck |
| Warnings: NA |
##############################################################################
##############################################################################
###
### Running command:
###
### /home/biocbuild/R/R-4.3.1/bin/R CMD check --install=check:ADImpute.install-out.txt --library=/home/biocbuild/R/R-4.3.1/site-library --no-vignettes --timings ADImpute_1.12.0.tar.gz
###
##############################################################################
##############################################################################
* using log directory ‘/home/biocbuild/bbs-3.18-bioc/meat/ADImpute.Rcheck’
* using R version 4.3.1 (2023-06-16)
* using platform: aarch64-unknown-linux-gnu (64-bit)
* R was compiled by
gcc (GCC) 10.3.1
GNU Fortran (GCC) 10.3.1
* running under: openEuler 22.03 (LTS-SP1)
* using session charset: UTF-8
* using option ‘--no-vignettes’
* checking for file ‘ADImpute/DESCRIPTION’ ... OK
* checking extension type ... Package
* this is package ‘ADImpute’ version ‘1.12.0’
* package encoding: UTF-8
* checking package namespace information ... OK
* checking package dependencies ... OK
* checking if this is a source package ... OK
* checking if there is a namespace ... OK
* checking for hidden files and directories ... OK
* checking for portable file names ... OK
* checking for sufficient/correct file permissions ... OK
* checking whether package ‘ADImpute’ can be installed ... OK
* checking installed package size ... OK
* checking package directory ... OK
* checking ‘build’ directory ... OK
* checking DESCRIPTION meta-information ... OK
* checking top-level files ... OK
* checking for left-over files ... OK
* checking index information ... OK
* checking package subdirectories ... OK
* checking R files for non-ASCII characters ... OK
* checking R files for syntax errors ... OK
* checking whether the package can be loaded ... OK
* checking whether the package can be loaded with stated dependencies ... OK
* checking whether the package can be unloaded cleanly ... OK
* checking whether the namespace can be loaded with stated dependencies ... OK
* checking whether the namespace can be unloaded cleanly ... OK
* checking loading without being on the library search path ... OK
* checking dependencies in R code ... WARNING
'::' or ':::' imports not declared from:
‘SCRABBLE’ ‘scImpute’
* checking S3 generic/method consistency ... OK
* checking replacement functions ... OK
* checking foreign function calls ... OK
* checking R code for possible problems ... OK
* checking Rd files ... OK
* checking Rd metadata ... OK
* checking Rd cross-references ... OK
* checking for missing documentation entries ... OK
* checking for code/documentation mismatches ... OK
* checking Rd \usage sections ... OK
* checking Rd contents ... OK
* checking for unstated dependencies in examples ... OK
* checking contents of ‘data’ directory ... OK
* checking data for non-ASCII characters ... OK
* checking LazyData ... OK
* checking data for ASCII and uncompressed saves ... OK
* checking files in ‘vignettes’ ... OK
* checking examples ... OK
Examples with CPU (user + system) or elapsed time > 5s
user system elapsed
Impute 1.095 0.039 5.71
* checking for unstated dependencies in ‘tests’ ... OK
* checking tests ...
Running ‘testthat.R’/home/biocbuild/R/R-4.3.1/bin/BATCH: line 60: 299971 Killed ${R_HOME}/bin/R -f ${in} ${opts} ${R_BATCH_OPTIONS} > ${out} 2>&1
ERROR
Running the tests in ‘tests/testthat.R’ failed.
Last 13 lines of output:
Calculating Spearman distance.
Calculating Pearson distance.
Clustering for k : 10
Clustering for k : 11
Clustering for k : 12
Clustering for k : 13
Clustering for k : 14
Clustering for k : 15
cls object have 12 number of clustering sets.
Zero percentage :
Before impute : 76 percent.
After impute : 42 percent.
34 percent of zeros are imputed.
* checking for unstated dependencies in vignettes ... OK
* checking package vignettes in ‘inst/doc’ ... OK
* checking running R code from vignettes ... SKIPPED
* checking re-building of vignette outputs ... SKIPPED
* checking PDF version of manual ... OK
* DONE
Status: 1 ERROR, 1 WARNING
See
‘/home/biocbuild/bbs-3.18-bioc/meat/ADImpute.Rcheck/00check.log’
for details.
ADImpute.Rcheck/00install.out
############################################################################## ############################################################################## ### ### Running command: ### ### /home/biocbuild/R/R-4.3.1/bin/R CMD INSTALL ADImpute ### ############################################################################## ############################################################################## * installing to library ‘/home/biocbuild/R/R-4.3.1/site-library’ * installing *source* package ‘ADImpute’ ... ** using staged installation ** R ** data *** moving datasets to lazyload DB ** inst ** byte-compile and prepare package for lazy loading ** help *** installing help indices ** building package indices ** installing vignettes ** testing if installed package can be loaded from temporary location ** testing if installed package can be loaded from final location ** testing if installed package keeps a record of temporary installation path * DONE (ADImpute)
ADImpute.Rcheck/tests/testthat.Rout.fail
R version 4.3.1 (2023-06-16) -- "Beagle Scouts"
Copyright (C) 2023 The R Foundation for Statistical Computing
Platform: aarch64-unknown-linux-gnu (64-bit)
R is free software and comes with ABSOLUTELY NO WARRANTY.
You are welcome to redistribute it under certain conditions.
Type 'license()' or 'licence()' for distribution details.
R is a collaborative project with many contributors.
Type 'contributors()' for more information and
'citation()' on how to cite R or R packages in publications.
Type 'demo()' for some demos, 'help()' for on-line help, or
'help.start()' for an HTML browser interface to help.
Type 'q()' to quit R.
> library(testthat)
> library(ADImpute)
>
> test_check("ADImpute")
Calculating Spearman distance.
Calculating Pearson distance.
Clustering for k : 10
Clustering for k : 11
Clustering for k : 12
Clustering for k : 13
Clustering for k : 14
Clustering for k : 15
cls object have 12 number of clustering sets.
Zero percentage :
Before impute : 76 percent.
After impute : 31 percent.
46 percent of zeros are imputed.
Calculating Spearman distance.
Calculating Pearson distance.
Clustering for k : 10
Clustering for k : 11
Clustering for k : 12
Clustering for k : 13
Clustering for k : 14
Clustering for k : 15
cls object have 12 number of clustering sets.
Zero percentage :
Before impute : 84 percent.
After impute : 59 percent.
25 percent of zeros are imputed.
Calculating Spearman distance.
Calculating Pearson distance.
Clustering for k : 10
Clustering for k : 11
Clustering for k : 12
Clustering for k : 13
Clustering for k : 14
Clustering for k : 15
cls object have 12 number of clustering sets.
Zero percentage :
Before impute : 84 percent.
After impute : 63 percent.
22 percent of zeros are imputed.
Calculating Spearman distance.
Calculating Pearson distance.
Clustering for k : 10
Clustering for k : 11
Clustering for k : 12
Clustering for k : 13
Clustering for k : 14
Clustering for k : 15
cls object have 12 number of clustering sets.
Zero percentage :
Before impute : 76 percent.
After impute : 42 percent.
34 percent of zeros are imputed.
ADImpute.Rcheck/ADImpute-Ex.timings
| name | user | system | elapsed | |
| EvaluateMethods | 2.886 | 0.112 | 3.032 | |
| Impute | 1.095 | 0.039 | 5.710 | |
| NormalizeRPM | 0.001 | 0.004 | 0.005 | |
| NormalizeTPM | 1.649 | 0.076 | 1.728 | |
| WriteCSV | 0.004 | 0.000 | 0.006 | |
| WriteTXT | 0.002 | 0.000 | 0.002 | |