| Back to Multiple platform build/check report for BioC 3.16: simplified long |
|
This page was generated on 2023-04-12 11:05:15 -0400 (Wed, 12 Apr 2023).
| Hostname | OS | Arch (*) | R version | Installed pkgs |
|---|---|---|---|---|
| nebbiolo2 | Linux (Ubuntu 20.04.5 LTS) | x86_64 | 4.2.3 (2023-03-15) -- "Shortstop Beagle" | 4502 |
| palomino4 | Windows Server 2022 Datacenter | x64 | 4.2.3 (2023-03-15 ucrt) -- "Shortstop Beagle" | 4282 |
| lconway | macOS 12.5.1 Monterey | x86_64 | 4.2.3 (2023-03-15) -- "Shortstop Beagle" | 4310 |
| Click on any hostname to see more info about the system (e.g. compilers) (*) as reported by 'uname -p', except on Windows and Mac OS X | ||||
|
To the developers/maintainers of the pwOmics package: - Please allow up to 24 hours (and sometimes 48 hours) for your latest push to git@git.bioconductor.org:packages/pwOmics.git to reflect on this report. See How and When does the builder pull? When will my changes propagate? for more information. - Make sure to use the following settings in order to reproduce any error or warning you see on this page. |
| Package 1556/2183 | Hostname | OS / Arch | INSTALL | BUILD | CHECK | BUILD BIN | ||||||||
| pwOmics 1.30.0 (landing page) Maren Sitte
| nebbiolo2 | Linux (Ubuntu 20.04.5 LTS) / x86_64 | OK | OK | WARNINGS | |||||||||
| palomino4 | Windows Server 2022 Datacenter / x64 | OK | OK | WARNINGS | OK | |||||||||
| lconway | macOS 12.5.1 Monterey / x86_64 | OK | OK | WARNINGS | OK | |||||||||
| Package: pwOmics |
| Version: 1.30.0 |
| Command: /home/biocbuild/bbs-3.16-bioc/R/bin/R CMD check --install=check:pwOmics.install-out.txt --library=/home/biocbuild/bbs-3.16-bioc/R/site-library --timings pwOmics_1.30.0.tar.gz |
| StartedAt: 2023-04-10 23:09:53 -0400 (Mon, 10 Apr 2023) |
| EndedAt: 2023-04-10 23:14:18 -0400 (Mon, 10 Apr 2023) |
| EllapsedTime: 264.7 seconds |
| RetCode: 0 |
| Status: WARNINGS |
| CheckDir: pwOmics.Rcheck |
| Warnings: 1 |
##############################################################################
##############################################################################
###
### Running command:
###
### /home/biocbuild/bbs-3.16-bioc/R/bin/R CMD check --install=check:pwOmics.install-out.txt --library=/home/biocbuild/bbs-3.16-bioc/R/site-library --timings pwOmics_1.30.0.tar.gz
###
##############################################################################
##############################################################################
* using log directory ‘/home/biocbuild/bbs-3.16-bioc/meat/pwOmics.Rcheck’
* using R version 4.2.3 (2023-03-15)
* using platform: x86_64-pc-linux-gnu (64-bit)
* using session charset: UTF-8
* checking for file ‘pwOmics/DESCRIPTION’ ... OK
* checking extension type ... Package
* this is package ‘pwOmics’ version ‘1.30.0’
* checking package namespace information ... OK
* checking package dependencies ... OK
* checking if this is a source package ... OK
* checking if there is a namespace ... OK
* checking for hidden files and directories ... OK
* checking for portable file names ... OK
* checking for sufficient/correct file permissions ... OK
* checking whether package ‘pwOmics’ can be installed ... OK
* checking installed package size ... OK
* checking package directory ... OK
* checking DESCRIPTION meta-information ... OK
* checking top-level files ... OK
* checking for left-over files ... OK
* checking index information ... OK
* checking package subdirectories ... OK
* checking R files for non-ASCII characters ... OK
* checking R files for syntax errors ... OK
* checking whether the package can be loaded ... OK
* checking whether the package can be loaded with stated dependencies ... OK
* checking whether the package can be unloaded cleanly ... OK
* checking whether the namespace can be loaded with stated dependencies ... OK
* checking whether the namespace can be unloaded cleanly ... OK
* checking loading without being on the library search path ... OK
* checking dependencies in R code ... OK
* checking S3 generic/method consistency ... OK
* checking replacement functions ... OK
* checking foreign function calls ... OK
* checking R code for possible problems ... NOTE
identifyPWTFTGs: no visible binding for global variable ‘upreg’
identifyPWTFTGs: no visible binding for global variable ‘phosphoeffect’
infoConsensusGraph: no visible global function definition for ‘from’
Undefined global functions or variables:
from phosphoeffect upreg
* checking Rd files ... OK
* checking Rd metadata ... OK
* checking Rd cross-references ... OK
* checking for missing documentation entries ... OK
* checking for code/documentation mismatches ... OK
* checking Rd \usage sections ... WARNING
Documented arguments not in \usage in documentation object 'plotTimeProfileClusters':
‘...’
Documented arguments not in \usage in documentation object 'temp_correlations':
‘...’
Functions with \usage entries need to have the appropriate \alias
entries, and all their arguments documented.
The \usage entries must correspond to syntactically valid R code.
See chapter ‘Writing R documentation files’ in the ‘Writing R
Extensions’ manual.
* checking Rd contents ... OK
* checking for unstated dependencies in examples ... OK
* checking contents of ‘data’ directory ... OK
* checking data for non-ASCII characters ... OK
* checking data for ASCII and uncompressed saves ... OK
* checking examples ... OK
Examples with CPU (user + system) or elapsed time > 5s
user system elapsed
temp_correlations 117.894 1.599 120.257
* checking for unstated dependencies in ‘tests’ ... OK
* checking tests ...
Running ‘runTests.R’
OK
* checking PDF version of manual ... OK
* DONE
Status: 1 WARNING, 1 NOTE
See
‘/home/biocbuild/bbs-3.16-bioc/meat/pwOmics.Rcheck/00check.log’
for details.
pwOmics.Rcheck/00install.out
############################################################################## ############################################################################## ### ### Running command: ### ### /home/biocbuild/bbs-3.16-bioc/R/bin/R CMD INSTALL pwOmics ### ############################################################################## ############################################################################## * installing to library ‘/home/biocbuild/bbs-3.16-bioc/R/site-library’ * installing *source* package ‘pwOmics’ ... ** using staged installation ** R ** data ** inst ** byte-compile and prepare package for lazy loading ** help *** installing help indices ** building package indices ** testing if installed package can be loaded from temporary location ** testing if installed package can be loaded from final location ** testing if installed package keeps a record of temporary installation path * DONE (pwOmics)
pwOmics.Rcheck/tests/runTests.Rout
R version 4.2.3 (2023-03-15) -- "Shortstop Beagle"
Copyright (C) 2023 The R Foundation for Statistical Computing
Platform: x86_64-pc-linux-gnu (64-bit)
R is free software and comes with ABSOLUTELY NO WARRANTY.
You are welcome to redistribute it under certain conditions.
Type 'license()' or 'licence()' for distribution details.
R is a collaborative project with many contributors.
Type 'contributors()' for more information and
'citation()' on how to cite R or R packages in publications.
Type 'demo()' for some demos, 'help()' for on-line help, or
'help.start()' for an HTML browser interface to help.
Type 'q()' to quit R.
> BiocGenerics:::testPackage("pwOmics")
RUNIT TEST PROTOCOL -- Mon Apr 10 23:14:14 2023
***********************************************
Number of test functions: 0
Number of errors: 0
Number of failures: 0
1 Test Suite :
pwOmics RUnit Tests - 0 test functions, 0 errors, 0 failures
Number of test functions: 0
Number of errors: 0
Number of failures: 0
>
> proc.time()
user system elapsed
6.313 0.248 6.548
pwOmics.Rcheck/pwOmics-Ex.timings
| name | user | system | elapsed | |
| clusterTimeProfiles | 0 | 0 | 0 | |
| consDynamicNet | 0 | 0 | 0 | |
| findSignalingAxes | 0.000 | 0.000 | 0.001 | |
| generate_DSSignalingBase | 0 | 0 | 0 | |
| getBiopaxModel | 0 | 0 | 0 | |
| getDS_PWs | 0 | 0 | 0 | |
| getDS_TFs | 0 | 0 | 0 | |
| getDS_TGs | 0 | 0 | 0 | |
| getGenesIntersection | 0 | 0 | 0 | |
| getOmicsDataset | 0 | 0 | 0 | |
| getOmicsTimepoints | 0 | 0 | 0 | |
| getOmicsallGeneIDs | 0 | 0 | 0 | |
| getOmicsallProteinIDs | 0.000 | 0.000 | 0.001 | |
| getProteinIntersection | 0 | 0 | 0 | |
| getTFIntersection | 0.000 | 0.000 | 0.001 | |
| getUS_PWs | 0 | 0 | 0 | |
| getUS_TFs | 0 | 0 | 0 | |
| getUS_regulators | 0 | 0 | 0 | |
| get_matching_transcripts | 0 | 0 | 0 | |
| gettpIntersection | 0 | 0 | 0 | |
| identifyPR | 0 | 0 | 0 | |
| identifyPWTFTGs | 0 | 0 | 0 | |
| identifyPWs | 0.001 | 0.000 | 0.000 | |
| identifyRsofTFs | 0 | 0 | 0 | |
| identifyTFs | 0.001 | 0.000 | 0.000 | |
| infoConsensusGraph | 0 | 0 | 0 | |
| plotConsDynNet | 0.001 | 0.000 | 0.000 | |
| plotConsensusGraph | 0 | 0 | 0 | |
| plotConsensusProfiles | 0.001 | 0.000 | 0.000 | |
| plotTimeProfileClusters | 0 | 0 | 0 | |
| readOmics | 0.001 | 0.000 | 0.000 | |
| readPWdata | 0 | 0 | 0 | |
| readPhosphodata | 0 | 0 | 0 | |
| readTFdata | 0 | 0 | 0 | |
| staticConsensusNet | 0 | 0 | 0 | |
| temp_correlations | 117.894 | 1.599 | 120.257 | |