| Back to Multiple platform build/check report for BioC 3.16: simplified long |
|
This page was generated on 2023-04-12 11:06:20 -0400 (Wed, 12 Apr 2023).
| Hostname | OS | Arch (*) | R version | Installed pkgs |
|---|---|---|---|---|
| nebbiolo2 | Linux (Ubuntu 20.04.5 LTS) | x86_64 | 4.2.3 (2023-03-15) -- "Shortstop Beagle" | 4502 |
| palomino4 | Windows Server 2022 Datacenter | x64 | 4.2.3 (2023-03-15 ucrt) -- "Shortstop Beagle" | 4282 |
| lconway | macOS 12.5.1 Monterey | x86_64 | 4.2.3 (2023-03-15) -- "Shortstop Beagle" | 4310 |
| Click on any hostname to see more info about the system (e.g. compilers) (*) as reported by 'uname -p', except on Windows and Mac OS X | ||||
|
To the developers/maintainers of the plyranges package: - Please allow up to 24 hours (and sometimes 48 hours) for your latest push to git@git.bioconductor.org:packages/plyranges.git to reflect on this report. See How and When does the builder pull? When will my changes propagate? for more information. - Make sure to use the following settings in order to reproduce any error or warning you see on this page. |
| Package 1499/2183 | Hostname | OS / Arch | INSTALL | BUILD | CHECK | BUILD BIN | ||||||||
| plyranges 1.18.0 (landing page) Stuart Lee
| nebbiolo2 | Linux (Ubuntu 20.04.5 LTS) / x86_64 | OK | OK | WARNINGS | |||||||||
| palomino4 | Windows Server 2022 Datacenter / x64 | OK | OK | WARNINGS | OK | |||||||||
| lconway | macOS 12.5.1 Monterey / x86_64 | OK | OK | WARNINGS | OK | |||||||||
| Package: plyranges |
| Version: 1.18.0 |
| Command: /Library/Frameworks/R.framework/Resources/bin/R CMD check --install=check:plyranges.install-out.txt --library=/Library/Frameworks/R.framework/Resources/library --no-vignettes --timings plyranges_1.18.0.tar.gz |
| StartedAt: 2023-04-10 21:54:02 -0400 (Mon, 10 Apr 2023) |
| EndedAt: 2023-04-10 21:58:06 -0400 (Mon, 10 Apr 2023) |
| EllapsedTime: 243.6 seconds |
| RetCode: 0 |
| Status: WARNINGS |
| CheckDir: plyranges.Rcheck |
| Warnings: 1 |
##############################################################################
##############################################################################
###
### Running command:
###
### /Library/Frameworks/R.framework/Resources/bin/R CMD check --install=check:plyranges.install-out.txt --library=/Library/Frameworks/R.framework/Resources/library --no-vignettes --timings plyranges_1.18.0.tar.gz
###
##############################################################################
##############################################################################
* using log directory ‘/Users/biocbuild/bbs-3.16-bioc/meat/plyranges.Rcheck’
* using R version 4.2.3 (2023-03-15)
* using platform: x86_64-apple-darwin17.0 (64-bit)
* using session charset: UTF-8
* using option ‘--no-vignettes’
* checking for file ‘plyranges/DESCRIPTION’ ... OK
* checking extension type ... Package
* this is package ‘plyranges’ version ‘1.18.0’
* package encoding: UTF-8
* checking package namespace information ... OK
* checking package dependencies ... OK
* checking if this is a source package ... OK
* checking if there is a namespace ... OK
* checking for hidden files and directories ... OK
* checking for portable file names ... OK
* checking for sufficient/correct file permissions ... OK
* checking whether package ‘plyranges’ can be installed ... OK
* checking installed package size ... OK
* checking package directory ... OK
* checking ‘build’ directory ... OK
* checking DESCRIPTION meta-information ... OK
* checking top-level files ... OK
* checking for left-over files ... OK
* checking index information ... OK
* checking package subdirectories ... OK
* checking R files for non-ASCII characters ... OK
* checking R files for syntax errors ... OK
* checking whether the package can be loaded ... OK
* checking whether the package can be loaded with stated dependencies ... OK
* checking whether the package can be unloaded cleanly ... OK
* checking whether the namespace can be loaded with stated dependencies ... OK
* checking whether the namespace can be unloaded cleanly ... OK
* checking dependencies in R code ... OK
* checking S3 generic/method consistency ... OK
* checking replacement functions ... OK
* checking foreign function calls ... OK
* checking R code for possible problems ... OK
* checking Rd files ... OK
* checking Rd metadata ... OK
* checking Rd cross-references ... WARNING
Missing link or links in documentation object 'ranges-info.Rd':
‘[GenomeInfoDb:fetchExtendedChromInfoFromUCSC]{GenomeInfoDb::fetchExtendedChromInfoFromUCSC()}’
See section 'Cross-references' in the 'Writing R Extensions' manual.
* checking for missing documentation entries ... OK
* checking for code/documentation mismatches ... OK
* checking Rd \usage sections ... OK
* checking Rd contents ... OK
* checking for unstated dependencies in examples ... OK
* checking files in ‘vignettes’ ... OK
* checking examples ... OK
* checking for unstated dependencies in ‘tests’ ... OK
* checking tests ...
Running ‘testthat.R’
OK
* checking for unstated dependencies in vignettes ... OK
* checking package vignettes in ‘inst/doc’ ... OK
* checking running R code from vignettes ... SKIPPED
* checking re-building of vignette outputs ... SKIPPED
* checking PDF version of manual ... OK
* DONE
Status: 1 WARNING
See
‘/Users/biocbuild/bbs-3.16-bioc/meat/plyranges.Rcheck/00check.log’
for details.
plyranges.Rcheck/00install.out
############################################################################## ############################################################################## ### ### Running command: ### ### /Library/Frameworks/R.framework/Resources/bin/R CMD INSTALL plyranges ### ############################################################################## ############################################################################## * installing to library ‘/Library/Frameworks/R.framework/Versions/4.2/Resources/library’ * installing *source* package ‘plyranges’ ... ** using staged installation ** R ** inst ** byte-compile and prepare package for lazy loading ** help *** installing help indices *** copying figures ** building package indices ** installing vignettes ** testing if installed package can be loaded from temporary location ** testing if installed package can be loaded from final location ** testing if installed package keeps a record of temporary installation path * DONE (plyranges)
plyranges.Rcheck/tests/testthat.Rout
R version 4.2.3 (2023-03-15) -- "Shortstop Beagle"
Copyright (C) 2023 The R Foundation for Statistical Computing
Platform: x86_64-apple-darwin17.0 (64-bit)
R is free software and comes with ABSOLUTELY NO WARRANTY.
You are welcome to redistribute it under certain conditions.
Type 'license()' or 'licence()' for distribution details.
R is a collaborative project with many contributors.
Type 'contributors()' for more information and
'citation()' on how to cite R or R packages in publications.
Type 'demo()' for some demos, 'help()' for on-line help, or
'help.start()' for an HTML browser interface to help.
Type 'q()' to quit R.
> library(testthat)
> library(plyranges)
Loading required package: BiocGenerics
Attaching package: 'BiocGenerics'
The following objects are masked from 'package:stats':
IQR, mad, sd, var, xtabs
The following objects are masked from 'package:base':
Filter, Find, Map, Position, Reduce, anyDuplicated, aperm, append,
as.data.frame, basename, cbind, colnames, dirname, do.call,
duplicated, eval, evalq, get, grep, grepl, intersect, is.unsorted,
lapply, mapply, match, mget, order, paste, pmax, pmax.int, pmin,
pmin.int, rank, rbind, rownames, sapply, setdiff, sort, table,
tapply, union, unique, unsplit, which.max, which.min
Loading required package: IRanges
Loading required package: S4Vectors
Loading required package: stats4
Attaching package: 'S4Vectors'
The following objects are masked from 'package:base':
I, expand.grid, unname
Loading required package: GenomicRanges
Loading required package: GenomeInfoDb
Attaching package: 'plyranges'
The following object is masked from 'package:IRanges':
slice
The following object is masked from 'package:stats':
filter
>
> test_check("plyranges")
[ FAIL 0 | WARN 8 | SKIP 0 | PASS 390 ]
[ FAIL 0 | WARN 8 | SKIP 0 | PASS 390 ]
>
> proc.time()
user system elapsed
41.117 1.482 42.722
plyranges.Rcheck/plyranges-Ex.timings
| name | user | system | elapsed | |
| add-nearest-distance | 0.344 | 0.008 | 0.352 | |
| as_ranges | 0.741 | 0.004 | 0.747 | |
| compute_coverage | 0.012 | 0.001 | 0.013 | |
| element-setops | 0.104 | 0.003 | 0.107 | |
| filter-ranges | 0.465 | 0.024 | 0.490 | |
| group_by-ranges | 0.264 | 0.015 | 0.279 | |
| io-bam-read | 0.542 | 0.029 | 0.577 | |
| io-bed-read | 2.338 | 0.617 | 2.970 | |
| io-bed-write | 0.000 | 0.001 | 0.000 | |
| io-bigwig-read | 0.106 | 0.002 | 0.109 | |
| io-bigwig-write | 0 | 0 | 0 | |
| io-gff-read | 0.366 | 0.012 | 0.378 | |
| io-gff-write | 0 | 0 | 0 | |
| io-wig-read | 0.335 | 0.011 | 0.347 | |
| mutate-ranges | 0.633 | 0.014 | 0.646 | |
| n | 0.206 | 0.001 | 0.207 | |
| n_distinct | 0.023 | 0.000 | 0.023 | |
| overlap-joins | 0.983 | 0.005 | 0.989 | |
| ranges-anchor | 0.093 | 0.001 | 0.094 | |
| ranges-arrange | 0.046 | 0.000 | 0.048 | |
| ranges-bind | 0.177 | 0.002 | 0.180 | |
| ranges-chop | 0.305 | 0.010 | 0.317 | |
| ranges-construct | 0.091 | 0.005 | 0.097 | |
| ranges-count-overlaps | 0.050 | 0.000 | 0.051 | |
| ranges-disjoin | 0.609 | 0.003 | 0.613 | |
| ranges-expand | 0.420 | 0.004 | 0.424 | |
| ranges-filter-overlaps | 0.075 | 0.001 | 0.077 | |
| ranges-flank | 0.084 | 0.001 | 0.086 | |
| ranges-follow | 0.121 | 0.001 | 0.123 | |
| ranges-info | 0.041 | 0.002 | 0.042 | |
| ranges-interweave | 0.116 | 0.001 | 0.117 | |
| ranges-names | 0.124 | 0.002 | 0.125 | |
| ranges-nearest | 0.401 | 0.003 | 0.404 | |
| ranges-overlaps-self | 0.110 | 0.001 | 0.112 | |
| ranges-overlaps | 0.130 | 0.002 | 0.133 | |
| ranges-pairs | 0.261 | 0.002 | 0.263 | |
| ranges-precede | 0.109 | 0.001 | 0.109 | |
| ranges-reduce | 0.630 | 0.003 | 0.633 | |
| ranges-select | 0.058 | 0.002 | 0.060 | |
| ranges-setops | 0.567 | 0.002 | 0.569 | |
| ranges-shift | 0.142 | 0.001 | 0.143 | |
| ranges-summarise | 0.123 | 0.001 | 0.124 | |
| ranges-tile | 0.075 | 0.001 | 0.076 | |
| slice-ranges | 0.568 | 0.012 | 0.582 | |
| stretch | 0.203 | 0.002 | 0.206 | |