| Back to Multiple platform build/check report for BioC 3.16: simplified long |
|
This page was generated on 2023-04-12 11:05:45 -0400 (Wed, 12 Apr 2023).
| Hostname | OS | Arch (*) | R version | Installed pkgs |
|---|---|---|---|---|
| nebbiolo2 | Linux (Ubuntu 20.04.5 LTS) | x86_64 | 4.2.3 (2023-03-15) -- "Shortstop Beagle" | 4502 |
| palomino4 | Windows Server 2022 Datacenter | x64 | 4.2.3 (2023-03-15 ucrt) -- "Shortstop Beagle" | 4282 |
| lconway | macOS 12.5.1 Monterey | x86_64 | 4.2.3 (2023-03-15) -- "Shortstop Beagle" | 4310 |
| Click on any hostname to see more info about the system (e.g. compilers) (*) as reported by 'uname -p', except on Windows and Mac OS X | ||||
|
To the developers/maintainers of the paxtoolsr package: - Please allow up to 24 hours (and sometimes 48 hours) for your latest push to git@git.bioconductor.org:packages/paxtoolsr.git to reflect on this report. See How and When does the builder pull? When will my changes propagate? for more information. - Make sure to use the following settings in order to reproduce any error or warning you see on this page. |
| Package 1448/2183 | Hostname | OS / Arch | INSTALL | BUILD | CHECK | BUILD BIN | ||||||||
| paxtoolsr 1.32.0 (landing page) Augustin Luna
| nebbiolo2 | Linux (Ubuntu 20.04.5 LTS) / x86_64 | OK | OK | OK | |||||||||
| palomino4 | Windows Server 2022 Datacenter / x64 | OK | OK | ERROR | OK | |||||||||
| lconway | macOS 12.5.1 Monterey / x86_64 | OK | OK | ERROR | OK | |||||||||
| Package: paxtoolsr |
| Version: 1.32.0 |
| Command: F:\biocbuild\bbs-3.16-bioc\R\bin\R.exe CMD check --no-multiarch --install=check:paxtoolsr.install-out.txt --library=F:\biocbuild\bbs-3.16-bioc\R\library --no-vignettes --timings paxtoolsr_1.32.0.tar.gz |
| StartedAt: 2023-04-11 04:22:11 -0400 (Tue, 11 Apr 2023) |
| EndedAt: 2023-04-11 04:24:16 -0400 (Tue, 11 Apr 2023) |
| EllapsedTime: 125.2 seconds |
| RetCode: 1 |
| Status: ERROR |
| CheckDir: paxtoolsr.Rcheck |
| Warnings: NA |
##############################################################################
##############################################################################
###
### Running command:
###
### F:\biocbuild\bbs-3.16-bioc\R\bin\R.exe CMD check --no-multiarch --install=check:paxtoolsr.install-out.txt --library=F:\biocbuild\bbs-3.16-bioc\R\library --no-vignettes --timings paxtoolsr_1.32.0.tar.gz
###
##############################################################################
##############################################################################
* using log directory 'F:/biocbuild/bbs-3.16-bioc/meat/paxtoolsr.Rcheck'
* using R version 4.2.3 (2023-03-15 ucrt)
* using platform: x86_64-w64-mingw32 (64-bit)
* using session charset: UTF-8
* using option '--no-vignettes'
* checking for file 'paxtoolsr/DESCRIPTION' ... OK
* checking extension type ... Package
* this is package 'paxtoolsr' version '1.32.0'
* package encoding: UTF-8
* checking package namespace information ... OK
* checking package dependencies ... OK
* checking if this is a source package ... OK
* checking if there is a namespace ... OK
* checking for hidden files and directories ... OK
* checking for portable file names ... OK
* checking whether package 'paxtoolsr' can be installed ... OK
* checking installed package size ... NOTE
installed size is 32.1Mb
sub-directories of 1Mb or more:
extdata 7.3Mb
java 24.5Mb
* checking package directory ... OK
* checking 'build' directory ... OK
* checking DESCRIPTION meta-information ... OK
* checking top-level files ... OK
* checking for left-over files ... OK
* checking index information ... OK
* checking package subdirectories ... OK
* checking R files for non-ASCII characters ... OK
* checking R files for syntax errors ... OK
* checking whether the package can be loaded ... OK
* checking whether the package can be loaded with stated dependencies ... OK
* checking whether the package can be unloaded cleanly ... OK
* checking whether the namespace can be loaded with stated dependencies ... OK
* checking whether the namespace can be unloaded cleanly ... OK
* checking dependencies in R code ... OK
* checking S3 generic/method consistency ... OK
* checking replacement functions ... OK
* checking foreign function calls ... OK
* checking R code for possible problems ... NOTE
splitSifnxByPathway: no visible global function definition for
'%dopar%'
Undefined global functions or variables:
%dopar%
* checking Rd files ... OK
* checking Rd metadata ... OK
* checking Rd cross-references ... OK
* checking for missing documentation entries ... OK
* checking for code/documentation mismatches ... OK
* checking Rd \usage sections ... OK
* checking Rd contents ... OK
* checking for unstated dependencies in examples ... OK
* checking files in 'vignettes' ... OK
* checking examples ... ERROR
Running examples in 'paxtoolsr-Ex.R' failed
The error most likely occurred in:
> base::assign(".ptime", proc.time(), pos = "CheckExEnv")
> ### Name: toSBGN
> ### Title: Convert a BioPAX OWL file to SBGNML
> ### Aliases: toSBGN
>
> ### ** Examples
>
> outFile <- tempfile()
> results <- toSBGN(system.file("extdata", "biopax3-short-metabolic-pathway.owl",
+ package="paxtoolsr"),
+ outFile)
SBGN-PD Layout is running...
success ratio: 0.8571428571428571
enhanced ratio: 0.8571428571428571
Total execution time: 62 miliseconds.
Error in toSBGN(system.file("extdata", "biopax3-short-metabolic-pathway.owl", :
java.lang.ExceptionInInitializerError
Calls: toSBGN -> .jcheck
Execution halted
* checking for unstated dependencies in 'tests' ... OK
* checking tests ...
Running 'testthat.R'
ERROR
Running the tests in 'tests/testthat.R' failed.
Last 13 lines of output:
[ FAIL 1 | WARN 0 | SKIP 10 | PASS 39 ]
══ Skipped tests ═══════════════════════════════════════════════════════════════
• On Bioconductor (7)
• empty test (3)
══ Failed tests ════════════════════════════════════════════════════════════════
── Error ('test_paxtools.R:73:5'): toSBGN ──────────────────────────────────────
<ExceptionInInitializerError/LinkageError/Error/Throwable/Object/Exception/error/condition>
Error in `toSBGN(system.file("extdata", "biopax3-short-metabolic-pathway.owl",
package = "paxtoolsr"), outFile)`: java.lang.ExceptionInInitializerError
[ FAIL 1 | WARN 0 | SKIP 10 | PASS 39 ]
Error: Test failures
Execution halted
* checking for unstated dependencies in vignettes ... OK
* checking package vignettes in 'inst/doc' ... OK
* checking running R code from vignettes ... SKIPPED
* checking re-building of vignette outputs ... SKIPPED
* checking PDF version of manual ... OK
* DONE
Status: 2 ERRORs, 2 NOTEs
See
'F:/biocbuild/bbs-3.16-bioc/meat/paxtoolsr.Rcheck/00check.log'
for details.
paxtoolsr.Rcheck/00install.out
############################################################################## ############################################################################## ### ### Running command: ### ### F:\biocbuild\bbs-3.16-bioc\R\bin\R.exe CMD INSTALL paxtoolsr ### ############################################################################## ############################################################################## * installing to library 'F:/biocbuild/bbs-3.16-bioc/R/library' * installing *source* package 'paxtoolsr' ... ** using staged installation ** R ** inst ** byte-compile and prepare package for lazy loading ** help *** installing help indices ** building package indices ** installing vignettes ** testing if installed package can be loaded from temporary location ** testing if installed package can be loaded from final location ** testing if installed package keeps a record of temporary installation path * DONE (paxtoolsr)
paxtoolsr.Rcheck/tests/testthat.Rout.fail
R version 4.2.3 (2023-03-15 ucrt) -- "Shortstop Beagle"
Copyright (C) 2023 The R Foundation for Statistical Computing
Platform: x86_64-w64-mingw32/x64 (64-bit)
R is free software and comes with ABSOLUTELY NO WARRANTY.
You are welcome to redistribute it under certain conditions.
Type 'license()' or 'licence()' for distribution details.
R is a collaborative project with many contributors.
Type 'contributors()' for more information and
'citation()' on how to cite R or R packages in publications.
Type 'demo()' for some demos, 'help()' for on-line help, or
'help.start()' for an HTML browser interface to help.
Type 'q()' to quit R.
> library(testthat)
> library(paxtoolsr)
Loading required package: rJava
Loading required package: XML
Consider citing this package: Luna A, et al. PaxtoolsR: pathway analysis in R using Pathway Commons. PMID: 26685306; citation("paxtoolsr")
>
> test_check("paxtoolsr")
URL: http://www.pathwaycommons.org/pc2/get?uri=http%3A%2F%2Fidentifiers.org%2Funiprot%2FQ06609&uri=http%3A%2F%2Fidentifiers.org%2Funiprot%2FQ96EB6&format=BIOPAX
2023-04-11 04:24:00,698 641 [main] INFO org.biopax.paxtools.PaxtoolsMain - Collecting proteins for a pathway, the converter will also consider its sub-pathways, their sub-pathways, etc.
2023-04-11 04:24:00,760 703 [pool-1-thread-1] INFO org.biopax.paxtools.io.gsea.GSEAConverter - Begin converting Glycolysis Pathway pathway, uri=http://www.biopax.org/examples/myExamplePathway50
2023-04-11 04:24:00,760 703 [pool-1-thread-1] INFO org.biopax.paxtools.io.gsea.GSEAConverter - - fetched PRs: 2
2023-04-11 04:24:00,760 703 [pool-1-thread-1] INFO org.biopax.paxtools.io.gsea.GSEAConverter - - grouping the PRs by organism...
2023-04-11 04:24:00,839 782 [pool-1-thread-1] INFO org.biopax.paxtools.io.gsea.GSEAConverter - - creating GSEA/GMT entries...
2023-04-11 04:24:00,839 782 [pool-2-thread-1] INFO org.biopax.paxtools.io.gsea.GSEAConverter - adding uniprot IDs of proteins (PRs) from 'Glycolysis Pathway', amaze;kegg pathway...
2023-04-11 04:24:00,839 782 [pool-1-thread-1] INFO org.biopax.paxtools.io.gsea.GSEAConverter - - collected 1entries.
2023-04-11 04:24:00,839 782 [main] INFO org.biopax.paxtools.io.gsea.GSEAConverter - Creating entries for the rest fo (unused) PRs...
2023-04-11 04:24:01,557 1500 [main] INFO org.biopax.paxtools.client.BiopaxValidatorClient - BioPAX Validator location: http://biopax.baderlab.org/check.html
2023-04-11 04:24:01,917 1860 [main] INFO org.biopax.paxtools.client.BiopaxValidatorClient - BioPAX Validator location: http://biopax.baderlab.org/check.html
2023-04-11 04:24:02,292 2235 [main] INFO org.biopax.paxtools.PaxtoolsMain - Elements in the result model: 240
SBGN-PD Layout is running...
success ratio: 0.8571428571428571
enhanced ratio: 0.8571428571428571
Total execution time: 62 miliseconds.
2023-04-11 04:24:02,948 2891 [main] INFO org.biopax.paxtools.PaxtoolsMain - toSifnx: not blacklisting ubiquitous molecules (no blacklist.txt found)
2023-04-11 04:24:03,589 3532 [main] INFO org.biopax.paxtools.PaxtoolsMain - toSif: not blacklisting ubiquitous molecules (no blacklist.txt found)
2023-04-11 04:24:04,198 4141 [main] INFO org.biopax.paxtools.PaxtoolsMain - toSif: not blacklisting ubiquitous molecules (no blacklist.txt found)
[ FAIL 1 | WARN 0 | SKIP 10 | PASS 39 ]
══ Skipped tests ═══════════════════════════════════════════════════════════════
• On Bioconductor (7)
• empty test (3)
══ Failed tests ════════════════════════════════════════════════════════════════
── Error ('test_paxtools.R:73:5'): toSBGN ──────────────────────────────────────
<ExceptionInInitializerError/LinkageError/Error/Throwable/Object/Exception/error/condition>
Error in `toSBGN(system.file("extdata", "biopax3-short-metabolic-pathway.owl",
package = "paxtoolsr"), outFile)`: java.lang.ExceptionInInitializerError
[ FAIL 1 | WARN 0 | SKIP 10 | PASS 39 ]
Error: Test failures
Execution halted
paxtoolsr.Rcheck/paxtoolsr-Ex.timings
| name | user | system | elapsed | |
| addAttributeList | 0.00 | 0.01 | 0.01 | |
| convertDataFrameListsToVectors | 0 | 0 | 0 | |
| convertSifToGmt | 0.16 | 0.00 | 0.15 | |
| downloadFile | 0.00 | 0.03 | 0.13 | |
| downloadPc2 | 0 | 0 | 0 | |
| downloadSignedPC | 0 | 0 | 0 | |
| fetch | 2.94 | 0.31 | 1.00 | |
| filterSif | 0.57 | 0.10 | 0.20 | |
| getCacheFiles | 0 | 0 | 0 | |
| getErrorMessage | 0 | 0 | 0 | |
| getNeighbors | 1.17 | 0.12 | 0.22 | |
| getPc | 0 | 0 | 0 | |
| getPcDatabaseNames | 0.35 | 0.03 | 1.12 | |
| getPcUrl | 0 | 0 | 0 | |
| getShortestPathSif | 0.04 | 0.00 | 0.06 | |
| getSifInteractionCategories | 0 | 0 | 0 | |
| graphPc | 0 | 0 | 0 | |
| integrateBiopax | 2.57 | 0.19 | 0.71 | |
| loadSifInIgraph | 0.04 | 0.00 | 0.01 | |
| mapValues | 0 | 0 | 0 | |
| mergeBiopax | 1.02 | 0.08 | 0.46 | |
| pcDirections | 0 | 0 | 0 | |
| pcFormats | 0 | 0 | 0 | |
| pcGraphQueries | 0 | 0 | 0 | |
| processPcRequest | 0.00 | 0.00 | 0.03 | |
| readBiopax | 0 | 0 | 0 | |
| readGmt | 0.12 | 0.00 | 0.12 | |
| readPcPathwaysInfo | 40.94 | 2.11 | 43.19 | |
| readSbgn | 0.02 | 0.00 | 0.02 | |
| readSif | 0 | 0 | 0 | |
| readSifnx | 0.03 | 0.00 | 0.06 | |
| searchListOfVectors | 0 | 0 | 0 | |
| searchPc | 0 | 0 | 0 | |
| summarize | 0.12 | 0.01 | 0.08 | |
| summarizeSif | 0.03 | 0.00 | 0.03 | |
| toCytoscape | 0.02 | 0.00 | 0.01 | |
| toGSEA | 0.14 | 0.00 | 0.05 | |
| toLevel3 | 0.22 | 0.02 | 0.06 | |