| Back to Multiple platform build/check report for BioC 3.16: simplified long |
|
This page was generated on 2023-04-12 11:05:13 -0400 (Wed, 12 Apr 2023).
| Hostname | OS | Arch (*) | R version | Installed pkgs |
|---|---|---|---|---|
| nebbiolo2 | Linux (Ubuntu 20.04.5 LTS) | x86_64 | 4.2.3 (2023-03-15) -- "Shortstop Beagle" | 4502 |
| palomino4 | Windows Server 2022 Datacenter | x64 | 4.2.3 (2023-03-15 ucrt) -- "Shortstop Beagle" | 4282 |
| lconway | macOS 12.5.1 Monterey | x86_64 | 4.2.3 (2023-03-15) -- "Shortstop Beagle" | 4310 |
| Click on any hostname to see more info about the system (e.g. compilers) (*) as reported by 'uname -p', except on Windows and Mac OS X | ||||
|
To the developers/maintainers of the oppar package: - Please allow up to 24 hours (and sometimes 48 hours) for your latest push to git@git.bioconductor.org:packages/oppar.git to reflect on this report. See How and When does the builder pull? When will my changes propagate? for more information. - Make sure to use the following settings in order to reproduce any error or warning you see on this page. |
| Package 1407/2183 | Hostname | OS / Arch | INSTALL | BUILD | CHECK | BUILD BIN | ||||||||
| oppar 1.26.0 (landing page) Soroor Hediyeh zadeh
| nebbiolo2 | Linux (Ubuntu 20.04.5 LTS) / x86_64 | OK | OK | WARNINGS | |||||||||
| palomino4 | Windows Server 2022 Datacenter / x64 | OK | OK | WARNINGS | OK | |||||||||
| lconway | macOS 12.5.1 Monterey / x86_64 | OK | OK | WARNINGS | OK | |||||||||
| Package: oppar |
| Version: 1.26.0 |
| Command: /home/biocbuild/bbs-3.16-bioc/R/bin/R CMD check --install=check:oppar.install-out.txt --library=/home/biocbuild/bbs-3.16-bioc/R/site-library --timings oppar_1.26.0.tar.gz |
| StartedAt: 2023-04-10 22:30:49 -0400 (Mon, 10 Apr 2023) |
| EndedAt: 2023-04-10 22:38:28 -0400 (Mon, 10 Apr 2023) |
| EllapsedTime: 459.4 seconds |
| RetCode: 0 |
| Status: WARNINGS |
| CheckDir: oppar.Rcheck |
| Warnings: 1 |
##############################################################################
##############################################################################
###
### Running command:
###
### /home/biocbuild/bbs-3.16-bioc/R/bin/R CMD check --install=check:oppar.install-out.txt --library=/home/biocbuild/bbs-3.16-bioc/R/site-library --timings oppar_1.26.0.tar.gz
###
##############################################################################
##############################################################################
* using log directory ‘/home/biocbuild/bbs-3.16-bioc/meat/oppar.Rcheck’
* using R version 4.2.3 (2023-03-15)
* using platform: x86_64-pc-linux-gnu (64-bit)
* using session charset: UTF-8
* checking for file ‘oppar/DESCRIPTION’ ... OK
* checking extension type ... Package
* this is package ‘oppar’ version ‘1.26.0’
* checking package namespace information ... OK
* checking package dependencies ... OK
* checking if this is a source package ... OK
* checking if there is a namespace ... OK
* checking for hidden files and directories ... OK
* checking for portable file names ... OK
* checking for sufficient/correct file permissions ... OK
* checking whether package ‘oppar’ can be installed ... OK
* checking installed package size ... NOTE
installed size is 5.6Mb
sub-directories of 1Mb or more:
data 5.1Mb
* checking package directory ... OK
* checking ‘build’ directory ... OK
* checking DESCRIPTION meta-information ... OK
* checking top-level files ... OK
* checking for left-over files ... OK
* checking index information ... OK
* checking package subdirectories ... OK
* checking R files for non-ASCII characters ... OK
* checking R files for syntax errors ... OK
* checking whether the package can be loaded ... OK
* checking whether the package can be loaded with stated dependencies ... OK
* checking whether the package can be unloaded cleanly ... OK
* checking whether the namespace can be loaded with stated dependencies ... OK
* checking whether the namespace can be unloaded cleanly ... OK
* checking loading without being on the library search path ... OK
* checking dependencies in R code ... OK
* checking S3 generic/method consistency ... OK
* checking replacement functions ... OK
* checking foreign function calls ... OK
* checking R code for possible problems ... NOTE
compute.gene.density : <anonymous>: no visible global function
definition for ‘ecdf’
compute.geneset.es: no visible global function definition for
‘txtProgressBar’
compute.geneset.es: no visible global function definition for
‘setTxtProgressBar’
ks_test_m: no visible global function definition for
‘setTxtProgressBar’
plage: no visible global function definition for ‘txtProgressBar’
plage : <anonymous>: no visible global function definition for ‘sd’
plage : <anonymous>: no visible global function definition for
‘setTxtProgressBar’
plage: no visible global function definition for ‘setTxtProgressBar’
ssgsea: no visible global function definition for ‘txtProgressBar’
ssgsea : <anonymous>: no visible global function definition for
‘setTxtProgressBar’
ssgsea: no visible global function definition for ‘setTxtProgressBar’
zscore: no visible global function definition for ‘txtProgressBar’
zscore : <anonymous>: no visible global function definition for ‘sd’
zscore : <anonymous>: no visible global function definition for
‘setTxtProgressBar’
zscore: no visible global function definition for ‘setTxtProgressBar’
computeGeneSetsOverlap,list-ExpressionSet : <anonymous>: no visible
global function definition for ‘na.omit’
computeGeneSetsOverlap,list-character : <anonymous>: no visible global
function definition for ‘na.omit’
gsva,ExpressionSet-GeneSetCollection: no visible binding for global
variable ‘sd’
gsva,ExpressionSet-GeneSetCollection : <anonymous>: no visible global
function definition for ‘na.omit’
gsva,ExpressionSet-list: no visible binding for global variable ‘sd’
gsva,ExpressionSet-list : <anonymous>: no visible global function
definition for ‘na.omit’
gsva,matrix-GeneSetCollection: no visible binding for global variable
‘sd’
gsva,matrix-GeneSetCollection : <anonymous>: no visible global function
definition for ‘na.omit’
gsva,matrix-list: no visible binding for global variable ‘sd’
gsva,matrix-list : <anonymous>: no visible global function definition
for ‘na.omit’
opa,matrix: no visible global function definition for ‘relevel’
opa,matrix : <anonymous>: no visible global function definition for
‘mad’
opa,matrix : <anonymous>: no visible global function definition for
‘median’
opa,matrix : <anonymous>: no visible binding for global variable
‘quantile’
opa,matrix : <anonymous>: no visible global function definition for
‘IQR’
show,OPPARList: no visible global function definition for ‘head’
Undefined global functions or variables:
IQR ecdf head mad median na.omit quantile relevel sd
setTxtProgressBar txtProgressBar
Consider adding
importFrom("stats", "IQR", "ecdf", "mad", "median", "na.omit",
"quantile", "relevel", "sd")
importFrom("utils", "head", "setTxtProgressBar", "txtProgressBar")
to your NAMESPACE file.
* checking Rd files ... OK
* checking Rd metadata ... OK
* checking Rd cross-references ... OK
* checking for missing documentation entries ... OK
* checking for code/documentation mismatches ... OK
* checking Rd \usage sections ... OK
* checking Rd contents ... OK
* checking for unstated dependencies in examples ... OK
* checking contents of ‘data’ directory ... OK
* checking data for non-ASCII characters ... OK
* checking LazyData ... WARNING
LazyData DB of 5.1 MB without LazyDataCompression set
See §1.1.6 of 'Writing R Extensions'
* checking data for ASCII and uncompressed saves ... OK
* checking line endings in C/C++/Fortran sources/headers ... OK
* checking compiled code ... NOTE
Note: information on .o files is not available
* checking files in ‘vignettes’ ... OK
* checking examples ... OK
Examples with CPU (user + system) or elapsed time > 5s
user system elapsed
getSampleOutlier 24.899 1.509 31.454
opa 22.304 0.299 31.536
getSubtypeProbes 22.243 0.263 24.242
* checking for unstated dependencies in vignettes ... OK
* checking package vignettes in ‘inst/doc’ ... OK
* checking running R code from vignettes ...
‘oppar.Rmd’ using ‘UTF-8’... OK
NONE
* checking re-building of vignette outputs ... OK
* checking PDF version of manual ... OK
* DONE
Status: 1 WARNING, 3 NOTEs
See
‘/home/biocbuild/bbs-3.16-bioc/meat/oppar.Rcheck/00check.log’
for details.
oppar.Rcheck/00install.out
##############################################################################
##############################################################################
###
### Running command:
###
### /home/biocbuild/bbs-3.16-bioc/R/bin/R CMD INSTALL oppar
###
##############################################################################
##############################################################################
* installing to library ‘/home/biocbuild/bbs-3.16-bioc/R/site-library’
* installing *source* package ‘oppar’ ...
** using staged installation
** libs
gcc -I"/home/biocbuild/bbs-3.16-bioc/R/include" -DNDEBUG -I/usr/local/include -fpic -g -O2 -Wall -c R_init_oppar.c -o R_init_oppar.o
gcc -I"/home/biocbuild/bbs-3.16-bioc/R/include" -DNDEBUG -I/usr/local/include -fpic -g -O2 -Wall -c kernel_estimation.c -o kernel_estimation.o
gcc -I"/home/biocbuild/bbs-3.16-bioc/R/include" -DNDEBUG -I/usr/local/include -fpic -g -O2 -Wall -c ks_test.c -o ks_test.o
ks_test.c: In function ‘ks_sample’:
ks_test.c:22:9: warning: unused variable ‘mx_value’ [-Wunused-variable]
22 | double mx_value = 0.0;
| ^~~~~~~~
gcc -shared -L/home/biocbuild/bbs-3.16-bioc/R/lib -L/usr/local/lib -o oppar.so R_init_oppar.o kernel_estimation.o ks_test.o -L/home/biocbuild/bbs-3.16-bioc/R/lib -lR
installing to /home/biocbuild/bbs-3.16-bioc/R/site-library/00LOCK-oppar/00new/oppar/libs
** R
** data
*** moving datasets to lazyload DB
** inst
** byte-compile and prepare package for lazy loading
** help
*** installing help indices
** building package indices
** installing vignettes
** testing if installed package can be loaded from temporary location
** checking absolute paths in shared objects and dynamic libraries
** testing if installed package can be loaded from final location
** testing if installed package keeps a record of temporary installation path
* DONE (oppar)
oppar.Rcheck/oppar-Ex.timings
| name | user | system | elapsed | |
| getSampleOutlier | 24.899 | 1.509 | 31.454 | |
| getSubtypeProbes | 22.243 | 0.263 | 24.242 | |
| gsva | 0.386 | 0.043 | 0.449 | |
| opa | 22.304 | 0.299 | 31.536 | |