| Back to Multiple platform build/check report for BioC 3.16: simplified long |
|
This page was generated on 2023-04-12 11:05:43 -0400 (Wed, 12 Apr 2023).
| Hostname | OS | Arch (*) | R version | Installed pkgs |
|---|---|---|---|---|
| nebbiolo2 | Linux (Ubuntu 20.04.5 LTS) | x86_64 | 4.2.3 (2023-03-15) -- "Shortstop Beagle" | 4502 |
| palomino4 | Windows Server 2022 Datacenter | x64 | 4.2.3 (2023-03-15 ucrt) -- "Shortstop Beagle" | 4282 |
| lconway | macOS 12.5.1 Monterey | x86_64 | 4.2.3 (2023-03-15) -- "Shortstop Beagle" | 4310 |
| Click on any hostname to see more info about the system (e.g. compilers) (*) as reported by 'uname -p', except on Windows and Mac OS X | ||||
|
To the developers/maintainers of the nethet package: - Please allow up to 24 hours (and sometimes 48 hours) for your latest push to git@git.bioconductor.org:packages/nethet.git to reflect on this report. See How and When does the builder pull? When will my changes propagate? for more information. - Make sure to use the following settings in order to reproduce any error or warning you see on this page. |
| Package 1343/2183 | Hostname | OS / Arch | INSTALL | BUILD | CHECK | BUILD BIN | ||||||||
| nethet 1.30.0 (landing page) Nicolas Staedler
| nebbiolo2 | Linux (Ubuntu 20.04.5 LTS) / x86_64 | OK | OK | WARNINGS | |||||||||
| palomino4 | Windows Server 2022 Datacenter / x64 | OK | OK | WARNINGS | OK | |||||||||
| lconway | macOS 12.5.1 Monterey / x86_64 | OK | OK | WARNINGS | OK | |||||||||
| Package: nethet |
| Version: 1.30.0 |
| Command: F:\biocbuild\bbs-3.16-bioc\R\bin\R.exe CMD check --no-multiarch --install=check:nethet.install-out.txt --library=F:\biocbuild\bbs-3.16-bioc\R\library --no-vignettes --timings nethet_1.30.0.tar.gz |
| StartedAt: 2023-04-11 03:56:37 -0400 (Tue, 11 Apr 2023) |
| EndedAt: 2023-04-11 03:59:55 -0400 (Tue, 11 Apr 2023) |
| EllapsedTime: 197.5 seconds |
| RetCode: 0 |
| Status: WARNINGS |
| CheckDir: nethet.Rcheck |
| Warnings: 1 |
##############################################################################
##############################################################################
###
### Running command:
###
### F:\biocbuild\bbs-3.16-bioc\R\bin\R.exe CMD check --no-multiarch --install=check:nethet.install-out.txt --library=F:\biocbuild\bbs-3.16-bioc\R\library --no-vignettes --timings nethet_1.30.0.tar.gz
###
##############################################################################
##############################################################################
* using log directory 'F:/biocbuild/bbs-3.16-bioc/meat/nethet.Rcheck'
* using R version 4.2.3 (2023-03-15 ucrt)
* using platform: x86_64-w64-mingw32 (64-bit)
* using session charset: UTF-8
* using option '--no-vignettes'
* checking for file 'nethet/DESCRIPTION' ... OK
* checking extension type ... Package
* this is package 'nethet' version '1.30.0'
* checking package namespace information ... OK
* checking package dependencies ... OK
* checking if this is a source package ... OK
* checking if there is a namespace ... OK
* checking for hidden files and directories ... OK
* checking for portable file names ... OK
* checking whether package 'nethet' can be installed ... WARNING
Found the following significant warnings:
Warning: replacing previous import 'mclust::dmvnorm' by 'mvtnorm::dmvnorm' when loading 'nethet'
Warning: replacing previous import 'multtest::update' by 'stats::update' when loading 'nethet'
See 'F:/biocbuild/bbs-3.16-bioc/meat/nethet.Rcheck/00install.out' for details.
* checking installed package size ... OK
* checking package directory ... OK
* checking 'build' directory ... OK
* checking DESCRIPTION meta-information ... OK
* checking top-level files ... OK
* checking for left-over files ... OK
* checking index information ... OK
* checking package subdirectories ... OK
* checking R files for non-ASCII characters ... OK
* checking R files for syntax errors ... OK
* checking whether the package can be loaded ... OK
* checking whether the package can be loaded with stated dependencies ... OK
* checking whether the package can be unloaded cleanly ... OK
* checking whether the namespace can be loaded with stated dependencies ... OK
* checking whether the namespace can be unloaded cleanly ... OK
* checking dependencies in R code ... OK
* checking S3 generic/method consistency ... OK
* checking replacement functions ... OK
* checking foreign function calls ... OK
* checking R code for possible problems ... NOTE
screen_shrink: no visible global function definition for
'performance.pcor'
Undefined global functions or variables:
performance.pcor
* checking Rd files ... OK
* checking Rd metadata ... OK
* checking Rd cross-references ... OK
* checking for missing documentation entries ... OK
* checking for code/documentation mismatches ... OK
* checking Rd \usage sections ... OK
* checking Rd contents ... OK
* checking for unstated dependencies in examples ... OK
* checking line endings in C/C++/Fortran sources/headers ... OK
* checking compiled code ... NOTE
Note: information on .o files for x64 is not available
File 'F:/biocbuild/bbs-3.16-bioc/R/library/nethet/libs/x64/nethet.dll':
Found 'abort', possibly from 'abort' (C), 'runtime' (Fortran)
Compiled code should not call entry points which might terminate R nor
write to stdout/stderr instead of to the console, nor use Fortran I/O
nor system RNGs. The detected symbols are linked into the code but
might come from libraries and not actually be called.
See 'Writing portable packages' in the 'Writing R Extensions' manual.
* checking sizes of PDF files under 'inst/doc' ... OK
* checking files in 'vignettes' ... OK
* checking examples ... OK
Examples with CPU (user + system) or elapsed time > 5s
user system elapsed
het_cv_glasso 32.00 0.00 32.00
ggmgsa_multisplit 19.92 0.05 19.96
mixglasso 12.80 0.20 13.00
diffregr_multisplit 11.06 0.25 11.32
diffnet_multisplit 5.97 0.00 5.97
* checking for unstated dependencies in 'tests' ... OK
* checking tests ...
Running 'testthat.R'
OK
* checking for unstated dependencies in vignettes ... OK
* checking package vignettes in 'inst/doc' ... OK
* checking running R code from vignettes ... SKIPPED
* checking re-building of vignette outputs ... SKIPPED
* checking PDF version of manual ... OK
* DONE
Status: 1 WARNING, 2 NOTEs
See
'F:/biocbuild/bbs-3.16-bioc/meat/nethet.Rcheck/00check.log'
for details.
nethet.Rcheck/00install.out
############################################################################## ############################################################################## ### ### Running command: ### ### F:\biocbuild\bbs-3.16-bioc\R\bin\R.exe CMD INSTALL nethet ### ############################################################################## ############################################################################## * installing to library 'F:/biocbuild/bbs-3.16-bioc/R/library' * installing *source* package 'nethet' ... ** using staged installation ** libs gcc -I"F:/biocbuild/bbs-3.16-bioc/R/include" -DNDEBUG -I"C:/rtools42/x86_64-w64-mingw32.static.posix/include" -O2 -Wall -std=gnu99 -mfpmath=sse -msse2 -mstackrealign -c betamat_diffnet.c -o betamat_diffnet.o gcc -shared -s -static-libgcc -o nethet.dll tmp.def betamat_diffnet.o -LC:/rtools42/x86_64-w64-mingw32.static.posix/lib/x64 -LC:/rtools42/x86_64-w64-mingw32.static.posix/lib -LF:/biocbuild/bbs-3.16-bioc/R/bin/x64 -lR installing to F:/biocbuild/bbs-3.16-bioc/R/library/00LOCK-nethet/00new/nethet/libs/x64 ** R ** inst ** byte-compile and prepare package for lazy loading Warning: replacing previous import 'mclust::dmvnorm' by 'mvtnorm::dmvnorm' when loading 'nethet' Warning: replacing previous import 'multtest::update' by 'stats::update' when loading 'nethet' ** help *** installing help indices ** building package indices ** installing vignettes ** testing if installed package can be loaded from temporary location Warning: replacing previous import 'mclust::dmvnorm' by 'mvtnorm::dmvnorm' when loading 'nethet' Warning: replacing previous import 'multtest::update' by 'stats::update' when loading 'nethet' ** testing if installed package can be loaded from final location Warning: replacing previous import 'mclust::dmvnorm' by 'mvtnorm::dmvnorm' when loading 'nethet' Warning: replacing previous import 'multtest::update' by 'stats::update' when loading 'nethet' ** testing if installed package keeps a record of temporary installation path * DONE (nethet)
nethet.Rcheck/tests/testthat.Rout
R version 4.2.3 (2023-03-15 ucrt) -- "Shortstop Beagle"
Copyright (C) 2023 The R Foundation for Statistical Computing
Platform: x86_64-w64-mingw32/x64 (64-bit)
R is free software and comes with ABSOLUTELY NO WARRANTY.
You are welcome to redistribute it under certain conditions.
Type 'license()' or 'licence()' for distribution details.
R is a collaborative project with many contributors.
Type 'contributors()' for more information and
'citation()' on how to cite R or R packages in publications.
Type 'demo()' for some demos, 'help()' for on-line help, or
'help.start()' for an HTML browser interface to help.
Type 'q()' to quit R.
> library(testthat)
> library(nethet)
Warning messages:
1: replacing previous import 'mclust::dmvnorm' by 'mvtnorm::dmvnorm' when loading 'nethet'
2: replacing previous import 'multtest::update' by 'stats::update' when loading 'nethet'
>
> test_check("nethet")
-mixglasso: comp too small; min(n_k)= 4.853507
-mixglasso: comp too small; min(n_k)= 4.911508
[ FAIL 0 | WARN 0 | SKIP 0 | PASS 18 ]
>
> proc.time()
user system elapsed
7.51 0.46 7.96
nethet.Rcheck/nethet-Ex.timings
| name | user | system | elapsed | |
| aggpval | 0.02 | 0.00 | 0.01 | |
| bwprun_mixglasso | 1.76 | 0.13 | 1.91 | |
| diffnet_multisplit | 5.97 | 0.00 | 5.97 | |
| diffnet_singlesplit | 2.95 | 0.01 | 2.97 | |
| diffregr_multisplit | 11.06 | 0.25 | 11.32 | |
| diffregr_singlesplit | 1.07 | 0.00 | 1.06 | |
| dot_plot | 0.78 | 0.00 | 0.78 | |
| export_network | 0.17 | 0.00 | 0.17 | |
| generate_2networks | 0.05 | 0.00 | 0.05 | |
| generate_inv_cov | 0.12 | 0.06 | 0.19 | |
| ggmgsa_multisplit | 19.92 | 0.05 | 19.96 | |
| gsea.iriz | 0 | 0 | 0 | |
| het_cv_glasso | 32 | 0 | 32 | |
| invcov2parcor | 0 | 0 | 0 | |
| invcov2parcor_array | 0 | 0 | 0 | |
| logratio | 0 | 0 | 0 | |
| mixglasso | 12.8 | 0.2 | 13.0 | |
| plot_2networks | 0.03 | 0.00 | 0.04 | |
| scatter_plot | 1.25 | 0.03 | 1.28 | |
| screen_aic.glasso | 1.11 | 0.00 | 1.11 | |
| screen_bic.glasso | 1.08 | 0.00 | 1.07 | |
| screen_cv.glasso | 2.11 | 0.00 | 2.11 | |
| screen_cv1se.lasso | 0.22 | 0.00 | 0.22 | |
| screen_cvfix.lasso | 0.20 | 0.00 | 0.21 | |
| screen_cvmin.lasso | 0.24 | 0.00 | 0.23 | |
| screen_cvsqrt.lasso | 0.21 | 0.00 | 0.22 | |
| screen_cvtrunc.lasso | 0.21 | 0.00 | 0.20 | |
| sim_mix | 0.00 | 0.02 | 0.02 | |
| sim_mix_networks | 0 | 0 | 0 | |