| Back to Multiple platform build/check report for BioC 3.16: simplified long |
|
This page was generated on 2023-04-12 11:05:40 -0400 (Wed, 12 Apr 2023).
| Hostname | OS | Arch (*) | R version | Installed pkgs |
|---|---|---|---|---|
| nebbiolo2 | Linux (Ubuntu 20.04.5 LTS) | x86_64 | 4.2.3 (2023-03-15) -- "Shortstop Beagle" | 4502 |
| palomino4 | Windows Server 2022 Datacenter | x64 | 4.2.3 (2023-03-15 ucrt) -- "Shortstop Beagle" | 4282 |
| lconway | macOS 12.5.1 Monterey | x86_64 | 4.2.3 (2023-03-15) -- "Shortstop Beagle" | 4310 |
| Click on any hostname to see more info about the system (e.g. compilers) (*) as reported by 'uname -p', except on Windows and Mac OS X | ||||
|
To the developers/maintainers of the methylPipe package: - Please allow up to 24 hours (and sometimes 48 hours) for your latest push to git@git.bioconductor.org:packages/methylPipe.git to reflect on this report. See How and When does the builder pull? When will my changes propagate? for more information. - Make sure to use the following settings in order to reproduce any error or warning you see on this page. |
| Package 1177/2183 | Hostname | OS / Arch | INSTALL | BUILD | CHECK | BUILD BIN | ||||||||
| methylPipe 1.32.0 (landing page) Kamal Kishore
| nebbiolo2 | Linux (Ubuntu 20.04.5 LTS) / x86_64 | OK | OK | WARNINGS | |||||||||
| palomino4 | Windows Server 2022 Datacenter / x64 | OK | OK | WARNINGS | OK | |||||||||
| lconway | macOS 12.5.1 Monterey / x86_64 | OK | OK | WARNINGS | OK | |||||||||
| Package: methylPipe |
| Version: 1.32.0 |
| Command: F:\biocbuild\bbs-3.16-bioc\R\bin\R.exe CMD check --no-multiarch --install=check:methylPipe.install-out.txt --library=F:\biocbuild\bbs-3.16-bioc\R\library --no-vignettes --timings methylPipe_1.32.0.tar.gz |
| StartedAt: 2023-04-11 03:15:20 -0400 (Tue, 11 Apr 2023) |
| EndedAt: 2023-04-11 03:22:05 -0400 (Tue, 11 Apr 2023) |
| EllapsedTime: 405.7 seconds |
| RetCode: 0 |
| Status: WARNINGS |
| CheckDir: methylPipe.Rcheck |
| Warnings: 2 |
##############################################################################
##############################################################################
###
### Running command:
###
### F:\biocbuild\bbs-3.16-bioc\R\bin\R.exe CMD check --no-multiarch --install=check:methylPipe.install-out.txt --library=F:\biocbuild\bbs-3.16-bioc\R\library --no-vignettes --timings methylPipe_1.32.0.tar.gz
###
##############################################################################
##############################################################################
* using log directory 'F:/biocbuild/bbs-3.16-bioc/meat/methylPipe.Rcheck'
* using R version 4.2.3 (2023-03-15 ucrt)
* using platform: x86_64-w64-mingw32 (64-bit)
* using session charset: UTF-8
* using option '--no-vignettes'
* checking for file 'methylPipe/DESCRIPTION' ... OK
* checking extension type ... Package
* this is package 'methylPipe' version '1.32.0'
* checking package namespace information ... OK
* checking package dependencies ... OK
* checking if this is a source package ... OK
* checking if there is a namespace ... OK
* checking for hidden files and directories ... OK
* checking for portable file names ... OK
* checking whether package 'methylPipe' can be installed ... OK
* checking installed package size ... OK
* checking package directory ... OK
* checking 'build' directory ... OK
* checking DESCRIPTION meta-information ... OK
* checking top-level files ... OK
* checking for left-over files ... OK
* checking index information ... OK
* checking package subdirectories ... OK
* checking R files for non-ASCII characters ... OK
* checking R files for syntax errors ... OK
* checking whether the package can be loaded ... OK
* checking whether the package can be loaded with stated dependencies ... OK
* checking whether the package can be unloaded cleanly ... OK
* checking whether the namespace can be loaded with stated dependencies ... OK
* checking whether the namespace can be unloaded cleanly ... OK
* checking dependencies in R code ... OK
* checking S3 generic/method consistency ... OK
* checking replacement functions ... OK
* checking foreign function calls ... OK
* checking R code for possible problems ... NOTE
findPMDs,BSdata : PMDchr: no visible global function definition for
'segmentPMDs'
show,BSdata: no visible global function definition for 'organism'
show,BSdataSet: no visible global function definition for 'organism'
Undefined global functions or variables:
organism segmentPMDs
* checking Rd files ... OK
* checking Rd metadata ... OK
* checking Rd cross-references ... OK
* checking for missing documentation entries ... WARNING
Undocumented S4 methods:
generic '[' and siglist 'BSdataSet,ANY,ANY,ANY'
generic '[' and siglist 'GElist,ANY,ANY,ANY'
generic '[[<-' and siglist 'BSdataSet,ANY,ANY,ANY'
generic '[[<-' and siglist 'GElist,ANY,ANY,ANY'
All user-level objects in a package (including S4 classes and methods)
should have documentation entries.
See chapter 'Writing R documentation files' in the 'Writing R
Extensions' manual.
* checking for code/documentation mismatches ... OK
* checking Rd \usage sections ... OK
* checking Rd contents ... OK
* checking for unstated dependencies in examples ... OK
* checking line endings in C/C++/Fortran sources/headers ... OK
* checking compiled code ... NOTE
Note: information on .o files for x64 is not available
File 'F:/biocbuild/bbs-3.16-bioc/R/library/methylPipe/libs/x64/methylPipe.dll':
Found 'abort', possibly from 'abort' (C), 'runtime' (Fortran)
Compiled code should not call entry points which might terminate R nor
write to stdout/stderr instead of to the console, nor use Fortran I/O
nor system RNGs. The detected symbols are linked into the code but
might come from libraries and not actually be called.
See 'Writing portable packages' in the 'Writing R Extensions' manual.
* checking sizes of PDF files under 'inst/doc' ... OK
* checking files in 'vignettes' ... OK
* checking examples ... WARNING
Found the following significant warnings:
Warning: working directory was changed to 'F:/biocbuild/bbs-3.16-bioc/tmpdir/RtmpgRQC1b', resetting
Examples with CPU (user + system) or elapsed time > 5s
user system elapsed
plotMeth 20.06 0.70 24.81
methstats 0.92 0.05 19.78
findDMR 0.50 0.01 23.93
findPMDs 0.14 0.02 19.43
* checking for unstated dependencies in vignettes ... OK
* checking package vignettes in 'inst/doc' ... OK
* checking running R code from vignettes ... SKIPPED
* checking re-building of vignette outputs ... SKIPPED
* checking PDF version of manual ... OK
* DONE
Status: 2 WARNINGs, 2 NOTEs
See
'F:/biocbuild/bbs-3.16-bioc/meat/methylPipe.Rcheck/00check.log'
for details.
methylPipe.Rcheck/00install.out
############################################################################## ############################################################################## ### ### Running command: ### ### F:\biocbuild\bbs-3.16-bioc\R\bin\R.exe CMD INSTALL methylPipe ### ############################################################################## ############################################################################## * installing to library 'F:/biocbuild/bbs-3.16-bioc/R/library' * installing *source* package 'methylPipe' ... ** using staged installation ** libs gcc -I"F:/biocbuild/bbs-3.16-bioc/R/include" -DNDEBUG -I"C:/rtools42/x86_64-w64-mingw32.static.posix/include" -O2 -Wall -std=gnu99 -mfpmath=sse -msse2 -mstackrealign -c R_init_methylPipe.c -o R_init_methylPipe.o gcc -I"F:/biocbuild/bbs-3.16-bioc/R/include" -DNDEBUG -I"C:/rtools42/x86_64-w64-mingw32.static.posix/include" -O2 -Wall -std=gnu99 -mfpmath=sse -msse2 -mstackrealign -c binning.c -o binning.o gcc -shared -s -static-libgcc -o methylPipe.dll tmp.def R_init_methylPipe.o binning.o -LC:/rtools42/x86_64-w64-mingw32.static.posix/lib/x64 -LC:/rtools42/x86_64-w64-mingw32.static.posix/lib -LF:/biocbuild/bbs-3.16-bioc/R/bin/x64 -lR installing to F:/biocbuild/bbs-3.16-bioc/R/library/00LOCK-methylPipe/00new/methylPipe/libs/x64 ** R ** exec ** inst ** byte-compile and prepare package for lazy loading ** help *** installing help indices ** building package indices ** installing vignettes ** testing if installed package can be loaded from temporary location ** testing if installed package can be loaded from final location ** testing if installed package keeps a record of temporary installation path * DONE (methylPipe)
methylPipe.Rcheck/methylPipe-Ex.timings
| name | user | system | elapsed | |
| BSdata-class | 0.17 | 0.04 | 0.22 | |
| BSdataSet-class | 0.21 | 0.00 | 0.20 | |
| BSprepare | 0 | 0 | 0 | |
| GEcollection-class | 3.67 | 0.05 | 3.72 | |
| GElist-class | 0.04 | 0.00 | 0.03 | |
| chiCombP | 0 | 0 | 0 | |
| consolidateDMRs | 0.2 | 0.0 | 0.2 | |
| extractBinGRanges | 0.03 | 0.00 | 0.03 | |
| findDMR | 0.50 | 0.01 | 23.93 | |
| findPMDs | 0.14 | 0.02 | 19.43 | |
| getCpos | 0.31 | 0.05 | 0.36 | |
| getCposDensity | 0.08 | 0.01 | 0.10 | |
| mCsmoothing | 0.30 | 0.03 | 0.32 | |
| mapBSdata2GRanges | 1.00 | 0.02 | 1.02 | |
| methstats | 0.92 | 0.05 | 19.78 | |
| plotMeth | 20.06 | 0.70 | 24.81 | |
| pool.reads | 0 | 0 | 0 | |
| process.hmc | 0 | 0 | 0 | |
| profileDNAmetBin | 1.29 | 0.04 | 1.32 | |