| Back to Multiple platform build/check report for BioC 3.16: simplified long |
|
This page was generated on 2023-04-12 11:06:14 -0400 (Wed, 12 Apr 2023).
| Hostname | OS | Arch (*) | R version | Installed pkgs |
|---|---|---|---|---|
| nebbiolo2 | Linux (Ubuntu 20.04.5 LTS) | x86_64 | 4.2.3 (2023-03-15) -- "Shortstop Beagle" | 4502 |
| palomino4 | Windows Server 2022 Datacenter | x64 | 4.2.3 (2023-03-15 ucrt) -- "Shortstop Beagle" | 4282 |
| lconway | macOS 12.5.1 Monterey | x86_64 | 4.2.3 (2023-03-15) -- "Shortstop Beagle" | 4310 |
| Click on any hostname to see more info about the system (e.g. compilers) (*) as reported by 'uname -p', except on Windows and Mac OS X | ||||
|
To the developers/maintainers of the metaseqR2 package: - Please allow up to 24 hours (and sometimes 48 hours) for your latest push to git@git.bioconductor.org:packages/metaseqR2.git to reflect on this report. See How and When does the builder pull? When will my changes propagate? for more information. - Make sure to use the following settings in order to reproduce any error or warning you see on this page. |
| Package 1158/2183 | Hostname | OS / Arch | INSTALL | BUILD | CHECK | BUILD BIN | ||||||||
| metaseqR2 1.10.0 (landing page) Panagiotis Moulos
| nebbiolo2 | Linux (Ubuntu 20.04.5 LTS) / x86_64 | OK | OK | WARNINGS | |||||||||
| palomino4 | Windows Server 2022 Datacenter / x64 | OK | OK | WARNINGS | OK | |||||||||
| lconway | macOS 12.5.1 Monterey / x86_64 | OK | OK | WARNINGS | OK | |||||||||
| Package: metaseqR2 |
| Version: 1.10.0 |
| Command: /Library/Frameworks/R.framework/Resources/bin/R CMD check --install=check:metaseqR2.install-out.txt --library=/Library/Frameworks/R.framework/Resources/library --no-vignettes --timings metaseqR2_1.10.0.tar.gz |
| StartedAt: 2023-04-10 21:07:00 -0400 (Mon, 10 Apr 2023) |
| EndedAt: 2023-04-10 21:14:50 -0400 (Mon, 10 Apr 2023) |
| EllapsedTime: 469.5 seconds |
| RetCode: 0 |
| Status: WARNINGS |
| CheckDir: metaseqR2.Rcheck |
| Warnings: 1 |
##############################################################################
##############################################################################
###
### Running command:
###
### /Library/Frameworks/R.framework/Resources/bin/R CMD check --install=check:metaseqR2.install-out.txt --library=/Library/Frameworks/R.framework/Resources/library --no-vignettes --timings metaseqR2_1.10.0.tar.gz
###
##############################################################################
##############################################################################
* using log directory ‘/Users/biocbuild/bbs-3.16-bioc/meat/metaseqR2.Rcheck’
* using R version 4.2.3 (2023-03-15)
* using platform: x86_64-apple-darwin17.0 (64-bit)
* using session charset: UTF-8
* using option ‘--no-vignettes’
* checking for file ‘metaseqR2/DESCRIPTION’ ... OK
* checking extension type ... Package
* this is package ‘metaseqR2’ version ‘1.10.0’
* package encoding: UTF-8
* checking package namespace information ... OK
* checking package dependencies ... OK
* checking if this is a source package ... OK
* checking if there is a namespace ... OK
* checking for hidden files and directories ... OK
* checking for portable file names ... OK
* checking for sufficient/correct file permissions ... OK
* checking whether package ‘metaseqR2’ can be installed ... WARNING
Found the following significant warnings:
Warning: replacing previous import ‘GenomicRanges::subtract’ by ‘magrittr::subtract’ when loading ‘metaseqR2’
See ‘/Users/biocbuild/bbs-3.16-bioc/meat/metaseqR2.Rcheck/00install.out’ for details.
* checking installed package size ... OK
* checking package directory ... OK
* checking ‘build’ directory ... OK
* checking DESCRIPTION meta-information ... OK
* checking top-level files ... OK
* checking for left-over files ... OK
* checking index information ... OK
* checking package subdirectories ... OK
* checking R files for non-ASCII characters ... OK
* checking R files for syntax errors ... OK
* checking whether the package can be loaded ... OK
* checking whether the package can be loaded with stated dependencies ... OK
* checking whether the package can be unloaded cleanly ... OK
* checking whether the namespace can be loaded with stated dependencies ... OK
* checking whether the namespace can be unloaded cleanly ... OK
* checking dependencies in R code ... OK
* checking S3 generic/method consistency ... OK
* checking replacement functions ... OK
* checking foreign function calls ... OK
* checking R code for possible problems ... OK
* checking Rd files ... OK
* checking Rd metadata ... OK
* checking Rd cross-references ... OK
* checking for missing documentation entries ... OK
* checking for code/documentation mismatches ... OK
* checking Rd \usage sections ... OK
* checking Rd contents ... OK
* checking for unstated dependencies in examples ... OK
* checking contents of ‘data’ directory ... OK
* checking data for non-ASCII characters ... OK
* checking data for ASCII and uncompressed saves ... OK
* checking line endings in C/C++/Fortran sources/headers ... OK
* checking compiled code ... NOTE
Note: information on .o files is not available
* checking files in ‘vignettes’ ... OK
* checking examples ... OK
Examples with CPU (user + system) or elapsed time > 5s
user system elapsed
read2count 6.605 1.123 28.860
statNoiseq 5.795 0.073 5.881
metaseqr2 3.843 0.476 7.940
getAnnotation 0.846 0.043 9.063
* checking for unstated dependencies in ‘tests’ ... OK
* checking tests ...
Running ‘runTests.R’
OK
* checking for unstated dependencies in vignettes ... OK
* checking package vignettes in ‘inst/doc’ ... OK
* checking running R code from vignettes ... SKIPPED
* checking re-building of vignette outputs ... SKIPPED
* checking PDF version of manual ... OK
* DONE
Status: 1 WARNING, 1 NOTE
See
‘/Users/biocbuild/bbs-3.16-bioc/meat/metaseqR2.Rcheck/00check.log’
for details.
metaseqR2.Rcheck/00install.out
##############################################################################
##############################################################################
###
### Running command:
###
### /Library/Frameworks/R.framework/Resources/bin/R CMD INSTALL metaseqR2
###
##############################################################################
##############################################################################
* installing to library ‘/Library/Frameworks/R.framework/Versions/4.2/Resources/library’
* installing *source* package ‘metaseqR2’ ...
** using staged installation
** libs
clang -mmacosx-version-min=10.13 -I"/Library/Frameworks/R.framework/Resources/include" -DNDEBUG -I/usr/local/include -fPIC -Wall -g -O2 -c pval.c -o pval.o
pval.c:26:11: warning: unused variable 'esttotalperlength' [-Wunused-variable]
double esttotalperlength = total/2;
^
1 warning generated.
clang -mmacosx-version-min=10.13 -dynamiclib -Wl,-headerpad_max_install_names -undefined dynamic_lookup -single_module -multiply_defined suppress -L/Library/Frameworks/R.framework/Resources/lib -L/usr/local/lib -o metaseqR2.so pval.o -F/Library/Frameworks/R.framework/.. -framework R -Wl,-framework -Wl,CoreFoundation
installing to /Library/Frameworks/R.framework/Versions/4.2/Resources/library/00LOCK-metaseqR2/00new/metaseqR2/libs
** R
** data
** inst
** byte-compile and prepare package for lazy loading
Warning: replacing previous import ‘GenomicRanges::subtract’ by ‘magrittr::subtract’ when loading ‘metaseqR2’
** help
*** installing help indices
** building package indices
** installing vignettes
** testing if installed package can be loaded from temporary location
Warning: replacing previous import ‘GenomicRanges::subtract’ by ‘magrittr::subtract’ when loading ‘metaseqR2’
** checking absolute paths in shared objects and dynamic libraries
** testing if installed package can be loaded from final location
Warning: replacing previous import ‘GenomicRanges::subtract’ by ‘magrittr::subtract’ when loading ‘metaseqR2’
** testing if installed package keeps a record of temporary installation path
* DONE (metaseqR2)
metaseqR2.Rcheck/tests/runTests.Rout
R version 4.2.3 (2023-03-15) -- "Shortstop Beagle"
Copyright (C) 2023 The R Foundation for Statistical Computing
Platform: x86_64-apple-darwin17.0 (64-bit)
R is free software and comes with ABSOLUTELY NO WARRANTY.
You are welcome to redistribute it under certain conditions.
Type 'license()' or 'licence()' for distribution details.
R is a collaborative project with many contributors.
Type 'contributors()' for more information and
'citation()' on how to cite R or R packages in publications.
Type 'demo()' for some demos, 'help()' for on-line help, or
'help.start()' for an HTML browser interface to help.
Type 'q()' to quit R.
> BiocGenerics:::testPackage("metaseqR2")
Attaching package: 'BiocGenerics'
The following objects are masked from 'package:stats':
IQR, mad, sd, var, xtabs
The following objects are masked from 'package:base':
Filter, Find, Map, Position, Reduce, anyDuplicated, aperm, append,
as.data.frame, basename, cbind, colnames, dirname, do.call,
duplicated, eval, evalq, get, grep, grepl, intersect, is.unsorted,
lapply, mapply, match, mget, order, paste, pmax, pmax.int, pmin,
pmin.int, rank, rbind, rownames, sapply, setdiff, sort, table,
tapply, union, unique, unsplit, which.max, which.min
Attaching package: 'S4Vectors'
The following objects are masked from 'package:base':
I, expand.grid, unname
Attaching package: 'MatrixGenerics'
The following objects are masked from 'package:matrixStats':
colAlls, colAnyNAs, colAnys, colAvgsPerRowSet, colCollapse,
colCounts, colCummaxs, colCummins, colCumprods, colCumsums,
colDiffs, colIQRDiffs, colIQRs, colLogSumExps, colMadDiffs,
colMads, colMaxs, colMeans2, colMedians, colMins, colOrderStats,
colProds, colQuantiles, colRanges, colRanks, colSdDiffs, colSds,
colSums2, colTabulates, colVarDiffs, colVars, colWeightedMads,
colWeightedMeans, colWeightedMedians, colWeightedSds,
colWeightedVars, rowAlls, rowAnyNAs, rowAnys, rowAvgsPerColSet,
rowCollapse, rowCounts, rowCummaxs, rowCummins, rowCumprods,
rowCumsums, rowDiffs, rowIQRDiffs, rowIQRs, rowLogSumExps,
rowMadDiffs, rowMads, rowMaxs, rowMeans2, rowMedians, rowMins,
rowOrderStats, rowProds, rowQuantiles, rowRanges, rowRanks,
rowSdDiffs, rowSds, rowSums2, rowTabulates, rowVarDiffs, rowVars,
rowWeightedMads, rowWeightedMeans, rowWeightedMedians,
rowWeightedSds, rowWeightedVars
Welcome to Bioconductor
Vignettes contain introductory material; view with
'browseVignettes()'. To cite Bioconductor, see
'citation("Biobase")', and for packages 'citation("pkgname")'.
Attaching package: 'Biobase'
The following object is masked from 'package:MatrixGenerics':
rowMedians
The following objects are masked from 'package:matrixStats':
anyMissing, rowMedians
Attaching package: 'limma'
The following object is masked from 'package:DESeq2':
plotMA
The following object is masked from 'package:BiocGenerics':
plotMA
locfit 1.5-9.7 2023-01-02
Attaching package: 'metaseqR2'
The following object is masked from 'package:limma':
readTargets
Downsampling counts...
Estimating initial dispersion population...
Estimating dispersions using log-likelihood...
Running simulations... This procedure requires time... Please wait...Using Ensembl host https://nov2020.archive.ensembl.org
2023-04-10 21:14:30: Data processing started...
Read counts file: imported custom data frame
Conditions: G1, G2
Samples to include: G1_rep1, G1_rep2, G1_rep3, G2_rep1, G2_rep2, G2_rep3
Samples to exclude: none
Requested contrasts: G1_vs_G2
Annotation: embedded
Organism: mm10
Reference source: ensembl
Count type: gene
Analysis preset: all_basic
Transcriptional level: gene
Exon filters: none applied
Gene filters: none applied
Filter application: postnorm
Normalization algorithm: edaseq
Normalization arguments:
within.which: loess
between.which: full
Statistical algorithm(s): edger, limma
Statistical arguments:
edger: classic, 5, 10, movingave, NULL, grid, 11, c(-6, 6), NULL, CoxReid, 10000, NULL, auto, NULL, NULL, NULL, NULL, 0.125, NULL, auto, chisq, TRUE, FALSE, c(0.05, 0.1)
limma: none
Meta-analysis method: simes
Multiple testing correction: BH
Logarithmic transformation offset: 1
Analysis preset: all_basic
Quality control plots:
Figure format: png
Output directory: /tmp/RtmpbNr0ar
Output data: annotation, p_value, adj_p_value, meta_p_value, adj_meta_p_value, fold_change
Output scale(s): natural, log2
Output values: normalized
Loading gene annotation...
Saving gene model to /tmp/RtmpbNr0ar/data/gene_model.RData
Removing genes with zero counts in all samples...
Normalizing with: edaseq
Running statistical tests with: edger
Contrast: G1_vs_G2
Running statistical tests with: limma
Contrast: G1_vs_G2
Performing meta-analysis with simes
Building output files...
Contrast: G1_vs_G2
Adding non-filtered data...
binding annotation...
binding p-values...
binding FDRs...
binding meta p-values...
binding adjusted meta p-values...
binding natural normalized fold changes...
binding log2 normalized fold changes...
Writing output...
2023-04-10 21:14:31: Data processing finished!
Total processing time: 00 seconds
Estimating AUFC weights... Please wait...
Processing edger
Processing limma
Retrieving edger
Retrieving limma
2023-04-10 21:14:32: Data processing started...
Read counts file: imported custom data frame
Conditions: e14.5, adult_8_weeks
Samples to include: e14.5_1, e14.5_2, a8w_1, a8w_2
Samples to exclude: none
Requested contrasts: adult_8_weeks_vs_e14.5
Library sizes:
e14.5_1: 3102907
e14.5_2: 2067905
a8w_1: 3742059
a8w_2: 4403954
Annotation: embedded
Organism: mm9
Reference source: ensembl
Count type: gene
Analysis preset: medium_basic
Transcriptional level: gene
Exon filters: minActiveExons
minActiveExons:
exonsPerGene: 5
minExons: 2
frac: 0.2
Gene filters: length, avgReads, expression, biotype
length:
length: 500
avgReads:
averagePerBp: 100
quantile: 0.25
expression:
median: TRUE
mean: FALSE
quantile: NA
known: NA
custom: NA
biotype:
pseudogene: FALSE
snRNA: FALSE
protein_coding: FALSE
antisense: FALSE
miRNA: FALSE
lincRNA: FALSE
snoRNA: FALSE
processed_transcript: FALSE
misc_RNA: FALSE
rRNA: TRUE
sense_overlapping: FALSE
sense_intronic: FALSE
polymorphic_pseudogene: FALSE
non_coding: FALSE
three_prime_overlapping_ncrna: FALSE
IG_C_gene: FALSE
IG_J_gene: FALSE
IG_D_gene: FALSE
IG_V_gene: FALSE
ncrna_host: FALSE
Filter application: postnorm
Normalization algorithm: edger
Normalization arguments:
method: TMM
logratioTrim: 0.3
sumTrim: 0.05
doWeighting: TRUE
Acutoff: -1e+10
p: 0.75
Statistical algorithm(s): edger, limma
Statistical arguments:
edger: classic, 5, 10, movingave, NULL, grid, 11, c(-6, 6), NULL, CoxReid, 10000, NULL, auto, NULL, NULL, NULL, NULL, 0.125, NULL, auto, chisq, TRUE, FALSE, c(0.05, 0.1)
limma: none
Meta-analysis method: simes
Multiple testing correction: BH
p-value threshold: 0.05
Logarithmic transformation offset: 1
Analysis preset: medium_basic
Quality control plots: mds
Figure format: png
Output directory: /tmp/RtmpbNr0ar
Output data: annotation, p_value, adj_p_value, meta_p_value, adj_meta_p_value, fold_change
Output scale(s): natural, log2
Output values: normalized
Loading gene annotation...
Saving gene model to /tmp/RtmpbNr0ar/data/gene_model.RData
Removing genes with zero counts in all samples...
Normalizing with: edger
Applying gene filter length...
Threshold below which ignored: 500
Applying gene filter avgReads...
Threshold below which ignored: 0.0659629215631332
Applying gene filter expression...
Threshold below which ignored: 68
Applying gene filter biotype...
Biotypes ignored: rRNA
2106 genes filtered out
1681 genes remain after filtering
Running statistical tests with: edger
Contrast: adult_8_weeks_vs_e14.5
Contrast adult_8_weeks_vs_e14.5: found 906 genes
Running statistical tests with: limma
Contrast: adult_8_weeks_vs_e14.5
Contrast adult_8_weeks_vs_e14.5: found 911 genes
Performing meta-analysis with simes
Building output files...
Contrast: adult_8_weeks_vs_e14.5
Adding non-filtered data...
binding annotation...
binding p-values...
binding FDRs...
binding meta p-values...
binding adjusted meta p-values...
binding natural normalized fold changes...
binding log2 normalized fold changes...
Writing output...
Adding filtered data...
binding annotation...
binding p-values...
binding FDRs...
binding meta p-values...
binding adjusted meta p-values...
binding natural normalized fold changes...
binding log2 normalized fold changes...
Writing output...
Adding report data...
binding annotation...
binding meta p-values...
binding adjusted meta p-values...
binding log2 normalized fold changes...
binding normalized mean counts...
binding normalized mean counts...
Creating quality control graphs...
Plotting in png format...
Plotting mds...
Importing mds...
Writing plot database in /tmp/RtmpbNr0ar/data/reportdb.js
Creating HTML report...
Compressing figures... adding: tmp/RtmpbNr0ar/plots/qc/mds.png (deflated 52%)
Downloading required JavaScript libraries...trying URL 'https://raw.github.com/HubSpot/pace/v1.0.0/pace.min.js'
Content type 'text/plain; charset=utf-8' length 12363 bytes (12 KB)
==================================================
downloaded 12 KB
trying URL 'https://code.highcharts.com/highcharts.js'
downloaded 296 KB
trying URL 'https://code.highcharts.com/highcharts-more.js'
downloaded 103 KB
trying URL 'https://code.highcharts.com/modules/exporting.js'
downloaded 19 KB
trying URL 'https://code.highcharts.com/modules/offline-exporting.js'
downloaded 9627 bytes
trying URL 'https://code.highcharts.com/modules/export-data.js'
downloaded 12 KB
trying URL 'http://jvenn.toulouse.inra.fr/app/js/canvas2svg.js'
Content type 'text/javascript' length 35122 bytes (34 KB)
==================================================
downloaded 34 KB
trying URL 'http://jvenn.toulouse.inra.fr/app/js/jvenn.min.js'
Content type 'text/javascript' length 100524 bytes (98 KB)
==================================================
downloaded 98 KB
trying URL 'https://unpkg.com/dexie@2.0.4/dist/dexie.min.js'
downloaded 55 KB
processing file: metaseqr2_report.Rmd
output file: metaseqr2_report.knit.md
/usr/local/bin/pandoc +RTS -K512m -RTS metaseqr2_report.knit.md --to html4 --from markdown+autolink_bare_uris+tex_math_single_backslash --output /private/tmp/RtmpbNr0ar/index.html --lua-filter /Library/Frameworks/R.framework/Versions/4.2/Resources/library/rmarkdown/rmarkdown/lua/pagebreak.lua --lua-filter /Library/Frameworks/R.framework/Versions/4.2/Resources/library/rmarkdown/rmarkdown/lua/latex-div.lua +RTS -K2048m -RTS --variable 'material:true' --variable 'lightbox:true' --variable 'thumbnails:true' --variable 'gallery:true' --variable 'cards:true' --variable bs3=TRUE --standalone --section-divs --table-of-contents --toc-depth 1 --template /Library/Frameworks/R.framework/Versions/4.2/Resources/library/rmdformats/templates/material/material.html --highlight-style kate --variable theme=bootstrap --include-in-header /tmp/RtmpbNr0ar/rmarkdown-stre26518d29612.html
Output created: /private/tmp/RtmpbNr0ar/index.html
2023-04-10 21:14:38: Data processing finished!
Total processing time: 05 seconds
RUNIT TEST PROTOCOL -- Mon Apr 10 21:14:38 2023
***********************************************
Number of test functions: 2
Number of errors: 0
Number of failures: 0
1 Test Suite :
metaseqR2 RUnit Tests - 2 test functions, 0 errors, 0 failures
Number of test functions: 2
Number of errors: 0
Number of failures: 0
There were 50 or more warnings (use warnings() to see the first 50)
>
> proc.time()
user system elapsed
24.867 1.759 31.359
metaseqR2.Rcheck/metaseqR2-Ex.timings
| name | user | system | elapsed | |
| buildAnnotationDatabase | 0.000 | 0.000 | 0.001 | |
| buildCustomAnnotation | 4.008 | 0.136 | 4.162 | |
| combineBonferroni | 0.000 | 0.000 | 0.001 | |
| combineHarmonic | 0.001 | 0.001 | 0.002 | |
| combineMaxp | 0 | 0 | 0 | |
| combineMinp | 0.000 | 0.000 | 0.001 | |
| combineSimes | 0.001 | 0.000 | 0.001 | |
| combineWeight | 0.001 | 0.000 | 0.000 | |
| createSignalTracks | 0.931 | 0.097 | 1.048 | |
| diagplotAvgFtd | 0.039 | 0.004 | 0.043 | |
| diagplotBoxplot | 0.576 | 0.024 | 0.600 | |
| diagplotCor | 0.127 | 0.027 | 0.154 | |
| diagplotDeHeatmap | 0.675 | 0.036 | 0.713 | |
| diagplotEdaseq | 0.307 | 0.045 | 0.351 | |
| diagplotFiltered | 0.024 | 0.009 | 0.033 | |
| diagplotFtd | 0.013 | 0.007 | 0.022 | |
| diagplotMds | 0.204 | 0.019 | 0.225 | |
| diagplotNoiseq | 0.389 | 0.048 | 0.439 | |
| diagplotPairs | 0.460 | 0.056 | 0.517 | |
| diagplotRoc | 0.016 | 0.007 | 0.022 | |
| diagplotVenn | 0.138 | 0.012 | 0.152 | |
| diagplotVolcano | 1.160 | 0.055 | 1.218 | |
| downsampleCounts | 0.206 | 0.010 | 0.218 | |
| estimateAufcWeights | 1.931 | 0.143 | 2.165 | |
| estimateSimParams | 0.573 | 0.028 | 0.618 | |
| getAnnotation | 0.846 | 0.043 | 9.063 | |
| getDefaults | 0 | 0 | 0 | |
| getInstalledAnnotations | 0.001 | 0.001 | 0.001 | |
| getWeights | 0 | 0 | 0 | |
| importCustomAnnotation | 0.724 | 0.006 | 0.730 | |
| loadAnnotation | 0.001 | 0.001 | 0.001 | |
| makeSimDataSd | 0.631 | 0.024 | 0.688 | |
| makeSimDataTcc | 1.734 | 0.025 | 1.763 | |
| metaTest | 0.007 | 0.007 | 0.023 | |
| metaseqr2 | 3.843 | 0.476 | 7.940 | |
| metaseqrPlot | 0.499 | 0.025 | 0.526 | |
| normalizeAbsseq | 0.583 | 0.053 | 0.638 | |
| normalizeDeseq | 0.131 | 0.016 | 0.147 | |
| normalizeDeseq2 | 0.569 | 0.017 | 0.587 | |
| normalizeDss | 0.216 | 0.022 | 0.238 | |
| normalizeEdaseq | 0.305 | 0.017 | 0.322 | |
| normalizeEdger | 0.080 | 0.014 | 0.093 | |
| normalizeNbpseq | 0.080 | 0.018 | 0.099 | |
| normalizeNoiseq | 0.163 | 0.043 | 0.206 | |
| read2count | 6.605 | 1.123 | 28.860 | |
| readTargets | 0.023 | 0.003 | 0.026 | |
| statAbsseq | 1.154 | 0.104 | 1.263 | |
| statBayseq | 0.477 | 0.010 | 0.490 | |
| statDeseq | 0.867 | 0.021 | 0.890 | |
| statDeseq2 | 3.333 | 0.089 | 3.429 | |
| statDss | 0.572 | 0.010 | 0.582 | |
| statEdger | 0.444 | 0.029 | 0.473 | |
| statLimma | 0.197 | 0.006 | 0.203 | |
| statNbpseq | 0.807 | 0.024 | 0.835 | |
| statNoiseq | 5.795 | 0.073 | 5.881 | |